{"id":649,"date":"2013-02-04T14:53:46","date_gmt":"2013-02-04T13:53:46","guid":{"rendered":"http:\/\/recarprofi.cz\/?page_id=649"},"modified":"2024-04-10T14:31:57","modified_gmt":"2024-04-10T12:31:57","slug":"c12000","status":"publish","type":"page","link":"https:\/\/recarprofi.cz\/uvod\/manipulacni-technika\/ctyrcestne-vysokozdvizne-voziky-combilift\/c12000\/","title":{"rendered":"\u010cty\u0159cestn\u00e9 vysokozdvi\u017en\u00e9 voz\u00edky Combilift C12.000"},"content":{"rendered":"\t\t<div data-elementor-type=\"wp-page\" data-elementor-id=\"649\" class=\"elementor elementor-649\">\n\t\t\t\t\t\t<section class=\"elementor-section elementor-top-section elementor-element elementor-element-49424d54 elementor-section-boxed elementor-section-height-default elementor-section-height-default\" data-id=\"49424d54\" data-element_type=\"section\" data-e-type=\"section\">\n\t\t\t\t\t\t<div class=\"elementor-container elementor-column-gap-default\">\n\t\t\t\t\t<div class=\"elementor-column elementor-col-100 elementor-top-column elementor-element elementor-element-76376d3a\" data-id=\"76376d3a\" data-element_type=\"column\" data-e-type=\"column\">\n\t\t\t<div class=\"elementor-widget-wrap elementor-element-populated\">\n\t\t\t\t\t\t<div class=\"elementor-element elementor-element-34775aa3 elementor-widget elementor-widget-text-editor\" data-id=\"34775aa3\" data-element_type=\"widget\" data-e-type=\"widget\" data-widget_type=\"text-editor.default\">\n\t\t\t\t<div class=\"elementor-widget-container\">\n\t\t\t\t\t\t\t\t\t<h4 dir=\"ltr\" data-placeholder=\"P\u0159eklad\"><a href=\"https:\/\/recarprofi.cz\/wp-content\/uploads\/2018\/08\/combilift-c120001.jpg\"><img fetchpriority=\"high\" decoding=\"async\" class=\"aligncenter wp-image-10972 size-full\" src=\"https:\/\/recarprofi.cz\/wp-content\/uploads\/2018\/08\/combilift-c120001.jpg\" alt=\"\" width=\"1024\" height=\"768\" srcset=\"https:\/\/recarprofi.cz\/wp-content\/uploads\/2018\/08\/combilift-c120001.jpg 1024w, https:\/\/recarprofi.cz\/wp-content\/uploads\/2018\/08\/combilift-c120001-600x450.jpg 600w, https:\/\/recarprofi.cz\/wp-content\/uploads\/2018\/08\/combilift-c120001-420x315.jpg 420w, https:\/\/recarprofi.cz\/wp-content\/uploads\/2018\/08\/combilift-c120001-744x558.jpg 744w, https:\/\/recarprofi.cz\/wp-content\/uploads\/2018\/08\/combilift-c120001-768x576.jpg 768w\" sizes=\"(max-width: 1024px) 100vw, 1024px\" \/><\/a><\/h4><h4 id=\"tw-target-text\" class=\"tw-data-text tw-ta tw-text-small\" dir=\"ltr\" data-placeholder=\"P\u0159eklad\"><span lang=\"cs\">\u010cty\u0159cestn\u00e9 vysokozdvi\u017en\u00e9 voz\u00edky ur\u010den\u00fd pro bezpe\u010dnou <\/span><span lang=\"cs\">manipulaci s n\u00e1kladem, <\/span><span lang=\"cs\">\u00a0<\/span><span lang=\"cs\">\u00fasporu m\u00edsta a produktivn\u00ed <\/span><span lang=\"cs\">manipulaci s dlouh\u00fdmi a objemn\u00fdmi materi\u00e1ly. <\/span>Voz\u00edky maj\u00ed hydrostatick\u00fd pohon na v\u0161echny kola, pohybuji se \u010dtyrmi sm\u011bry a m\u00e1ji posuv zvedac\u00edho za\u0159\u00edzen\u00ed do boku.<\/h4><p><span style=\"color: #993366;\"><strong>Parametry:<\/strong><\/span><\/p><table border=\"1\" cellspacing=\"0\" cellpadding=\"0\"><tbody><tr><td valign=\"top\"><span style=\"color: #993366;\"><strong><em>Typ voz\u00edku<\/em><\/strong><\/span><\/td><td valign=\"top\">\u00a0<\/td><td valign=\"top\"><span style=\"color: #993366;\"><strong><em>C12.000<\/em><\/strong><\/span><\/td><\/tr><tr><td valign=\"top\"><strong><em>Pohon<\/em><\/strong><\/td><td valign=\"top\">\u00a0<\/td><td valign=\"top\">Diesel\/LPG<\/td><\/tr><tr><td valign=\"top\"><strong><em>Nosnost<\/em><\/strong><\/td><td valign=\"top\">\u00a0<\/td><td valign=\"top\">12.000 kg<\/td><\/tr><tr><td valign=\"top\"><strong><em>Vylo\u017een\u00ed t\u011b\u017ei\u0161t\u011b<\/em><\/strong><\/td><td valign=\"top\">\u00a0<\/td><td valign=\"top\">600 mm<\/td><\/tr><tr><td valign=\"top\"><strong><em>Vlastn\u00ed hmotnost<\/em><\/strong><\/td><td valign=\"top\">\u00a0<\/td><td valign=\"top\">14800 kg<\/td><\/tr><tr><td valign=\"top\"><strong><em>Pneumatiky p\u0159edn\u00ed<\/em><\/strong><\/td><td valign=\"top\">\u00a0<\/td><td valign=\"top\">400\/65-15<\/td><\/tr><tr><td valign=\"top\"><strong><em>Pneumatiky zadn\u00ed<\/em><\/strong><\/td><td valign=\"top\">\u00a0<\/td><td valign=\"top\">465\/55-20<\/td><\/tr><tr><td valign=\"top\"><strong><em>Rychlost pojezdu<\/em><\/strong><\/td><td valign=\"top\">\u00a0<\/td><td valign=\"top\">19 km\/h<\/td><\/tr><tr><td valign=\"top\"><strong><em>Motor pojezdu<\/em><\/strong><\/td><td valign=\"top\">\u00a0<\/td><td valign=\"top\">Kubota\/GM LPG<\/td><\/tr><tr><td valign=\"top\"><strong><em>V\u00fdkon motoru<\/em><\/strong><\/td><td valign=\"top\">\u00a0<\/td><td valign=\"top\">74\/72 kW<\/td><\/tr><\/tbody><\/table><p>\u00a0<\/p><p><strong>Prospekt:<\/strong>\u00a0\u00a0\u00a0<span style=\"color: #008080;\"><em><strong> <a style=\"color: #008080;\" href=\"http:\/\/recarprofi.cz\/wp-content\/uploads\/2018\/08\/combilift-c12000.pdf\">Combilift c12.000<\/a><\/strong><\/em><\/span><\/p><p>\u00a0<\/p><p><a href=\"http:\/\/recarprofi.cz\/wp-content\/uploads\/2018\/08\/combilift-c120003.jpg\"><img decoding=\"async\" class=\"aligncenter wp-image-10976 size-full\" src=\"https:\/\/recarprofi.cz\/wp-content\/uploads\/2018\/08\/combilift-c120003.jpg\" alt=\"\" width=\"700\" height=\"500\" srcset=\"https:\/\/recarprofi.cz\/wp-content\/uploads\/2018\/08\/combilift-c120003.jpg 700w, https:\/\/recarprofi.cz\/wp-content\/uploads\/2018\/08\/combilift-c120003-600x429.jpg 600w, https:\/\/recarprofi.cz\/wp-content\/uploads\/2018\/08\/combilift-c120003-420x300.jpg 420w\" sizes=\"(max-width: 700px) 100vw, 700px\" \/><\/a><a href=\"http:\/\/recarprofi.cz\/wp-content\/uploads\/2018\/08\/combilift-c120002.jpg\"><img decoding=\"async\" class=\"aligncenter wp-image-10971 size-full\" src=\"https:\/\/recarprofi.cz\/wp-content\/uploads\/2018\/08\/combilift-c120002.jpg\" alt=\"\" width=\"1024\" height=\"683\" srcset=\"https:\/\/recarprofi.cz\/wp-content\/uploads\/2018\/08\/combilift-c120002.jpg 1024w, https:\/\/recarprofi.cz\/wp-content\/uploads\/2018\/08\/combilift-c120002-600x400.jpg 600w, https:\/\/recarprofi.cz\/wp-content\/uploads\/2018\/08\/combilift-c120002-420x280.jpg 420w, https:\/\/recarprofi.cz\/wp-content\/uploads\/2018\/08\/combilift-c120002-744x496.jpg 744w, https:\/\/recarprofi.cz\/wp-content\/uploads\/2018\/08\/combilift-c120002-768x512.jpg 768w\" sizes=\"(max-width: 1024px) 100vw, 1024px\" \/><\/a><\/p>\t\t\t\t\t\t\t\t<\/div>\n\t\t\t\t<\/div>\n\t\t\t\t\t<\/div>\n\t\t<\/div>\n\t\t\t\t\t<\/div>\n\t\t<\/section>\n\t\t\t\t<\/div>\n\t\t","protected":false},"excerpt":{"rendered":"<p>\u010cty\u0159cestn\u00e9 vysokozdvi\u017en\u00e9 voz\u00edky ur\u010den\u00fd pro bezpe\u010dnou manipulaci s n\u00e1kladem, \u00a0\u00fasporu m\u00edsta a produktivn\u00ed manipulaci s dlouh\u00fdmi a objemn\u00fdmi materi\u00e1ly. Voz\u00edky maj\u00ed hydrostatick\u00fd pohon na v\u0161echny kola, pohybuji se \u010dtyrmi sm\u011bry a m\u00e1ji posuv zvedac\u00edho za\u0159\u00edzen\u00ed&hellip;<\/p>\n","protected":false},"author":1,"featured_media":10971,"parent":147,"menu_order":5,"comment_status":"closed","ping_status":"closed","template":"","meta":{"footnotes":""},"class_list":["post-649","page","type-page","status-publish","has-post-thumbnail","hentry"],"_links":{"self":[{"href":"https:\/\/recarprofi.cz\/uvod\/wp-json\/wp\/v2\/pages\/649","targetHints":{"allow":["GET"]}}],"collection":[{"href":"https:\/\/recarprofi.cz\/uvod\/wp-json\/wp\/v2\/pages"}],"about":[{"href":"https:\/\/recarprofi.cz\/uvod\/wp-json\/wp\/v2\/types\/page"}],"author":[{"embeddable":true,"href":"https:\/\/recarprofi.cz\/uvod\/wp-json\/wp\/v2\/users\/1"}],"replies":[{"embeddable":true,"href":"https:\/\/recarprofi.cz\/uvod\/wp-json\/wp\/v2\/comments?post=649"}],"version-history":[{"count":21,"href":"https:\/\/recarprofi.cz\/uvod\/wp-json\/wp\/v2\/pages\/649\/revisions"}],"predecessor-version":[{"id":20384,"href":"https:\/\/recarprofi.cz\/uvod\/wp-json\/wp\/v2\/pages\/649\/revisions\/20384"}],"up":[{"embeddable":true,"href":"https:\/\/recarprofi.cz\/uvod\/wp-json\/wp\/v2\/pages\/147"}],"wp:featuredmedia":[{"embeddable":true,"href":"https:\/\/recarprofi.cz\/uvod\/wp-json\/wp\/v2\/media\/10971"}],"wp:attachment":[{"href":"https:\/\/recarprofi.cz\/uvod\/wp-json\/wp\/v2\/media?parent=649"}],"curies":[{"name":"wp","href":"https:\/\/api.w.org\/{rel}","templated":true}]}}