{"id":6798,"date":"2015-07-01T09:15:43","date_gmt":"2015-07-01T07:15:43","guid":{"rendered":"http:\/\/recarprofi.cz\/?page_id=6798"},"modified":"2020-03-20T14:39:12","modified_gmt":"2020-03-20T13:39:12","slug":"nosic-kontejneru-6t","status":"publish","type":"page","link":"https:\/\/recarprofi.cz\/uvod\/zemedelska-technika\/doprava\/kontejnerove-nosice\/nosic-kontejneru-6t\/","title":{"rendered":"Nosi\u010d kontejner\u016f Metaltech"},"content":{"rendered":"\t\t<div data-elementor-type=\"wp-page\" data-elementor-id=\"6798\" class=\"elementor elementor-6798\">\n\t\t\t\t\t\t<section class=\"elementor-section elementor-top-section elementor-element elementor-element-6b30a54b elementor-section-boxed elementor-section-height-default elementor-section-height-default\" data-id=\"6b30a54b\" data-element_type=\"section\" data-e-type=\"section\">\n\t\t\t\t\t\t<div class=\"elementor-container elementor-column-gap-default\">\n\t\t\t\t\t<div class=\"elementor-column elementor-col-100 elementor-top-column elementor-element elementor-element-3671a377\" data-id=\"3671a377\" data-element_type=\"column\" data-e-type=\"column\">\n\t\t\t<div class=\"elementor-widget-wrap elementor-element-populated\">\n\t\t\t\t\t\t<div class=\"elementor-element elementor-element-618c4251 elementor-widget elementor-widget-text-editor\" data-id=\"618c4251\" data-element_type=\"widget\" data-e-type=\"widget\" data-widget_type=\"text-editor.default\">\n\t\t\t\t<div class=\"elementor-widget-container\">\n\t\t\t\t\t\t\t\t\t<p><a href=\"https:\/\/recarprofi.cz\/wp-content\/uploads\/2015\/07\/metaltech.jpg\"><img fetchpriority=\"high\" decoding=\"async\" class=\"aligncenter wp-image-6799 size-full\" src=\"https:\/\/recarprofi.cz\/wp-content\/uploads\/2015\/07\/metaltech.jpg\" alt=\"\" width=\"600\" height=\"600\" srcset=\"https:\/\/recarprofi.cz\/wp-content\/uploads\/2015\/07\/metaltech.jpg 600w, https:\/\/recarprofi.cz\/wp-content\/uploads\/2015\/07\/metaltech-100x100.jpg 100w, https:\/\/recarprofi.cz\/wp-content\/uploads\/2015\/07\/metaltech-416x416.jpg 416w\" sizes=\"(max-width: 600px) 100vw, 600px\" \/><\/a><\/p><p>Jednon\u00e1pravov\u00fd nosi\u010d kontejner\u016f METALTECH,<\/p><p>vhodn\u00fd jak pro komun\u00e1ln\u00ed sf\u00e9ru, tak pro men\u0161\u00ed zem\u011bd\u011blsk\u00e9 podniky.\u00a0Manu\u00e1ln\u00ed zaji\u0161t\u011bn\u00ed kontejneru proti ne\u017e\u00e1douc\u00edmu pohybu. Lze vybavit fek\u00e1ln\u00ed n\u00e1stavbou 3000 litr\u016f verze,kontejnerem, kontejnerem s hydraulick\u00fdm zadn\u00edm \u010delem, popel\u00e1\u0159sk\u00fdm kontejnerem. Mechanick\u00e1 blokace kontejneru.<\/p><p><strong>Technick\u00e9 parametry:<\/strong><\/p><table border=\"0\"><tbody><tr><td>Maxim\u00e1ln\u00ed hmotnost kontejneru<\/td><td>4600 kg<\/td><\/tr><tr><td>Maxim\u00e1ln\u00ed rychlost<\/td><td>25 km\/h<\/td><\/tr><tr><td>Hmotnost stroje<\/td><td>1 900 kg<\/td><\/tr><tr><td>Standardn\u00ed uchycen\u00ed n\u00e1prav<\/td><td>tuh\u00e9<\/td><\/tr><tr><td>Kola<\/td><td>500\/50&#215;17<\/td><\/tr><tr><td>Pot\u0159ebn\u00fd objem oleje<\/td><td>17 l<\/td><\/tr><tr><td>Celkov\u00e1 hmotnost<\/td><td>6500 kg<\/td><\/tr><tr><td>Maxim\u00e1ln\u00ed \u00fahel vykl\u00e1dky<\/td><td>52<sup>o<\/sup><\/td><\/tr><tr><td>Maxim\u00e1ln\u00ed celkov\u00e1 d\u00e9lka v\u010detn\u011b kontejneru<\/td><td>5 880 mm<\/td><\/tr><tr><td>V\u00fd\u0161ka roviny nakl\u00e1dky<\/td><td>900 mm<\/td><\/tr><tr><td>Maxim\u00e1ln\u00ed \u0161\u00ed\u0159ka v\u010detn\u011b kontejneru<\/td><td>2 080 mm<\/td><\/tr><tr><td>Traktor<\/td><td>70 hp<\/td><\/tr><tr><td>Tlak<\/td><td>18 MPa<\/td><\/tr><tr><td>Blokace n\u00e1pravy<\/td><td>tuh\u00e1 n\u00e1prava<\/td><\/tr><tr><td>V\u00fd\u0161ka h\u00e1ku<\/td><td>1200 mm<\/td><\/tr><\/tbody><\/table><p><a href=\"http:\/\/recarprofi.cz\/wp-content\/uploads\/2015\/07\/metaltech2.jpg\"><img decoding=\"async\" class=\"aligncenter wp-image-6801 size-full\" src=\"https:\/\/recarprofi.cz\/wp-content\/uploads\/2015\/07\/metaltech2.jpg\" alt=\"metaltech2\" width=\"600\" height=\"600\" srcset=\"https:\/\/recarprofi.cz\/wp-content\/uploads\/2015\/07\/metaltech2.jpg 600w, https:\/\/recarprofi.cz\/wp-content\/uploads\/2015\/07\/metaltech2-100x100.jpg 100w, https:\/\/recarprofi.cz\/wp-content\/uploads\/2015\/07\/metaltech2-416x416.jpg 416w, https:\/\/recarprofi.cz\/wp-content\/uploads\/2015\/07\/metaltech2-150x150.jpg 150w, https:\/\/recarprofi.cz\/wp-content\/uploads\/2015\/07\/metaltech2-300x300.jpg 300w\" sizes=\"(max-width: 600px) 100vw, 600px\" \/><\/a><\/p><p><a href=\"http:\/\/recarprofi.cz\/wp-content\/uploads\/2015\/07\/metaltech1.jpg\"><img decoding=\"async\" class=\"aligncenter wp-image-6800 size-full\" src=\"https:\/\/recarprofi.cz\/wp-content\/uploads\/2015\/07\/metaltech1.jpg\" alt=\"metaltech1\" width=\"600\" height=\"337\" srcset=\"https:\/\/recarprofi.cz\/wp-content\/uploads\/2015\/07\/metaltech1.jpg 600w, https:\/\/recarprofi.cz\/wp-content\/uploads\/2015\/07\/metaltech1-416x234.jpg 416w, https:\/\/recarprofi.cz\/wp-content\/uploads\/2015\/07\/metaltech1-300x169.jpg 300w\" sizes=\"(max-width: 600px) 100vw, 600px\" \/><\/a><\/p>\t\t\t\t\t\t\t\t<\/div>\n\t\t\t\t<\/div>\n\t\t\t\t\t<\/div>\n\t\t<\/div>\n\t\t\t\t\t<\/div>\n\t\t<\/section>\n\t\t\t\t<\/div>\n\t\t","protected":false},"excerpt":{"rendered":"<p>Jednon\u00e1pravov\u00fd nosi\u010d kontejner\u016f METALTECH, vhodn\u00fd jak pro komun\u00e1ln\u00ed sf\u00e9ru, tak pro men\u0161\u00ed zem\u011bd\u011blsk\u00e9 podniky.\u00a0Manu\u00e1ln\u00ed zaji\u0161t\u011bn\u00ed kontejneru proti ne\u017e\u00e1douc\u00edmu pohybu. Lze vybavit fek\u00e1ln\u00ed n\u00e1stavbou 3000 litr\u016f verze,kontejnerem, kontejnerem s hydraulick\u00fdm zadn\u00edm \u010delem, popel\u00e1\u0159sk\u00fdm kontejnerem. Mechanick\u00e1 blokace&hellip;<\/p>\n","protected":false},"author":1,"featured_media":0,"parent":6795,"menu_order":1,"comment_status":"closed","ping_status":"closed","template":"","meta":{"footnotes":""},"class_list":["post-6798","page","type-page","status-publish","hentry"],"_links":{"self":[{"href":"https:\/\/recarprofi.cz\/uvod\/wp-json\/wp\/v2\/pages\/6798","targetHints":{"allow":["GET"]}}],"collection":[{"href":"https:\/\/recarprofi.cz\/uvod\/wp-json\/wp\/v2\/pages"}],"about":[{"href":"https:\/\/recarprofi.cz\/uvod\/wp-json\/wp\/v2\/types\/page"}],"author":[{"embeddable":true,"href":"https:\/\/recarprofi.cz\/uvod\/wp-json\/wp\/v2\/users\/1"}],"replies":[{"embeddable":true,"href":"https:\/\/recarprofi.cz\/uvod\/wp-json\/wp\/v2\/comments?post=6798"}],"version-history":[{"count":7,"href":"https:\/\/recarprofi.cz\/uvod\/wp-json\/wp\/v2\/pages\/6798\/revisions"}],"predecessor-version":[{"id":20907,"href":"https:\/\/recarprofi.cz\/uvod\/wp-json\/wp\/v2\/pages\/6798\/revisions\/20907"}],"up":[{"embeddable":true,"href":"https:\/\/recarprofi.cz\/uvod\/wp-json\/wp\/v2\/pages\/6795"}],"wp:attachment":[{"href":"https:\/\/recarprofi.cz\/uvod\/wp-json\/wp\/v2\/media?parent=6798"}],"curies":[{"name":"wp","href":"https:\/\/api.w.org\/{rel}","templated":true}]}}

Nosič kontejnerů Metaltech

<div data-elementor-type="wp-page" data-elementor-id="6798" class="elementor elementor-6798">
						<section class="elementor-section elementor-top-section elementor-element elementor-element-6b30a54b elementor-section-boxed elementor-section-height-default elementor-section-height-default" data-id="6b30a54b" data-element_type="section" data-e-type="section">
						<div class="elementor-container elementor-column-gap-default">
					<div class="elementor-column elementor-col-100 elementor-top-column elementor-element elementor-element-3671a377" data-id="3671a377" data-element_type="column" data-e-type="column">
			<div class="elementor-widget-wrap elementor-element-populated">
						<div class="elementor-element elementor-element-618c4251 elementor-widget elementor-widget-text-editor" data-id="618c4251" data-element_type="widget" data-e-type="widget" data-widget_type="text-editor.default">
				<div class="elementor-widget-container">
									<p><a href="https://recarprofi.cz/wp-content/uploads/2015/07/metaltech.jpg"><img fetchpriority="high" decoding="async" class="aligncenter wp-image-6799 size-full" src="https://recarprofi.cz/wp-content/uploads/2015/07/metaltech.jpg" alt="" width="600" height="600" srcset="https://recarprofi.cz/wp-content/uploads/2015/07/metaltech.jpg 600w, https://recarprofi.cz/wp-content/uploads/2015/07/metaltech-100x100.jpg 100w, https://recarprofi.cz/wp-content/uploads/2015/07/metaltech-416x416.jpg 416w" sizes="(max-width: 600px) 100vw, 600px" /></a></p><p>Jednonápravový nosič kontejnerů METALTECH,</p><p>vhodný jak pro komunální sféru, tak pro menší zemědělské podniky. Manuální zajištění kontejneru proti nežádoucímu pohybu. Lze vybavit fekální nástavbou 3000 litrů verze,kontejnerem, kontejnerem s hydraulickým zadním čelem, popelářským kontejnerem. Mechanická blokace kontejneru.</p><p><strong>Technické parametry:</strong></p><table border="0"><tbody><tr><td>Maximální hmotnost kontejneru</td><td>4600 kg</td></tr><tr><td>Maximální rychlost</td><td>25 km/h</td></tr><tr><td>Hmotnost stroje</td><td>1 900 kg</td></tr><tr><td>Standardní uchycení náprav</td><td>tuhé</td></tr><tr><td>Kola</td><td>500/50&#215;17</td></tr><tr><td>Potřebný objem oleje</td><td>17 l</td></tr><tr><td>Celková hmotnost</td><td>6500 kg</td></tr><tr><td>Maximální úhel vykládky</td><td>52<sup>o</sup></td></tr><tr><td>Maximální celková délka včetně kontejneru</td><td>5 880 mm</td></tr><tr><td>Výška roviny nakládky</td><td>900 mm</td></tr><tr><td>Maximální šířka včetně kontejneru</td><td>2 080 mm</td></tr><tr><td>Traktor</td><td>70 hp</td></tr><tr><td>Tlak</td><td>18 MPa</td></tr><tr><td>Blokace nápravy</td><td>tuhá náprava</td></tr><tr><td>Výška háku</td><td>1200 mm</td></tr></tbody></table><p><a href="http://recarprofi.cz/wp-content/uploads/2015/07/metaltech2.jpg"><img decoding="async" class="aligncenter wp-image-6801 size-full" src="https://recarprofi.cz/wp-content/uploads/2015/07/metaltech2.jpg" alt="metaltech2" width="600" height="600" srcset="https://recarprofi.cz/wp-content/uploads/2015/07/metaltech2.jpg 600w, https://recarprofi.cz/wp-content/uploads/2015/07/metaltech2-100x100.jpg 100w, https://recarprofi.cz/wp-content/uploads/2015/07/metaltech2-416x416.jpg 416w, https://recarprofi.cz/wp-content/uploads/2015/07/metaltech2-150x150.jpg 150w, https://recarprofi.cz/wp-content/uploads/2015/07/metaltech2-300x300.jpg 300w" sizes="(max-width: 600px) 100vw, 600px" /></a></p><p><a href="http://recarprofi.cz/wp-content/uploads/2015/07/metaltech1.jpg"><img decoding="async" class="aligncenter wp-image-6800 size-full" src="https://recarprofi.cz/wp-content/uploads/2015/07/metaltech1.jpg" alt="metaltech1" width="600" height="337" srcset="https://recarprofi.cz/wp-content/uploads/2015/07/metaltech1.jpg 600w, https://recarprofi.cz/wp-content/uploads/2015/07/metaltech1-416x234.jpg 416w, https://recarprofi.cz/wp-content/uploads/2015/07/metaltech1-300x169.jpg 300w" sizes="(max-width: 600px) 100vw, 600px" /></a></p>								</div>
				</div>
					</div>
		</div>
					</div>
		</section>
				</div>

<p>Jednonápravový nosič kontejnerů METALTECH, vhodný jak pro komunální sféru, tak pro menší zemědělské podniky. Manuální zajištění kontejneru proti nežádoucímu pohybu. Lze vybavit fekální nástavbou 3000 litrů verze,kontejnerem, kontejnerem s hydraulickým zadním čelem, popelářským kontejnerem. Mechanická blokace&hellip;</p>
