{"id":6815,"date":"2015-07-01T09:48:42","date_gmt":"2015-07-01T07:48:42","guid":{"rendered":"http:\/\/recarprofi.cz\/?page_id=6815"},"modified":"2020-03-20T14:50:53","modified_gmt":"2020-03-20T13:50:53","slug":"nosic-kontejneru-16t","status":"publish","type":"page","link":"https:\/\/recarprofi.cz\/uvod\/zemedelska-technika\/doprava\/kontejnerove-nosice\/nosic-kontejneru-16t\/","title":{"rendered":"Nosi\u010d kontejner\u016f Pronar T-285"},"content":{"rendered":"\t\t<div data-elementor-type=\"wp-page\" data-elementor-id=\"6815\" class=\"elementor elementor-6815\">\n\t\t\t\t\t\t<section class=\"elementor-section elementor-top-section elementor-element elementor-element-77f4e231 elementor-section-boxed elementor-section-height-default elementor-section-height-default\" data-id=\"77f4e231\" data-element_type=\"section\" data-e-type=\"section\">\n\t\t\t\t\t\t<div class=\"elementor-container elementor-column-gap-default\">\n\t\t\t\t\t<div class=\"elementor-column elementor-col-100 elementor-top-column elementor-element elementor-element-78a6b700\" data-id=\"78a6b700\" data-element_type=\"column\" data-e-type=\"column\">\n\t\t\t<div class=\"elementor-widget-wrap elementor-element-populated\">\n\t\t\t\t\t\t<div class=\"elementor-element elementor-element-7df2766f elementor-widget elementor-widget-text-editor\" data-id=\"7df2766f\" data-element_type=\"widget\" data-e-type=\"widget\" data-widget_type=\"text-editor.default\">\n\t\t\t\t<div class=\"elementor-widget-container\">\n\t\t\t\t\t\t\t\t\t<p><a href=\"https:\/\/recarprofi.cz\/wp-content\/uploads\/2015\/07\/pronar-t285.jpg\"><img fetchpriority=\"high\" decoding=\"async\" class=\"aligncenter wp-image-6818 size-full\" src=\"https:\/\/recarprofi.cz\/wp-content\/uploads\/2015\/07\/pronar-t285.jpg\" alt=\"\" width=\"530\" height=\"322\" srcset=\"https:\/\/recarprofi.cz\/wp-content\/uploads\/2015\/07\/pronar-t285.jpg 530w, https:\/\/recarprofi.cz\/wp-content\/uploads\/2015\/07\/pronar-t285-416x253.jpg 416w\" sizes=\"(max-width: 530px) 100vw, 530px\" \/><\/a><\/p><p><strong>Nosi\u010d kontejner\u016f PRONAR T 285 <\/strong><\/p><p>dok\u00e1\u017ee pracovat s mnoha typy kontejner\u016f. Jeho v\u0161estrann\u00e9 vyu\u017eit\u00ed a spolehliv\u00e1 konstrukce je oce\u0148ov\u00e1na i nejn\u00e1ro\u010dn\u011bj\u0161\u00edmi u\u017eivateli. P\u00edstnice blokuj\u00edc\u00ed vahadla zav\u011b\u0161en\u00ed zvy\u0161uj\u00ed stabilitu stroje p\u0159i natahov\u00e1n\u00ed pln\u00fdch kontejner\u016f. Ochrann\u00e9 kryty sv\u011btel. Vysouvateln\u00fd zadn\u00ed podp\u016frn\u00fd r\u00e1m se p\u0159izp\u016fsobuje d\u00e9lce kontejneru a sv\u011btla z\u016fst\u00e1vaj\u00ed na sv\u00e9m m\u00edst\u011b. H\u00e1k se dv\u011bm\u00edi pozicemi <strong>1 450 mm a 1 570 mm<\/strong> zv\u011bt\u0161uje variabilitu nasazen\u00ed stroje.\u00a0Riziko zne\u010di\u0161t\u011bn\u00ed hydraulick\u00fdch p\u0159\u00edvod\u016f z\u016fstalo eliminov\u00e1no d\u00edky speci\u00e1ln\u00edm hn\u00edzd\u016fm ulo\u017een\u00ed, do kter\u00fdch se vkl\u00e1daj\u00ed ihned po odepnut\u00ed nosi\u010de.<strong>Agregace s traktory ji\u017e od 105 kon\u00ed.<\/strong><\/p><table border=\"0\"><tbody><tr><td colspan=\"3\"><strong>Z\u00e1kladn\u00ed technick\u00e1 specifikace T 285<\/strong><\/td><\/tr><tr><td>Celkov\u00e1 hmotnost<\/td><td>21 000<\/td><td>kg<\/td><\/tr><tr><td>Nosnost v\u010detn\u011b kontejneru<\/td><td>16 360*<\/td><td>kg<\/td><\/tr><tr><td>Vlastn\u00ed hmotnost<\/td><td>4 640<\/td><td>kg<\/td><\/tr><tr><td>D\u00e9lka bez kontejneru<\/td><td>7 313<\/td><td>mm<\/td><\/tr><tr><td>D\u00e9lka s nejdel\u0161\u00edm\/nejkrat\u0161\u00edm kontejnerem<\/td><td>7 413\/8 413<\/td><td>mm<\/td><\/tr><tr><td>\u0160\u00ed\u0159ka bez kontejneru<\/td><td>2 550<\/td><td>mm<\/td><\/tr><tr><td>\u0160\u00ed\u0159ka s kontejnerem min\/max<\/td><td>2 550<\/td><td>mm<\/td><\/tr><tr><td>V\u00fd\u0161ka h\u00e1ku<\/td><td>1450\/1570<\/td><td>mm<\/td><\/tr><tr><td>Rozchod ly\u017ein<\/td><td>1 060<\/td><td>mm<\/td><\/tr><tr><td colspan=\"3\"><strong>P\u0159\u00edpustn\u00e9 rozm\u011bry kontejneru<\/strong><\/td><\/tr><tr><td>D\u00e9lka min\/max<\/td><td>5 400\/6 400<\/td><td>mm<\/td><\/tr><tr><td>\u0160\u00ed\u0159ka<\/td><td>max 2 550<\/td><td>mm<\/td><\/tr><tr><td>V\u00fd\u0161ka<\/td><td>max 2 500<\/td><td>mm<\/td><\/tr><tr><td>V\u00fd\u0161ka stroje s kont.\/ bez kont.<\/td><td>2 981\/3 650**<\/td><td>mm<\/td><\/tr><tr><td>Maxim\u00e1ln\u00ed \u00fahel vykl\u00e1dky\/mno\u017estv\u00ed oleje<\/td><td>53\/18<\/td><td><sup>o<\/sup>\/l<\/td><\/tr><tr><td>Rozchod kol<\/td><td>1 830<\/td><td>mm<\/td><\/tr><tr><td>Zav\u011b\u0161en\u00ed<\/td><td colspan=\"2\">v\u00fdkyvn\u00e1 tandemov\u00e1 n\u00e1prava<\/td><\/tr><tr><td>Zat\u00ed\u017een\u00ed oje<\/td><td>3 000<\/td><td>kg<\/td><\/tr><tr><td>Kola<\/td><td colspan=\"2\">385\/65 R22,5 (protektory)<\/td><\/tr><tr><td>Rychlost<\/td><td>40<\/td><td>km\/h<\/td><\/tr><\/tbody><\/table><p><a href=\"http:\/\/recarprofi.cz\/wp-content\/uploads\/2015\/07\/pronar-t285.1.jpg\"><img decoding=\"async\" class=\"aligncenter wp-image-6819 size-full\" src=\"http:\/\/recarprofi.cz\/wp-content\/uploads\/2015\/07\/pronar-t285.1.jpg\" alt=\"pronar t285.1\" width=\"547\" height=\"348\" srcset=\"https:\/\/recarprofi.cz\/wp-content\/uploads\/2015\/07\/pronar-t285.1.jpg 547w, https:\/\/recarprofi.cz\/wp-content\/uploads\/2015\/07\/pronar-t285.1-416x265.jpg 416w\" sizes=\"(max-width: 547px) 100vw, 547px\" \/><\/a><\/p><p><a href=\"https:\/\/recarprofi.cz\/wp-content\/uploads\/2015\/07\/pronar-t185.1.jpg\"><img decoding=\"async\" class=\"aligncenter wp-image-6812 size-full\" src=\"https:\/\/recarprofi.cz\/wp-content\/uploads\/2015\/07\/pronar-t185.1.jpg\" alt=\"\" width=\"600\" height=\"398\" srcset=\"https:\/\/recarprofi.cz\/wp-content\/uploads\/2015\/07\/pronar-t185.1.jpg 600w, https:\/\/recarprofi.cz\/wp-content\/uploads\/2015\/07\/pronar-t185.1-416x276.jpg 416w, https:\/\/recarprofi.cz\/wp-content\/uploads\/2015\/07\/pronar-t185.1-300x199.jpg 300w\" sizes=\"(max-width: 600px) 100vw, 600px\" \/><\/a><\/p>\t\t\t\t\t\t\t\t<\/div>\n\t\t\t\t<\/div>\n\t\t\t\t\t<\/div>\n\t\t<\/div>\n\t\t\t\t\t<\/div>\n\t\t<\/section>\n\t\t\t\t<\/div>\n\t\t","protected":false},"excerpt":{"rendered":"<p>Nosi\u010d kontejner\u016f PRONAR T 285 dok\u00e1\u017ee pracovat s mnoha typy kontejner\u016f. Jeho v\u0161estrann\u00e9 vyu\u017eit\u00ed a spolehliv\u00e1 konstrukce je oce\u0148ov\u00e1na i nejn\u00e1ro\u010dn\u011bj\u0161\u00edmi u\u017eivateli. P\u00edstnice blokuj\u00edc\u00ed vahadla zav\u011b\u0161en\u00ed zvy\u0161uj\u00ed stabilitu stroje p\u0159i natahov\u00e1n\u00ed pln\u00fdch kontejner\u016f. Ochrann\u00e9 kryty&hellip;<\/p>\n","protected":false},"author":1,"featured_media":0,"parent":6795,"menu_order":4,"comment_status":"closed","ping_status":"closed","template":"","meta":{"footnotes":""},"class_list":["post-6815","page","type-page","status-publish","hentry"],"_links":{"self":[{"href":"https:\/\/recarprofi.cz\/uvod\/wp-json\/wp\/v2\/pages\/6815","targetHints":{"allow":["GET"]}}],"collection":[{"href":"https:\/\/recarprofi.cz\/uvod\/wp-json\/wp\/v2\/pages"}],"about":[{"href":"https:\/\/recarprofi.cz\/uvod\/wp-json\/wp\/v2\/types\/page"}],"author":[{"embeddable":true,"href":"https:\/\/recarprofi.cz\/uvod\/wp-json\/wp\/v2\/users\/1"}],"replies":[{"embeddable":true,"href":"https:\/\/recarprofi.cz\/uvod\/wp-json\/wp\/v2\/comments?post=6815"}],"version-history":[{"count":7,"href":"https:\/\/recarprofi.cz\/uvod\/wp-json\/wp\/v2\/pages\/6815\/revisions"}],"predecessor-version":[{"id":20917,"href":"https:\/\/recarprofi.cz\/uvod\/wp-json\/wp\/v2\/pages\/6815\/revisions\/20917"}],"up":[{"embeddable":true,"href":"https:\/\/recarprofi.cz\/uvod\/wp-json\/wp\/v2\/pages\/6795"}],"wp:attachment":[{"href":"https:\/\/recarprofi.cz\/uvod\/wp-json\/wp\/v2\/media?parent=6815"}],"curies":[{"name":"wp","href":"https:\/\/api.w.org\/{rel}","templated":true}]}}

Nosič kontejnerů Pronar T-285

<div data-elementor-type="wp-page" data-elementor-id="6815" class="elementor elementor-6815">
						<section class="elementor-section elementor-top-section elementor-element elementor-element-77f4e231 elementor-section-boxed elementor-section-height-default elementor-section-height-default" data-id="77f4e231" data-element_type="section" data-e-type="section">
						<div class="elementor-container elementor-column-gap-default">
					<div class="elementor-column elementor-col-100 elementor-top-column elementor-element elementor-element-78a6b700" data-id="78a6b700" data-element_type="column" data-e-type="column">
			<div class="elementor-widget-wrap elementor-element-populated">
						<div class="elementor-element elementor-element-7df2766f elementor-widget elementor-widget-text-editor" data-id="7df2766f" data-element_type="widget" data-e-type="widget" data-widget_type="text-editor.default">
				<div class="elementor-widget-container">
									<p><a href="https://recarprofi.cz/wp-content/uploads/2015/07/pronar-t285.jpg"><img fetchpriority="high" decoding="async" class="aligncenter wp-image-6818 size-full" src="https://recarprofi.cz/wp-content/uploads/2015/07/pronar-t285.jpg" alt="" width="530" height="322" srcset="https://recarprofi.cz/wp-content/uploads/2015/07/pronar-t285.jpg 530w, https://recarprofi.cz/wp-content/uploads/2015/07/pronar-t285-416x253.jpg 416w" sizes="(max-width: 530px) 100vw, 530px" /></a></p><p><strong>Nosič kontejnerů PRONAR T 285 </strong></p><p>dokáže pracovat s mnoha typy kontejnerů. Jeho všestranné využití a spolehlivá konstrukce je oceňována i nejnáročnějšími uživateli. Pístnice blokující vahadla zavěšení zvyšují stabilitu stroje při natahování plných kontejnerů. Ochranné kryty světel. Vysouvatelný zadní podpůrný rám se přizpůsobuje délce kontejneru a světla zůstávají na svém místě. Hák se dvěmíi pozicemi <strong>1 450 mm a 1 570 mm</strong> zvětšuje variabilitu nasazení stroje. Riziko znečištění hydraulických přívodů zůstalo eliminováno díky speciálním hnízdům uložení, do kterých se vkládají ihned po odepnutí nosiče.<strong>Agregace s traktory již od 105 koní.</strong></p><table border="0"><tbody><tr><td colspan="3"><strong>Základní technická specifikace T 285</strong></td></tr><tr><td>Celková hmotnost</td><td>21 000</td><td>kg</td></tr><tr><td>Nosnost včetně kontejneru</td><td>16 360*</td><td>kg</td></tr><tr><td>Vlastní hmotnost</td><td>4 640</td><td>kg</td></tr><tr><td>Délka bez kontejneru</td><td>7 313</td><td>mm</td></tr><tr><td>Délka s nejdelším/nejkratším kontejnerem</td><td>7 413/8 413</td><td>mm</td></tr><tr><td>Šířka bez kontejneru</td><td>2 550</td><td>mm</td></tr><tr><td>Šířka s kontejnerem min/max</td><td>2 550</td><td>mm</td></tr><tr><td>Výška háku</td><td>1450/1570</td><td>mm</td></tr><tr><td>Rozchod lyžin</td><td>1 060</td><td>mm</td></tr><tr><td colspan="3"><strong>Přípustné rozměry kontejneru</strong></td></tr><tr><td>Délka min/max</td><td>5 400/6 400</td><td>mm</td></tr><tr><td>Šířka</td><td>max 2 550</td><td>mm</td></tr><tr><td>Výška</td><td>max 2 500</td><td>mm</td></tr><tr><td>Výška stroje s kont./ bez kont.</td><td>2 981/3 650**</td><td>mm</td></tr><tr><td>Maximální úhel vykládky/množství oleje</td><td>53/18</td><td><sup>o</sup>/l</td></tr><tr><td>Rozchod kol</td><td>1 830</td><td>mm</td></tr><tr><td>Zavěšení</td><td colspan="2">výkyvná tandemová náprava</td></tr><tr><td>Zatížení oje</td><td>3 000</td><td>kg</td></tr><tr><td>Kola</td><td colspan="2">385/65 R22,5 (protektory)</td></tr><tr><td>Rychlost</td><td>40</td><td>km/h</td></tr></tbody></table><p><a href="http://recarprofi.cz/wp-content/uploads/2015/07/pronar-t285.1.jpg"><img decoding="async" class="aligncenter wp-image-6819 size-full" src="http://recarprofi.cz/wp-content/uploads/2015/07/pronar-t285.1.jpg" alt="pronar t285.1" width="547" height="348" srcset="https://recarprofi.cz/wp-content/uploads/2015/07/pronar-t285.1.jpg 547w, https://recarprofi.cz/wp-content/uploads/2015/07/pronar-t285.1-416x265.jpg 416w" sizes="(max-width: 547px) 100vw, 547px" /></a></p><p><a href="https://recarprofi.cz/wp-content/uploads/2015/07/pronar-t185.1.jpg"><img decoding="async" class="aligncenter wp-image-6812 size-full" src="https://recarprofi.cz/wp-content/uploads/2015/07/pronar-t185.1.jpg" alt="" width="600" height="398" srcset="https://recarprofi.cz/wp-content/uploads/2015/07/pronar-t185.1.jpg 600w, https://recarprofi.cz/wp-content/uploads/2015/07/pronar-t185.1-416x276.jpg 416w, https://recarprofi.cz/wp-content/uploads/2015/07/pronar-t185.1-300x199.jpg 300w" sizes="(max-width: 600px) 100vw, 600px" /></a></p>								</div>
				</div>
					</div>
		</div>
					</div>
		</section>
				</div>

<p>Nosič kontejnerů PRONAR T 285 dokáže pracovat s mnoha typy kontejnerů. Jeho všestranné využití a spolehlivá konstrukce je oceňována i nejnáročnějšími uživateli. Pístnice blokující vahadla zavěšení zvyšují stabilitu stroje při natahování plných kontejnerů. Ochranné kryty&hellip;</p>
