{"id":6833,"date":"2015-07-01T12:50:28","date_gmt":"2015-07-01T10:50:28","guid":{"rendered":"http:\/\/recarprofi.cz\/?page_id=6833"},"modified":"2026-01-13T08:22:22","modified_gmt":"2026-01-13T07:22:22","slug":"nesene-polni-postrikovace-unia","status":"publish","type":"page","link":"https:\/\/recarprofi.cz\/uvod\/zemedelska-technika\/ochrana-rostlin\/nesene-polni-postrikovace-unia\/","title":{"rendered":"Nesen\u00e9 poln\u00ed post\u0159ikova\u010de Unia"},"content":{"rendered":"\t\t<div data-elementor-type=\"wp-page\" data-elementor-id=\"6833\" class=\"elementor elementor-6833\">\n\t\t\t\t\t\t<section class=\"elementor-section elementor-top-section elementor-element elementor-element-7ee21d92 elementor-section-boxed elementor-section-height-default elementor-section-height-default\" data-id=\"7ee21d92\" data-element_type=\"section\" data-e-type=\"section\">\n\t\t\t\t\t\t<div class=\"elementor-container elementor-column-gap-default\">\n\t\t\t\t\t<div class=\"elementor-column elementor-col-100 elementor-top-column elementor-element elementor-element-5323f0ba\" data-id=\"5323f0ba\" data-element_type=\"column\" data-e-type=\"column\">\n\t\t\t<div class=\"elementor-widget-wrap elementor-element-populated\">\n\t\t\t\t\t\t<div class=\"elementor-element elementor-element-1fed1376 elementor-widget elementor-widget-text-editor\" data-id=\"1fed1376\" data-element_type=\"widget\" data-e-type=\"widget\" data-widget_type=\"text-editor.default\">\n\t\t\t\t<div class=\"elementor-widget-container\">\n\t\t\t\t\t\t\t\t\t<p><strong><span style=\"color: #000000;\">\u0158ada EKO.<\/span><a href=\"http:\/\/recarprofi.cz\/wp-content\/uploads\/2015\/07\/unia-eco.jpg\"><img fetchpriority=\"high\" decoding=\"async\" class=\"aligncenter wp-image-6836 size-full\" src=\"https:\/\/recarprofi.cz\/wp-content\/uploads\/2015\/07\/unia-eco.jpg\" alt=\"unia eco\" width=\"571\" height=\"342\" srcset=\"https:\/\/recarprofi.cz\/wp-content\/uploads\/2015\/07\/unia-eco.jpg 571w, https:\/\/recarprofi.cz\/wp-content\/uploads\/2015\/07\/unia-eco-416x249.jpg 416w, https:\/\/recarprofi.cz\/wp-content\/uploads\/2015\/07\/unia-eco-300x180.jpg 300w\" sizes=\"(max-width: 571px) 100vw, 571px\" \/><\/a> <\/strong><\/p><p>Pro mal\u00e9 a st\u0159edn\u00ed podniky, vynik\u00e1 svou jednoduchost\u00ed, 3 diln\u00e1 n\u00e1dr\u017e, ramena slo\u017een\u00e1 do obdeln\u00edku manu\u00e1ln\u011b, Ru\u010dn\u00ed nastaven\u00ed v\u00fd\u0161ky post\u0159ikov\u00e1n\u00ed. \u010cerpadlo UDOR. Atest po dobu 5 let. ozna\u010den\u00ed CE na \u0161t\u00edtku. Armatura ramen z kyselin\u00e1m odoln\u00e9ho kovu. \u0160irok\u00e1 paleta dopl\u0148k\u016f. Nesen\u00e9 post\u0159ikova\u010de osazen\u00e9 v\u017edy t\u0159\u00edd\u00edlnou polyetyl\u00e9novou n\u00e1dr\u017e\u00ed, s vnit\u0159n\u00edm proplachem a vnit\u0159n\u00edm \u0159edi\u010dem chemick\u00fdch prost\u0159edk\u016f, 5 \u010di 7 sek\u010dn\u00ed rozvad\u011b\u010d, manometr, membr\u00e1nov\u00e9 \u010derpadlo Zeta \u010di Udor.<\/p><table border=\"0\"><tbody><tr><td><strong>TYP \u00a0 \u00a0 \u00a0 \u00a0 \u00a0 \u00a0 \u00a0 \u00a0 \u00a0 \u00a0 \u00a0 \u00a0 \u00a0 \u00a0 \u00a0 \u00a0 \u00a0 \u00a0 \u00a0 \u00a0 \u00a0 \u00a0 \u00a0 \u00a0 \u00a0 \u00a0 \u00a0\u00a0<\/strong><\/td><td><strong>OBJEM N\u00c1DR\u017dE [l]\u00a0<\/strong><\/td><td><strong>D\u00c9LKA RAMEN [m]<\/strong><\/td><td><strong>VLASTN\u00cd HMOTNOST [kg]<\/strong><\/td><\/tr><tr><td>EKO 612<\/td><td>600<\/td><td>12<\/td><td>280<\/td><\/tr><tr><td>EKO 615<\/td><td>600<\/td><td>15<\/td><td>314<\/td><\/tr><tr><td>EKO 812<\/td><td>800<\/td><td>12<\/td><td>380<\/td><\/tr><tr><td>EKO 815<\/td><td>800<\/td><td>15<\/td><td>420<\/td><\/tr><tr><td>EKO 1015<\/td><td>1000<\/td><td>15<\/td><td>460<\/td><\/tr><tr><td>EKO 1018<\/td><td>1000<\/td><td>18<\/td><td>530<\/td><\/tr><\/tbody><\/table><p><strong>Rada LUX.<a href=\"http:\/\/recarprofi.cz\/wp-content\/uploads\/2015\/07\/unia-lux.jpg\"><img decoding=\"async\" class=\"aligncenter wp-image-6837 size-full\" src=\"https:\/\/recarprofi.cz\/wp-content\/uploads\/2015\/07\/unia-lux.jpg\" alt=\"unia lux\" width=\"571\" height=\"342\" srcset=\"https:\/\/recarprofi.cz\/wp-content\/uploads\/2015\/07\/unia-lux.jpg 571w, https:\/\/recarprofi.cz\/wp-content\/uploads\/2015\/07\/unia-lux-416x249.jpg 416w, https:\/\/recarprofi.cz\/wp-content\/uploads\/2015\/07\/unia-lux-300x180.jpg 300w\" sizes=\"(max-width: 571px) 100vw, 571px\" \/><\/a><\/strong><\/p><p>\u0158ada post\u0159ikova\u010d\u016f\u00a0 s hydraulick\u00fdm rozkl\u00e1d\u00e1n\u00edm i zdvihem ramen, trap\u00e9zov\u00e1 stabilizace, slo\u017een\u00ed ramen se prov\u00e1d\u00ed do k\u0159\u00ed\u017ee, \u010derpadlo Zeta 100\/140, n\u00e1doba na \u010distou vodu, tryska co 50cm, manu\u00e1ln\u00ed ovl\u00e1d\u00e1n\u00ed sekc\u00ed. Po\u010det sekc\u00ed 5.<\/p><table border=\"0\"><tbody><tr><td><strong>TYP \u00a0 \u00a0 \u00a0 \u00a0 \u00a0 \u00a0 \u00a0 \u00a0 \u00a0 \u00a0 \u00a0 \u00a0 \u00a0 \u00a0 \u00a0 \u00a0 \u00a0 \u00a0 \u00a0 \u00a0 \u00a0 \u00a0 \u00a0 \u00a0 \u00a0 \u00a0 \u00a0 \u00a0 \u00a0 \u00a0 \u00a0 \u00a0 \u00a0 \u00a0\u00a0<\/strong><\/td><td><strong>OBJEM [l]<\/strong><\/td><td><strong>D\u00c9LKA RAMEN [m]<\/strong><\/td><td><strong>VLASTN\u00cd HMOTNOST [kg]<\/strong><\/td><td><strong>NASTAVEN\u00cd RAMEN [m]<\/strong><\/td><td><strong>TRAKTOR [k]<\/strong><\/td><\/tr><tr><td>LUX 412<\/td><td>400<\/td><td>12<\/td><td>300<\/td><td>0.5 &#8211; 1.7<\/td><td>\u00a060<\/td><\/tr><tr><td>LUX 415<\/td><td>400<\/td><td>15<\/td><td>320<\/td><td>\u00a0<\/td><td>\u00a060<\/td><\/tr><tr><td>LUX 612<\/td><td>600<\/td><td>12<\/td><td>460<\/td><td>\u00a0<\/td><td>\u00a080<\/td><\/tr><tr><td>LUX 615<\/td><td>600<\/td><td>15<\/td><td>480<\/td><td>\u00a0<\/td><td>\u00a080<\/td><\/tr><tr><td>LUX 812<span style=\"color: #ff0000;\"><strong>\u00a0 \u00a0 \u00a0 \u00a0\u00a0<\/strong><\/span><\/td><td>800<\/td><td>12<\/td><td>600<\/td><td>0.5 &#8211; 2.1<\/td><td>\u00a080<\/td><\/tr><tr><td>LUX 815<\/td><td>800<\/td><td>15<\/td><td>620<\/td><td>\u00a0<\/td><td>\u00a080<\/td><\/tr><tr><td>LUX 1012<\/td><td>1000<\/td><td>12<\/td><td>580<\/td><td>\u00a0<\/td><td>\u00a080<\/td><\/tr><tr><td>LUX 1015<\/td><td>1000<\/td><td>15<\/td><td>600<\/td><td>\u00a0<\/td><td>\u00a080<\/td><\/tr><\/tbody><\/table><p><strong>Rada REX.<\/strong><\/p><p>\u0158ada post\u0159ikova\u010d\u016f<strong>\u00a0 <\/strong>s hydraulick\u00fdm rozkl\u00e1d\u00e1n\u00edm i zdvihem ramen. Slo\u017een\u00ed ramen se prov\u00e1d\u00ed kolmo k zemi. V z\u00e1kladn\u00ed v\u00fdbav\u011b n\u00e1doba na \u010distou vodu a n\u00e1doba na vn\u011bj\u0161\u00ed \u0159ed\u011bn\u00ed chemick\u00fdch prost\u0159edk\u016f. Hydraulicky staviteln\u00e1 a rozkladateln\u00e1 ramena, vahadlov\u00e1 stabilizace, atest. Na p\u0159\u00e1n\u00ed trysky triplex.<\/p><table border=\"0\"><tbody><tr><td>TYP<\/td><td>OBJEM<\/td><td>VLASTN\u00cd HMOTNOST<\/td><td>RAMENA<\/td><td>NASTAVEN\u00cd RAMEN<\/td><td>TRAKTOR [k]<\/td><\/tr><tr><td>REX 1015<\/td><td>1000<\/td><td>990<\/td><td>15<\/td><td>0,5 &#8211; 2,1<\/td><td>\u00a0120<\/td><\/tr><tr><td>REX 1018<span style=\"color: #ff0000;\"><strong>\u00a0 \u00a0 \u00a0\u00a0<\/strong><\/span><\/td><td>1000<\/td><td>1060<\/td><td>18<\/td><td>\u00a0<\/td><td>\u00a0<\/td><\/tr><tr><td>REX 1020<\/td><td>1000<\/td><td>1160<\/td><td>20<\/td><td>\u00a0<\/td><td>\u00a0120<\/td><\/tr><tr><td>REX 1021<\/td><td>1000<\/td><td>1190<\/td><td>21<\/td><td>\u00a0<\/td><td>\u00a0120<\/td><\/tr><tr><td>REX 1024<span style=\"color: #ff0000;\"><strong>\u00a0 \u00a0 \u00a0<\/strong><\/span><\/td><td>1000<\/td><td>1270<\/td><td>24<\/td><td>\u00a0<\/td><td>\u00a0120<\/td><\/tr><tr><td>REX 1215<span style=\"color: #ff0000;\"><strong>\u00a0 \u00a0 \u00a0<\/strong><\/span><\/td><td>1200<\/td><td>1020<\/td><td>15<\/td><td>\u00a0<\/td><td>\u00a0150<\/td><\/tr><tr><td>REX 1218<\/td><td>1200<\/td><td>1090<\/td><td>18<\/td><td>\u00a0<\/td><td>\u00a0150<\/td><\/tr><tr><td>REX 1220<\/td><td>1200<\/td><td>1190<\/td><td>20<\/td><td>\u00a0<\/td><td>\u00a0150<\/td><\/tr><tr><td>REX 1221<span style=\"color: #ff0000;\"><strong>\u00a0 \u00a0<\/strong><\/span><\/td><td>1200<\/td><td>1220<\/td><td>21<\/td><td>\u00a0<\/td><td>\u00a0150<\/td><\/tr><tr><td>REX 1224<span style=\"color: #ff0000;\"><strong>\u00a0 \u00a0 \u00a0 \u00a0 \u00a0 \u00a0 \u00a0 \u00a0\u00a0<\/strong><\/span><\/td><td>1200<\/td><td>1300<\/td><td>24<\/td><td>\u00a0<\/td><td>\u00a0150<\/td><\/tr><\/tbody><\/table><p><a href=\"http:\/\/recarprofi.cz\/wp-content\/uploads\/2015\/07\/unia2.jpg\"><img decoding=\"async\" class=\"aligncenter wp-image-6840 size-full\" src=\"https:\/\/recarprofi.cz\/wp-content\/uploads\/2015\/07\/unia2.jpg\" alt=\"unia2\" width=\"600\" height=\"652\" srcset=\"https:\/\/recarprofi.cz\/wp-content\/uploads\/2015\/07\/unia2.jpg 600w, https:\/\/recarprofi.cz\/wp-content\/uploads\/2015\/07\/unia2-416x452.jpg 416w, https:\/\/recarprofi.cz\/wp-content\/uploads\/2015\/07\/unia2-276x300.jpg 276w, https:\/\/recarprofi.cz\/wp-content\/uploads\/2015\/07\/unia2-300x326.jpg 300w\" sizes=\"(max-width: 600px) 100vw, 600px\" \/><\/a><\/p><p><a href=\"http:\/\/recarprofi.cz\/wp-content\/uploads\/2015\/07\/unia1.jpg\"><img loading=\"lazy\" decoding=\"async\" class=\"aligncenter wp-image-6839 size-full\" src=\"https:\/\/recarprofi.cz\/wp-content\/uploads\/2015\/07\/unia1.jpg\" alt=\"unia1\" width=\"600\" height=\"399\" srcset=\"https:\/\/recarprofi.cz\/wp-content\/uploads\/2015\/07\/unia1.jpg 600w, https:\/\/recarprofi.cz\/wp-content\/uploads\/2015\/07\/unia1-416x277.jpg 416w, https:\/\/recarprofi.cz\/wp-content\/uploads\/2015\/07\/unia1-300x200.jpg 300w\" sizes=\"(max-width: 600px) 100vw, 600px\" \/><\/a><\/p>\t\t\t\t\t\t\t\t<\/div>\n\t\t\t\t<\/div>\n\t\t\t\t\t<\/div>\n\t\t<\/div>\n\t\t\t\t\t<\/div>\n\t\t<\/section>\n\t\t\t\t<\/div>\n\t\t","protected":false},"excerpt":{"rendered":"<p>\u0158ada EKO. Pro mal\u00e9 a st\u0159edn\u00ed podniky, vynik\u00e1 svou jednoduchost\u00ed, 3 diln\u00e1 n\u00e1dr\u017e, ramena slo\u017een\u00e1 do obdeln\u00edku manu\u00e1ln\u011b, Ru\u010dn\u00ed nastaven\u00ed v\u00fd\u0161ky post\u0159ikov\u00e1n\u00ed. \u010cerpadlo UDOR. Atest po dobu 5 let. ozna\u010den\u00ed CE na \u0161t\u00edtku. Armatura ramen&hellip;<\/p>\n","protected":false},"author":1,"featured_media":0,"parent":6830,"menu_order":1,"comment_status":"closed","ping_status":"closed","template":"","meta":{"footnotes":""},"class_list":["post-6833","page","type-page","status-publish","hentry"],"_links":{"self":[{"href":"https:\/\/recarprofi.cz\/uvod\/wp-json\/wp\/v2\/pages\/6833","targetHints":{"allow":["GET"]}}],"collection":[{"href":"https:\/\/recarprofi.cz\/uvod\/wp-json\/wp\/v2\/pages"}],"about":[{"href":"https:\/\/recarprofi.cz\/uvod\/wp-json\/wp\/v2\/types\/page"}],"author":[{"embeddable":true,"href":"https:\/\/recarprofi.cz\/uvod\/wp-json\/wp\/v2\/users\/1"}],"replies":[{"embeddable":true,"href":"https:\/\/recarprofi.cz\/uvod\/wp-json\/wp\/v2\/comments?post=6833"}],"version-history":[{"count":15,"href":"https:\/\/recarprofi.cz\/uvod\/wp-json\/wp\/v2\/pages\/6833\/revisions"}],"predecessor-version":[{"id":32753,"href":"https:\/\/recarprofi.cz\/uvod\/wp-json\/wp\/v2\/pages\/6833\/revisions\/32753"}],"up":[{"embeddable":true,"href":"https:\/\/recarprofi.cz\/uvod\/wp-json\/wp\/v2\/pages\/6830"}],"wp:attachment":[{"href":"https:\/\/recarprofi.cz\/uvod\/wp-json\/wp\/v2\/media?parent=6833"}],"curies":[{"name":"wp","href":"https:\/\/api.w.org\/{rel}","templated":true}]}}