{"id":7491,"date":"2016-02-25T12:12:06","date_gmt":"2016-02-25T11:12:06","guid":{"rendered":"http:\/\/recarprofi.cz\/?page_id=7491"},"modified":"2024-04-26T15:01:19","modified_gmt":"2024-04-26T13:01:19","slug":"kulate-ursus","status":"publish","type":"page","link":"https:\/\/recarprofi.cz\/uvod\/zemedelska-technika\/picniny\/lisy\/kulate-ursus\/","title":{"rendered":"Lisy na kulat\u00e9 bal\u00edky s pevnou \u0159et\u011bzovou komorou URSUS"},"content":{"rendered":"\t\t<div data-elementor-type=\"wp-page\" data-elementor-id=\"7491\" class=\"elementor elementor-7491\">\n\t\t\t\t\t\t<section class=\"elementor-section elementor-top-section elementor-element elementor-element-7eb9323a elementor-section-boxed elementor-section-height-default elementor-section-height-default\" data-id=\"7eb9323a\" data-element_type=\"section\" data-e-type=\"section\">\n\t\t\t\t\t\t<div class=\"elementor-container elementor-column-gap-default\">\n\t\t\t\t\t<div class=\"elementor-column elementor-col-100 elementor-top-column elementor-element elementor-element-38413f11\" data-id=\"38413f11\" data-element_type=\"column\" data-e-type=\"column\">\n\t\t\t<div class=\"elementor-widget-wrap elementor-element-populated\">\n\t\t\t\t\t\t<div class=\"elementor-element elementor-element-404991ea elementor-widget elementor-widget-text-editor\" data-id=\"404991ea\" data-element_type=\"widget\" data-e-type=\"widget\" data-widget_type=\"text-editor.default\">\n\t\t\t\t<div class=\"elementor-widget-container\">\n\t\t\t\t\t\t\t\t\t<p><a href=\"https:\/\/recarprofi.cz\/wp-content\/uploads\/2018\/01\/ursus-z-5432.jpg\"><img fetchpriority=\"high\" decoding=\"async\" class=\"aligncenter wp-image-9949 size-full\" src=\"https:\/\/recarprofi.cz\/wp-content\/uploads\/2018\/01\/ursus-z-5432.jpg\" alt=\"\" width=\"850\" height=\"700\" srcset=\"https:\/\/recarprofi.cz\/wp-content\/uploads\/2018\/01\/ursus-z-5432.jpg 850w, https:\/\/recarprofi.cz\/wp-content\/uploads\/2018\/01\/ursus-z-5432-600x494.jpg 600w, https:\/\/recarprofi.cz\/wp-content\/uploads\/2018\/01\/ursus-z-5432-420x346.jpg 420w, https:\/\/recarprofi.cz\/wp-content\/uploads\/2018\/01\/ursus-z-5432-744x613.jpg 744w, https:\/\/recarprofi.cz\/wp-content\/uploads\/2018\/01\/ursus-z-5432-768x632.jpg 768w\" sizes=\"(max-width: 850px) 100vw, 850px\" \/><\/a><\/p><p>Svinovac\u00ed lis Z 543\/A<\/p><p>\u00a0Lis s pevnou komorou se vyzna\u010duje jednoduchou konstrukc\u00ed a n\u00edzk\u00fdm pot\u0159ebn\u00fdm p\u0159\u00edkonem. Tato zna\u010dka je na \u010desk\u00e9m trhu zastoupen\u00e1 a velmi obl\u00edben\u00e1 ji\u017e v\u00edce ne\u017e 15 let. Lisy s pevnou komorou jsou ur\u010deny k lisov\u00e1n\u00ed sena, sl\u00e1my a sen\u00e1\u017ee. Hmotu sb\u00edr\u00e1 \u010dty\u0159ramenn\u00fd sb\u011bra\u010d o \u0161\u00ed\u0159ce 190 cm a do komory ji posouv\u00e1 vidlov\u00fd kasa\u010d. Lisovac\u00ed komoru tvo\u0159\u00ed vespod dva v\u00e1lce, na n\u011b\u017e navazuj\u00ed dva nekone\u010dn\u00e9 \u0159et\u011bzy propojen\u00e9 ocelov\u00fdmi ty\u010demi. Stupe\u0148 stla\u010den\u00ed ur\u010duje tlak v hydraulick\u00e9 soustav\u011b lisu. Bezpe\u010dnostn\u00ed p\u0159etlakov\u00fd ventil umo\u017en\u00ed pootev\u0159en\u00ed komory v p\u0159\u00edpad\u011b p\u0159et\u00ed\u017een\u00ed mno\u017estv\u00edm lisovan\u00e9 hmoty. Ji\u0161t\u011bn\u00ed pohonu lisu je st\u0159i\u017enou spojkou na kardanu. Pohon sb\u011bra\u010de a spodn\u00edch v\u00e1lc\u016f komory je rovn\u011b\u017e ji\u0161t\u011bn st\u0159i\u017en\u00fdmi kol\u00edky. Pr\u016fm\u011br i \u0161\u00ed\u0159ka bal\u00edk\u016f je 120 cm. K ovinut\u00ed bal\u00edk\u016f je mo\u017eno pou\u017e\u00edt s\u00ed\u0165 nebo prov\u00e1zek. Sou\u010d\u00e1st\u00ed v\u00fdbavy je sv\u011bteln\u00e1 a akustick\u00e1 signalizace napln\u011bn\u00ed komory.<\/p><p><strong>Technick\u00e9 parametry:<\/strong><\/p><ul><li>Pr\u016fm\u011br bal\u00edku 1200 mm<\/li><li>\u0160\u00ed\u0159ka bal\u00edku \u00a0\u00a01200 mm<\/li><li>Hmotnost stroje \u00a0\u00a02090 kg<\/li><li>Hmotnost bal\u00edku sl\u00e1my\/sena\/sen\u00e1\u017ee \u00a0\u00a0\u00a0100 &#8211; 170\/ 150 &#8211; 270\/ 300 &#8211; 1000 kg<\/li><li>Hodinov\u00e1 v\u00fdkonnost \u00a020 &#8211; 35 ks<\/li><li>Ot\u00e1\u010dky VH \u00a0\u00a0540 ot\/min<\/li><li>Ta\u017en\u00fd prost\u0159edek \u00a0\u00a035 kW<\/li><li>\u0160\u00ed\u0159ka sb\u011bra\u010de \u00a01900 mm<\/li><li>Pneumatiky \u00a0\u00a0400\/60 15,5 14PR<\/li><li>Rozchod kol \u00a0\u00a02100 mm<\/li><li>Zat\u00ed\u017een\u00ed oka z\u00e1v\u011bsu \u00a0380 kg<\/li><\/ul><p><a href=\"https:\/\/recarprofi.cz\/wp-content\/uploads\/2020\/03\/ursus-z5431.jpg\"><img decoding=\"async\" class=\"aligncenter wp-image-21371 size-full\" src=\"https:\/\/recarprofi.cz\/wp-content\/uploads\/2020\/03\/ursus-z5431.jpg\" alt=\"\" width=\"1024\" height=\"775\" srcset=\"https:\/\/recarprofi.cz\/wp-content\/uploads\/2020\/03\/ursus-z5431.jpg 1024w, https:\/\/recarprofi.cz\/wp-content\/uploads\/2020\/03\/ursus-z5431-600x454.jpg 600w, https:\/\/recarprofi.cz\/wp-content\/uploads\/2020\/03\/ursus-z5431-744x563.jpg 744w, https:\/\/recarprofi.cz\/wp-content\/uploads\/2020\/03\/ursus-z5431-420x318.jpg 420w, https:\/\/recarprofi.cz\/wp-content\/uploads\/2020\/03\/ursus-z5431-768x581.jpg 768w\" sizes=\"(max-width: 1024px) 100vw, 1024px\" \/><\/a><\/p><h4>\u00a0<\/h4><h4>\u00a0<\/h4><h4>\u00a0<\/h4><h4>\u00a0<\/h4><h4>\u00a0<\/h4><h4>\u00a0<\/h4>\t\t\t\t\t\t\t\t<\/div>\n\t\t\t\t<\/div>\n\t\t\t\t\t<\/div>\n\t\t<\/div>\n\t\t\t\t\t<\/div>\n\t\t<\/section>\n\t\t\t\t<\/div>\n\t\t","protected":false},"excerpt":{"rendered":"<p>Svinovac\u00ed lis Z 543\/A Lis s pevnou komorou se vyzna\u010duje jednoduchou konstrukc\u00ed a n\u00edzk\u00fdm pot\u0159ebn\u00fdm p\u0159\u00edkonem. Tato zna\u010dka je na \u010desk\u00e9m trhu zastoupen\u00e1 a velmi obl\u00edben\u00e1 ji\u017e v\u00edce ne\u017e 15 let. Lisy s pevnou komorou&hellip;<\/p>\n","protected":false},"author":1,"featured_media":0,"parent":2956,"menu_order":2,"comment_status":"closed","ping_status":"closed","template":"","meta":{"footnotes":""},"class_list":["post-7491","page","type-page","status-publish","hentry"],"_links":{"self":[{"href":"https:\/\/recarprofi.cz\/uvod\/wp-json\/wp\/v2\/pages\/7491","targetHints":{"allow":["GET"]}}],"collection":[{"href":"https:\/\/recarprofi.cz\/uvod\/wp-json\/wp\/v2\/pages"}],"about":[{"href":"https:\/\/recarprofi.cz\/uvod\/wp-json\/wp\/v2\/types\/page"}],"author":[{"embeddable":true,"href":"https:\/\/recarprofi.cz\/uvod\/wp-json\/wp\/v2\/users\/1"}],"replies":[{"embeddable":true,"href":"https:\/\/recarprofi.cz\/uvod\/wp-json\/wp\/v2\/comments?post=7491"}],"version-history":[{"count":12,"href":"https:\/\/recarprofi.cz\/uvod\/wp-json\/wp\/v2\/pages\/7491\/revisions"}],"predecessor-version":[{"id":21373,"href":"https:\/\/recarprofi.cz\/uvod\/wp-json\/wp\/v2\/pages\/7491\/revisions\/21373"}],"up":[{"embeddable":true,"href":"https:\/\/recarprofi.cz\/uvod\/wp-json\/wp\/v2\/pages\/2956"}],"wp:attachment":[{"href":"https:\/\/recarprofi.cz\/uvod\/wp-json\/wp\/v2\/media?parent=7491"}],"curies":[{"name":"wp","href":"https:\/\/api.w.org\/{rel}","templated":true}]}}

Lisy na kulaté balíky s pevnou řetězovou komorou URSUS

<div data-elementor-type="wp-page" data-elementor-id="7491" class="elementor elementor-7491">
						<section class="elementor-section elementor-top-section elementor-element elementor-element-7eb9323a elementor-section-boxed elementor-section-height-default elementor-section-height-default" data-id="7eb9323a" data-element_type="section" data-e-type="section">
						<div class="elementor-container elementor-column-gap-default">
					<div class="elementor-column elementor-col-100 elementor-top-column elementor-element elementor-element-38413f11" data-id="38413f11" data-element_type="column" data-e-type="column">
			<div class="elementor-widget-wrap elementor-element-populated">
						<div class="elementor-element elementor-element-404991ea elementor-widget elementor-widget-text-editor" data-id="404991ea" data-element_type="widget" data-e-type="widget" data-widget_type="text-editor.default">
				<div class="elementor-widget-container">
									<p><a href="https://recarprofi.cz/wp-content/uploads/2018/01/ursus-z-5432.jpg"><img fetchpriority="high" decoding="async" class="aligncenter wp-image-9949 size-full" src="https://recarprofi.cz/wp-content/uploads/2018/01/ursus-z-5432.jpg" alt="" width="850" height="700" srcset="https://recarprofi.cz/wp-content/uploads/2018/01/ursus-z-5432.jpg 850w, https://recarprofi.cz/wp-content/uploads/2018/01/ursus-z-5432-600x494.jpg 600w, https://recarprofi.cz/wp-content/uploads/2018/01/ursus-z-5432-420x346.jpg 420w, https://recarprofi.cz/wp-content/uploads/2018/01/ursus-z-5432-744x613.jpg 744w, https://recarprofi.cz/wp-content/uploads/2018/01/ursus-z-5432-768x632.jpg 768w" sizes="(max-width: 850px) 100vw, 850px" /></a></p><p>Svinovací lis Z 543/A</p><p> Lis s pevnou komorou se vyznačuje jednoduchou konstrukcí a nízkým potřebným příkonem. Tato značka je na českém trhu zastoupená a velmi oblíbená již více než 15 let. Lisy s pevnou komorou jsou určeny k lisování sena, slámy a senáže. Hmotu sbírá čtyřramenný sběrač o šířce 190 cm a do komory ji posouvá vidlový kasač. Lisovací komoru tvoří vespod dva válce, na něž navazují dva nekonečné řetězy propojené ocelovými tyčemi. Stupeň stlačení určuje tlak v hydraulické soustavě lisu. Bezpečnostní přetlakový ventil umožní pootevření komory v případě přetížení množstvím lisované hmoty. Jištění pohonu lisu je střižnou spojkou na kardanu. Pohon sběrače a spodních válců komory je rovněž jištěn střižnými kolíky. Průměr i šířka balíků je 120 cm. K ovinutí balíků je možno použít síť nebo provázek. Součástí výbavy je světelná a akustická signalizace naplnění komory.</p><p><strong>Technické parametry:</strong></p><ul><li>Průměr balíku 1200 mm</li><li>Šířka balíku   1200 mm</li><li>Hmotnost stroje   2090 kg</li><li>Hmotnost balíku slámy/sena/senáže    100 &#8211; 170/ 150 &#8211; 270/ 300 &#8211; 1000 kg</li><li>Hodinová výkonnost  20 &#8211; 35 ks</li><li>Otáčky VH   540 ot/min</li><li>Tažný prostředek   35 kW</li><li>Šířka sběrače  1900 mm</li><li>Pneumatiky   400/60 15,5 14PR</li><li>Rozchod kol   2100 mm</li><li>Zatížení oka závěsu  380 kg</li></ul><p><a href="https://recarprofi.cz/wp-content/uploads/2020/03/ursus-z5431.jpg"><img decoding="async" class="aligncenter wp-image-21371 size-full" src="https://recarprofi.cz/wp-content/uploads/2020/03/ursus-z5431.jpg" alt="" width="1024" height="775" srcset="https://recarprofi.cz/wp-content/uploads/2020/03/ursus-z5431.jpg 1024w, https://recarprofi.cz/wp-content/uploads/2020/03/ursus-z5431-600x454.jpg 600w, https://recarprofi.cz/wp-content/uploads/2020/03/ursus-z5431-744x563.jpg 744w, https://recarprofi.cz/wp-content/uploads/2020/03/ursus-z5431-420x318.jpg 420w, https://recarprofi.cz/wp-content/uploads/2020/03/ursus-z5431-768x581.jpg 768w" sizes="(max-width: 1024px) 100vw, 1024px" /></a></p><h4> </h4><h4> </h4><h4> </h4><h4> </h4><h4> </h4><h4> </h4>								</div>
				</div>
					</div>
		</div>
					</div>
		</section>
				</div>

<p>Svinovací lis Z 543/A Lis s pevnou komorou se vyznačuje jednoduchou konstrukcí a nízkým potřebným příkonem. Tato značka je na českém trhu zastoupená a velmi oblíbená již více než 15 let. Lisy s pevnou komorou&hellip;</p>
