{"id":77,"date":"2013-01-24T17:53:34","date_gmt":"2013-01-24T16:53:34","guid":{"rendered":"http:\/\/recarprofi.cz\/?page_id=77"},"modified":"2024-04-08T10:46:56","modified_gmt":"2024-04-08T08:46:56","slug":"zemedelska-technika","status":"publish","type":"page","link":"https:\/\/recarprofi.cz\/uvod\/zemedelska-technika\/","title":{"rendered":"Zem\u011bd\u011blsk\u00e1 technika"},"content":{"rendered":"\t\t<div data-elementor-type=\"wp-page\" data-elementor-id=\"77\" class=\"elementor elementor-77\">\n\t\t\t\t\t\t<section class=\"elementor-section elementor-top-section elementor-element elementor-element-15b1fee elementor-section-boxed elementor-section-height-default elementor-section-height-default\" data-id=\"15b1fee\" data-element_type=\"section\" data-e-type=\"section\">\n\t\t\t\t\t\t<div class=\"elementor-container elementor-column-gap-default\">\n\t\t\t\t\t<div class=\"elementor-column elementor-col-100 elementor-top-column elementor-element elementor-element-92394de\" data-id=\"92394de\" data-element_type=\"column\" data-e-type=\"column\">\n\t\t\t<div class=\"elementor-widget-wrap elementor-element-populated\">\n\t\t\t\t\t\t<div class=\"elementor-element elementor-element-1daf0f3 elementor-position-left elementor-vertical-align-top elementor-widget elementor-widget-image-box\" data-id=\"1daf0f3\" data-element_type=\"widget\" data-e-type=\"widget\" data-widget_type=\"image-box.default\">\n\t\t\t\t<div class=\"elementor-widget-container\">\n\t\t\t\t\t<div class=\"elementor-image-box-wrapper\"><figure class=\"elementor-image-box-img\"><a href=\"https:\/\/recarprofi.cz\/uvod\/zemedelske-stroje\/traktory\/\" tabindex=\"-1\"><img fetchpriority=\"high\" decoding=\"async\" width=\"1280\" height=\"853\" src=\"https:\/\/recarprofi.cz\/wp-content\/uploads\/2023\/12\/kioti-hx2.jpg\" class=\"attachment-full size-full wp-image-27385\" alt=\"\" srcset=\"https:\/\/recarprofi.cz\/wp-content\/uploads\/2023\/12\/kioti-hx2.jpg 1280w, https:\/\/recarprofi.cz\/wp-content\/uploads\/2023\/12\/kioti-hx2-744x496.jpg 744w, https:\/\/recarprofi.cz\/wp-content\/uploads\/2023\/12\/kioti-hx2-1200x800.jpg 1200w, https:\/\/recarprofi.cz\/wp-content\/uploads\/2023\/12\/kioti-hx2-420x280.jpg 420w, https:\/\/recarprofi.cz\/wp-content\/uploads\/2023\/12\/kioti-hx2-768x512.jpg 768w, https:\/\/recarprofi.cz\/wp-content\/uploads\/2023\/12\/kioti-hx2-1024x682.jpg 1024w, https:\/\/recarprofi.cz\/wp-content\/uploads\/2023\/12\/kioti-hx2-600x400.jpg 600w\" sizes=\"(max-width: 1280px) 100vw, 1280px\" \/><\/a><\/figure><div class=\"elementor-image-box-content\"><h3 class=\"elementor-image-box-title\"><a href=\"https:\/\/recarprofi.cz\/uvod\/zemedelske-stroje\/traktory\/\">Traktory<\/a><\/h3><\/div><\/div>\t\t\t\t<\/div>\n\t\t\t\t<\/div>\n\t\t\t\t\t<\/div>\n\t\t<\/div>\n\t\t\t\t\t<\/div>\n\t\t<\/section>\n\t\t\t\t<section class=\"elementor-section elementor-top-section elementor-element elementor-element-4ae4f3d elementor-section-boxed elementor-section-height-default elementor-section-height-default\" data-id=\"4ae4f3d\" data-element_type=\"section\" data-e-type=\"section\">\n\t\t\t\t\t\t<div class=\"elementor-container elementor-column-gap-default\">\n\t\t\t\t\t<div class=\"elementor-column elementor-col-100 elementor-top-column elementor-element elementor-element-8058142\" data-id=\"8058142\" data-element_type=\"column\" data-e-type=\"column\">\n\t\t\t<div class=\"elementor-widget-wrap elementor-element-populated\">\n\t\t\t\t\t\t<div class=\"elementor-element elementor-element-fd0a85b elementor-position-left elementor-vertical-align-top elementor-widget elementor-widget-image-box\" data-id=\"fd0a85b\" data-element_type=\"widget\" data-e-type=\"widget\" data-widget_type=\"image-box.default\">\n\t\t\t\t<div class=\"elementor-widget-container\">\n\t\t\t\t\t<div class=\"elementor-image-box-wrapper\"><figure class=\"elementor-image-box-img\"><a href=\"https:\/\/recarprofi.cz\/uvod\/zemedelske-stroje\/sklizeci-mlaticky\/\" tabindex=\"-1\"><img decoding=\"async\" src=\"https:\/\/recarprofi.cz\/wp-content\/uploads\/2023\/07\/sampo-2roto-370x280.jpg\" title=\"sampo 2roto\" alt=\"sampo 2roto\" loading=\"lazy\" \/><\/a><\/figure><div class=\"elementor-image-box-content\"><h3 class=\"elementor-image-box-title\"><a href=\"https:\/\/recarprofi.cz\/uvod\/zemedelske-stroje\/sklizeci-mlaticky\/\">Skl\u00edzec\u00ed ml\u00e1ti\u010dky<\/a><\/h3><\/div><\/div>\t\t\t\t<\/div>\n\t\t\t\t<\/div>\n\t\t\t\t\t<\/div>\n\t\t<\/div>\n\t\t\t\t\t<\/div>\n\t\t<\/section>\n\t\t\t\t<section class=\"elementor-section elementor-top-section elementor-element elementor-element-b110c8a elementor-section-boxed elementor-section-height-default elementor-section-height-default\" data-id=\"b110c8a\" data-element_type=\"section\" data-e-type=\"section\">\n\t\t\t\t\t\t<div class=\"elementor-container elementor-column-gap-default\">\n\t\t\t\t\t<div class=\"elementor-column elementor-col-100 elementor-top-column elementor-element elementor-element-ad140ea\" data-id=\"ad140ea\" data-element_type=\"column\" data-e-type=\"column\">\n\t\t\t<div class=\"elementor-widget-wrap elementor-element-populated\">\n\t\t\t\t\t\t<div class=\"elementor-element elementor-element-a3b33bc elementor-position-left elementor-vertical-align-top elementor-widget elementor-widget-image-box\" data-id=\"a3b33bc\" data-element_type=\"widget\" data-e-type=\"widget\" data-widget_type=\"image-box.default\">\n\t\t\t\t<div class=\"elementor-widget-container\">\n\t\t\t\t\t<div class=\"elementor-image-box-wrapper\"><figure class=\"elementor-image-box-img\"><a href=\"https:\/\/recarprofi.cz\/uvod\/zemedelske-stroje\/sklizeci-rezacky\/\" tabindex=\"-1\"><img decoding=\"async\" src=\"https:\/\/recarprofi.cz\/wp-content\/uploads\/2023\/07\/krone-big-370x280.png\" title=\"krone big\" alt=\"krone big\" loading=\"lazy\" \/><\/a><\/figure><div class=\"elementor-image-box-content\"><h3 class=\"elementor-image-box-title\"><a href=\"https:\/\/recarprofi.cz\/uvod\/zemedelske-stroje\/sklizeci-rezacky\/\">Skl\u00edzec\u00ed \u0159eza\u010dky<\/a><\/h3><\/div><\/div>\t\t\t\t<\/div>\n\t\t\t\t<\/div>\n\t\t\t\t\t<\/div>\n\t\t<\/div>\n\t\t\t\t\t<\/div>\n\t\t<\/section>\n\t\t\t\t<section class=\"elementor-section elementor-top-section elementor-element elementor-element-f72416a elementor-section-boxed elementor-section-height-default elementor-section-height-default\" data-id=\"f72416a\" data-element_type=\"section\" data-e-type=\"section\">\n\t\t\t\t\t\t<div class=\"elementor-container elementor-column-gap-default\">\n\t\t\t\t\t<div class=\"elementor-column elementor-col-100 elementor-top-column elementor-element elementor-element-7925bf1\" data-id=\"7925bf1\" data-element_type=\"column\" data-e-type=\"column\">\n\t\t\t<div class=\"elementor-widget-wrap elementor-element-populated\">\n\t\t\t\t\t\t<div class=\"elementor-element elementor-element-9e74f42 elementor-position-left elementor-vertical-align-top elementor-widget elementor-widget-image-box\" data-id=\"9e74f42\" data-element_type=\"widget\" data-e-type=\"widget\" data-widget_type=\"image-box.default\">\n\t\t\t\t<div class=\"elementor-widget-container\">\n\t\t\t\t\t<div class=\"elementor-image-box-wrapper\"><figure class=\"elementor-image-box-img\"><a href=\"https:\/\/recarprofi.cz\/uvod\/zemedelske-stroje\/doprava\/\" tabindex=\"-1\"><img decoding=\"async\" width=\"506\" height=\"364\" src=\"https:\/\/recarprofi.cz\/wp-content\/uploads\/2019\/10\/ursus-t083.png\" class=\"attachment-full size-full wp-image-15965\" alt=\"\" srcset=\"https:\/\/recarprofi.cz\/wp-content\/uploads\/2019\/10\/ursus-t083.png 506w, https:\/\/recarprofi.cz\/wp-content\/uploads\/2019\/10\/ursus-t083-416x299.png 416w, https:\/\/recarprofi.cz\/wp-content\/uploads\/2019\/10\/ursus-t083-420x302.png 420w\" sizes=\"(max-width: 506px) 100vw, 506px\" \/><\/a><\/figure><div class=\"elementor-image-box-content\"><h3 class=\"elementor-image-box-title\"><a href=\"https:\/\/recarprofi.cz\/uvod\/zemedelske-stroje\/doprava\/\">Doprava<\/a><\/h3><p class=\"elementor-image-box-description\">N\u00e1v\u011bsy, p\u0159\u00edv\u011bsy, nosi\u010de kontejner\u016f, p\u0159epravn\u00edky bal\u00edk\u016f, univerz\u00e1ln\u00ed v\u00fdm\u011bnn\u00e9 n\u00e1stavby, p\u0159epravn\u00edky zv\u00ed\u0159at, cisterny, fek\u00e1ln\u00ed n\u00e1v\u011bsy.    <\/p><\/div><\/div>\t\t\t\t<\/div>\n\t\t\t\t<\/div>\n\t\t\t\t\t<\/div>\n\t\t<\/div>\n\t\t\t\t\t<\/div>\n\t\t<\/section>\n\t\t\t\t<section class=\"elementor-section elementor-top-section elementor-element elementor-element-9603536 elementor-section-boxed elementor-section-height-default elementor-section-height-default\" data-id=\"9603536\" data-element_type=\"section\" data-e-type=\"section\">\n\t\t\t\t\t\t<div class=\"elementor-container elementor-column-gap-default\">\n\t\t\t\t\t<div class=\"elementor-column elementor-col-100 elementor-top-column elementor-element elementor-element-08c16b3\" data-id=\"08c16b3\" data-element_type=\"column\" data-e-type=\"column\">\n\t\t\t<div class=\"elementor-widget-wrap elementor-element-populated\">\n\t\t\t\t\t\t<div class=\"elementor-element elementor-element-2cc76b6 elementor-position-left elementor-vertical-align-top elementor-widget elementor-widget-image-box\" data-id=\"2cc76b6\" data-element_type=\"widget\" data-e-type=\"widget\" data-widget_type=\"image-box.default\">\n\t\t\t\t<div class=\"elementor-widget-container\">\n\t\t\t\t\t<div class=\"elementor-image-box-wrapper\"><figure class=\"elementor-image-box-img\"><a href=\"https:\/\/recarprofi.cz\/uvod\/zemedelske-stroje\/manipulace\/\" tabindex=\"-1\"><img decoding=\"async\" width=\"1030\" height=\"687\" src=\"https:\/\/recarprofi.cz\/wp-content\/uploads\/2019\/11\/dieci-mini-agri10.jpg\" class=\"attachment-full size-full wp-image-17290\" alt=\"\" srcset=\"https:\/\/recarprofi.cz\/wp-content\/uploads\/2019\/11\/dieci-mini-agri10.jpg 1030w, https:\/\/recarprofi.cz\/wp-content\/uploads\/2019\/11\/dieci-mini-agri10-600x400.jpg 600w, https:\/\/recarprofi.cz\/wp-content\/uploads\/2019\/11\/dieci-mini-agri10-744x496.jpg 744w, https:\/\/recarprofi.cz\/wp-content\/uploads\/2019\/11\/dieci-mini-agri10-420x280.jpg 420w, https:\/\/recarprofi.cz\/wp-content\/uploads\/2019\/11\/dieci-mini-agri10-768x512.jpg 768w\" sizes=\"(max-width: 1030px) 100vw, 1030px\" \/><\/a><\/figure><div class=\"elementor-image-box-content\"><h3 class=\"elementor-image-box-title\"><a href=\"https:\/\/recarprofi.cz\/uvod\/zemedelske-stroje\/manipulace\/\">Manipulace<\/a><\/h3><p class=\"elementor-image-box-description\">Teleskopick\u00e9 manipul\u00e1tory, kloubov\u00e9 naklada\u010de, \u010deln\u00ed naklada\u010de.<\/p><\/div><\/div>\t\t\t\t<\/div>\n\t\t\t\t<\/div>\n\t\t\t\t\t<\/div>\n\t\t<\/div>\n\t\t\t\t\t<\/div>\n\t\t<\/section>\n\t\t\t\t<section class=\"elementor-section elementor-top-section elementor-element elementor-element-79e5c98 elementor-section-boxed elementor-section-height-default elementor-section-height-default\" data-id=\"79e5c98\" data-element_type=\"section\" data-e-type=\"section\">\n\t\t\t\t\t\t<div class=\"elementor-container elementor-column-gap-default\">\n\t\t\t\t\t<div class=\"elementor-column elementor-col-100 elementor-top-column elementor-element elementor-element-db86951\" data-id=\"db86951\" data-element_type=\"column\" data-e-type=\"column\">\n\t\t\t<div class=\"elementor-widget-wrap elementor-element-populated\">\n\t\t\t\t\t\t<div class=\"elementor-element elementor-element-22f5450 elementor-position-left elementor-vertical-align-top elementor-widget elementor-widget-image-box\" data-id=\"22f5450\" data-element_type=\"widget\" data-e-type=\"widget\" data-widget_type=\"image-box.default\">\n\t\t\t\t<div class=\"elementor-widget-container\">\n\t\t\t\t\t<div class=\"elementor-image-box-wrapper\"><figure class=\"elementor-image-box-img\"><a href=\"https:\/\/recarprofi.cz\/uvod\/zemedelske-stroje\/puda\/\" tabindex=\"-1\"><img loading=\"lazy\" decoding=\"async\" width=\"950\" height=\"714\" src=\"https:\/\/recarprofi.cz\/wp-content\/uploads\/2019\/04\/unia-vario1.jpg\" class=\"attachment-full size-full wp-image-12031\" alt=\"\" srcset=\"https:\/\/recarprofi.cz\/wp-content\/uploads\/2019\/04\/unia-vario1.jpg 950w, https:\/\/recarprofi.cz\/wp-content\/uploads\/2019\/04\/unia-vario1-600x451.jpg 600w, https:\/\/recarprofi.cz\/wp-content\/uploads\/2019\/04\/unia-vario1-420x316.jpg 420w, https:\/\/recarprofi.cz\/wp-content\/uploads\/2019\/04\/unia-vario1-744x559.jpg 744w, https:\/\/recarprofi.cz\/wp-content\/uploads\/2019\/04\/unia-vario1-768x577.jpg 768w\" sizes=\"(max-width: 950px) 100vw, 950px\" \/><\/a><\/figure><div class=\"elementor-image-box-content\"><h3 class=\"elementor-image-box-title\"><a href=\"https:\/\/recarprofi.cz\/uvod\/zemedelske-stroje\/puda\/\">\u00daprava p\u016fdy a set\u00ed<\/a><\/h3><p class=\"elementor-image-box-description\">Pluhy, podm\u00edta\u010de, kyp\u0159i\u010de, hloubkov\u00e9 kyp\u0159i\u010de, stroje pro \u00fapravu p\u016fdy p\u0159ed set\u00edm, sec\u00ed stroje. <\/p><\/div><\/div>\t\t\t\t<\/div>\n\t\t\t\t<\/div>\n\t\t\t\t\t<\/div>\n\t\t<\/div>\n\t\t\t\t\t<\/div>\n\t\t<\/section>\n\t\t\t\t<section class=\"elementor-section elementor-top-section elementor-element elementor-element-231b40f elementor-section-boxed elementor-section-height-default elementor-section-height-default\" data-id=\"231b40f\" data-element_type=\"section\" data-e-type=\"section\">\n\t\t\t\t\t\t<div class=\"elementor-container elementor-column-gap-default\">\n\t\t\t\t\t<div class=\"elementor-column elementor-col-100 elementor-top-column elementor-element elementor-element-e55089d\" data-id=\"e55089d\" data-element_type=\"column\" data-e-type=\"column\">\n\t\t\t<div class=\"elementor-widget-wrap elementor-element-populated\">\n\t\t\t\t\t\t<div class=\"elementor-element elementor-element-05b0d38 elementor-position-left elementor-vertical-align-top elementor-widget elementor-widget-image-box\" data-id=\"05b0d38\" data-element_type=\"widget\" data-e-type=\"widget\" data-widget_type=\"image-box.default\">\n\t\t\t\t<div class=\"elementor-widget-container\">\n\t\t\t\t\t<div class=\"elementor-image-box-wrapper\"><figure class=\"elementor-image-box-img\"><a href=\"https:\/\/recarprofi.cz\/uvod\/zemedelske-stroje\/picniny\/\" tabindex=\"-1\"><img loading=\"lazy\" decoding=\"async\" width=\"400\" height=\"400\" src=\"https:\/\/recarprofi.cz\/wp-content\/uploads\/2019\/10\/unia-df18v-eco-2.jpg\" class=\"attachment-full size-full wp-image-15292\" alt=\"\" srcset=\"https:\/\/recarprofi.cz\/wp-content\/uploads\/2019\/10\/unia-df18v-eco-2.jpg 400w, https:\/\/recarprofi.cz\/wp-content\/uploads\/2019\/10\/unia-df18v-eco-2-100x100.jpg 100w\" sizes=\"(max-width: 400px) 100vw, 400px\" \/><\/a><\/figure><div class=\"elementor-image-box-content\"><h3 class=\"elementor-image-box-title\"><a href=\"https:\/\/recarprofi.cz\/uvod\/zemedelske-stroje\/picniny\/\">P\u00edcniny<\/a><\/h3><p class=\"elementor-image-box-description\">\u017dac\u00ed stroje, obrace\u010de, shrnova\u010de, lisy, bal\u00ed\u010dky.  <\/p><\/div><\/div>\t\t\t\t<\/div>\n\t\t\t\t<\/div>\n\t\t\t\t\t<\/div>\n\t\t<\/div>\n\t\t\t\t\t<\/div>\n\t\t<\/section>\n\t\t\t\t<section class=\"elementor-section elementor-top-section elementor-element elementor-element-543bc9a elementor-section-boxed elementor-section-height-default elementor-section-height-default\" data-id=\"543bc9a\" data-element_type=\"section\" data-e-type=\"section\">\n\t\t\t\t\t\t<div class=\"elementor-container elementor-column-gap-default\">\n\t\t\t\t\t<div class=\"elementor-column elementor-col-100 elementor-top-column elementor-element elementor-element-c799e78\" data-id=\"c799e78\" data-element_type=\"column\" data-e-type=\"column\">\n\t\t\t<div class=\"elementor-widget-wrap elementor-element-populated\">\n\t\t\t\t\t\t<div class=\"elementor-element elementor-element-53cb1b8 elementor-position-left elementor-vertical-align-top elementor-widget elementor-widget-image-box\" data-id=\"53cb1b8\" data-element_type=\"widget\" data-e-type=\"widget\" data-widget_type=\"image-box.default\">\n\t\t\t\t<div class=\"elementor-widget-container\">\n\t\t\t\t\t<div class=\"elementor-image-box-wrapper\"><figure class=\"elementor-image-box-img\"><a href=\"https:\/\/recarprofi.cz\/uvod\/zemedelske-stroje\/hnojeni\/\" tabindex=\"-1\"><img loading=\"lazy\" decoding=\"async\" width=\"1024\" height=\"635\" src=\"https:\/\/recarprofi.cz\/wp-content\/uploads\/2013\/04\/unia-mxl-5500.jpg\" class=\"attachment-full size-full wp-image-8709\" alt=\"\" srcset=\"https:\/\/recarprofi.cz\/wp-content\/uploads\/2013\/04\/unia-mxl-5500.jpg 1024w, https:\/\/recarprofi.cz\/wp-content\/uploads\/2013\/04\/unia-mxl-5500-600x372.jpg 600w\" sizes=\"(max-width: 1024px) 100vw, 1024px\" \/><\/a><\/figure><div class=\"elementor-image-box-content\"><h3 class=\"elementor-image-box-title\"><a href=\"https:\/\/recarprofi.cz\/uvod\/zemedelske-stroje\/hnojeni\/\">Hnojen\u00ed<\/a><\/h3><p class=\"elementor-image-box-description\">Rozmetadla miner\u00e1ln\u00edch a organick\u00fdch hnojiv.<\/p><\/div><\/div>\t\t\t\t<\/div>\n\t\t\t\t<\/div>\n\t\t\t\t\t<\/div>\n\t\t<\/div>\n\t\t\t\t\t<\/div>\n\t\t<\/section>\n\t\t\t\t<section class=\"elementor-section elementor-top-section elementor-element elementor-element-27b0e2c elementor-section-boxed elementor-section-height-default elementor-section-height-default\" data-id=\"27b0e2c\" data-element_type=\"section\" data-e-type=\"section\">\n\t\t\t\t\t\t<div class=\"elementor-container elementor-column-gap-default\">\n\t\t\t\t\t<div class=\"elementor-column elementor-col-100 elementor-top-column elementor-element elementor-element-4820de2\" data-id=\"4820de2\" data-element_type=\"column\" data-e-type=\"column\">\n\t\t\t<div class=\"elementor-widget-wrap elementor-element-populated\">\n\t\t\t\t\t\t<div class=\"elementor-element elementor-element-503c207 elementor-position-left elementor-vertical-align-top elementor-widget elementor-widget-image-box\" data-id=\"503c207\" data-element_type=\"widget\" data-e-type=\"widget\" data-widget_type=\"image-box.default\">\n\t\t\t\t<div class=\"elementor-widget-container\">\n\t\t\t\t\t<div class=\"elementor-image-box-wrapper\"><figure class=\"elementor-image-box-img\"><a href=\"https:\/\/recarprofi.cz\/uvod\/zemedelske-stroje\/ochrana-rostlin\/\" tabindex=\"-1\"><img loading=\"lazy\" decoding=\"async\" width=\"571\" height=\"342\" src=\"https:\/\/recarprofi.cz\/wp-content\/uploads\/2015\/07\/unia-europa.jpg\" class=\"attachment-full size-full wp-image-6844\" alt=\"\" srcset=\"https:\/\/recarprofi.cz\/wp-content\/uploads\/2015\/07\/unia-europa.jpg 571w, https:\/\/recarprofi.cz\/wp-content\/uploads\/2015\/07\/unia-europa-416x249.jpg 416w\" sizes=\"(max-width: 571px) 100vw, 571px\" \/><\/a><\/figure><div class=\"elementor-image-box-content\"><h3 class=\"elementor-image-box-title\"><a href=\"https:\/\/recarprofi.cz\/uvod\/zemedelske-stroje\/ochrana-rostlin\/\">Ochrana rostlin <\/a><\/h3><p class=\"elementor-image-box-description\">Poln\u00ed a sadov\u00e9 post\u0159ikova\u010de.<\/p><\/div><\/div>\t\t\t\t<\/div>\n\t\t\t\t<\/div>\n\t\t\t\t\t<\/div>\n\t\t<\/div>\n\t\t\t\t\t<\/div>\n\t\t<\/section>\n\t\t\t\t<\/div>\n\t\t","protected":false},"excerpt":{"rendered":"<p>Traktory Skl\u00edzec\u00ed ml\u00e1ti\u010dky Skl\u00edzec\u00ed \u0159eza\u010dky Doprava N\u00e1v\u011bsy, p\u0159\u00edv\u011bsy, nosi\u010de kontejner\u016f, p\u0159epravn\u00edky bal\u00edk\u016f, univerz\u00e1ln\u00ed v\u00fdm\u011bnn\u00e9 n\u00e1stavby, p\u0159epravn\u00edky zv\u00ed\u0159at, cisterny, fek\u00e1ln\u00ed n\u00e1v\u011bsy. Manipulace Teleskopick\u00e9 manipul\u00e1tory, kloubov\u00e9 naklada\u010de, \u010deln\u00ed naklada\u010de. \u00daprava p\u016fdy a set\u00ed Pluhy, podm\u00edta\u010de, kyp\u0159i\u010de, hloubkov\u00e9&hellip;<\/p>\n","protected":false},"author":1,"featured_media":22678,"parent":0,"menu_order":4,"comment_status":"closed","ping_status":"closed","template":"","meta":{"footnotes":""},"class_list":["post-77","page","type-page","status-publish","has-post-thumbnail","hentry"],"_links":{"self":[{"href":"https:\/\/recarprofi.cz\/uvod\/wp-json\/wp\/v2\/pages\/77","targetHints":{"allow":["GET"]}}],"collection":[{"href":"https:\/\/recarprofi.cz\/uvod\/wp-json\/wp\/v2\/pages"}],"about":[{"href":"https:\/\/recarprofi.cz\/uvod\/wp-json\/wp\/v2\/types\/page"}],"author":[{"embeddable":true,"href":"https:\/\/recarprofi.cz\/uvod\/wp-json\/wp\/v2\/users\/1"}],"replies":[{"embeddable":true,"href":"https:\/\/recarprofi.cz\/uvod\/wp-json\/wp\/v2\/comments?post=77"}],"version-history":[{"count":70,"href":"https:\/\/recarprofi.cz\/uvod\/wp-json\/wp\/v2\/pages\/77\/revisions"}],"predecessor-version":[{"id":29283,"href":"https:\/\/recarprofi.cz\/uvod\/wp-json\/wp\/v2\/pages\/77\/revisions\/29283"}],"wp:featuredmedia":[{"embeddable":true,"href":"https:\/\/recarprofi.cz\/uvod\/wp-json\/wp\/v2\/media\/22678"}],"wp:attachment":[{"href":"https:\/\/recarprofi.cz\/uvod\/wp-json\/wp\/v2\/media?parent=77"}],"curies":[{"name":"wp","href":"https:\/\/api.w.org\/{rel}","templated":true}]}}