{"id":8765,"date":"2017-02-08T15:25:07","date_gmt":"2017-02-08T14:25:07","guid":{"rendered":"http:\/\/recarprofi.cz\/?page_id=8765"},"modified":"2020-03-26T14:04:32","modified_gmt":"2020-03-26T13:04:32","slug":"rozmetadla-organickych-hnojiv-cynkomet","status":"publish","type":"page","link":"https:\/\/recarprofi.cz\/uvod\/zemedelska-technika\/hnojeni\/rozmetadla-organickych-hnojiv-cynkomet\/","title":{"rendered":"Rozmetadla organick\u00fdch hnojiv Cynkomet"},"content":{"rendered":"\t\t<div data-elementor-type=\"wp-page\" data-elementor-id=\"8765\" class=\"elementor elementor-8765\">\n\t\t\t\t\t\t<section class=\"elementor-section elementor-top-section elementor-element elementor-element-648253f elementor-section-boxed elementor-section-height-default elementor-section-height-default\" data-id=\"648253f\" data-element_type=\"section\" data-e-type=\"section\">\n\t\t\t\t\t\t<div class=\"elementor-container elementor-column-gap-default\">\n\t\t\t\t\t<div class=\"elementor-column elementor-col-100 elementor-top-column elementor-element elementor-element-7fca6f01\" data-id=\"7fca6f01\" data-element_type=\"column\" data-e-type=\"column\">\n\t\t\t<div class=\"elementor-widget-wrap elementor-element-populated\">\n\t\t\t\t\t\t<div class=\"elementor-element elementor-element-40c64e29 elementor-widget elementor-widget-text-editor\" data-id=\"40c64e29\" data-element_type=\"widget\" data-e-type=\"widget\" data-widget_type=\"text-editor.default\">\n\t\t\t\t<div class=\"elementor-widget-container\">\n\t\t\t\t\t\t\t\t\t<p><strong>Dzik<\/strong> &#8211; Minirozmetadlo, pozinkovan\u00e9, za malotraktory, ocelov\u00e1 podlaha, pohon rozmetac\u00edho \u00fastroj\u00ed od pojezdov\u00fdch kol, podp\u016frn\u00e1 noha s kole\u010dkem, automobilov\u00fd z\u00e1v\u011bs.<\/p><p><a href=\"http:\/\/recarprofi.cz\/wp-content\/uploads\/2017\/02\/cynkomet-dzik.jpg\"><img fetchpriority=\"high\" decoding=\"async\" class=\"aligncenter wp-image-8767 size-full\" src=\"https:\/\/recarprofi.cz\/wp-content\/uploads\/2017\/02\/cynkomet-dzik.jpg\" alt=\"\" width=\"600\" height=\"400\" srcset=\"https:\/\/recarprofi.cz\/wp-content\/uploads\/2017\/02\/cynkomet-dzik.jpg 600w, https:\/\/recarprofi.cz\/wp-content\/uploads\/2017\/02\/cynkomet-dzik-416x277.jpg 416w, https:\/\/recarprofi.cz\/wp-content\/uploads\/2017\/02\/cynkomet-dzik-300x200.jpg 300w\" sizes=\"(max-width: 600px) 100vw, 600px\" \/><\/a><\/p><p><a href=\"http:\/\/recarprofi.cz\/wp-content\/uploads\/2017\/02\/cynkomet-dzik1.jpg\"><img decoding=\"async\" class=\"aligncenter wp-image-8769 size-full\" src=\"https:\/\/recarprofi.cz\/wp-content\/uploads\/2017\/02\/cynkomet-dzik1.jpg\" alt=\"\" width=\"600\" height=\"400\" srcset=\"https:\/\/recarprofi.cz\/wp-content\/uploads\/2017\/02\/cynkomet-dzik1.jpg 600w, https:\/\/recarprofi.cz\/wp-content\/uploads\/2017\/02\/cynkomet-dzik1-416x277.jpg 416w, https:\/\/recarprofi.cz\/wp-content\/uploads\/2017\/02\/cynkomet-dzik1-300x200.jpg 300w\" sizes=\"(max-width: 600px) 100vw, 600px\" \/><\/a><\/p><table><tbody><tr><td><strong>TYP<\/strong><\/td><td>\u00a0<\/td><td><strong>DZIK<\/strong><\/td><\/tr><tr><td>Nosnost<\/td><td>kg<\/td><td>800<\/td><\/tr><tr><td>Vlastn\u00ed v\u00e1ha<\/td><td>kg<\/td><td>350<\/td><\/tr><tr><td>Objem sk\u0159\u00edn\u011b<\/td><td>m<sup>3<\/sup><\/td><td>0,52<\/td><\/tr><tr><td>D\u00e9lka<\/td><td>mm<\/td><td>2 755<\/td><\/tr><tr><td>\u0160\u00ed\u0159ka<\/td><td>mm<\/td><td>1 380<\/td><\/tr><tr><td>V\u00fd\u0161ka bez n\u00e1stavby<\/td><td>mm<\/td><td>735<\/td><\/tr><tr><td>Rozm\u011bry sk\u0159\u00edn\u011b<\/td><td>mm<\/td><td>1400x700x400<\/td><\/tr><tr><td>V\u00fd\u0161ka podlahy od zem\u011b<\/td><td>mm<\/td><td>345<\/td><\/tr><tr><td>Rozchod kol<\/td><td>mm<\/td><td>1 120<\/td><\/tr><tr><td>Kola<\/td><td>\u00a0<\/td><td>23&#215;8,50 12 6PR<\/td><\/tr><tr><td>Podvozek<\/td><td>\u00a0<\/td><td>jendo n\u00e1pravov\u00fd<\/td><\/tr><\/tbody><\/table><p><strong>N-233\/4,5,6 &#8211;<\/strong> Pozinkovan\u00e9, ocelov\u00e1 podlaha pozinkovan\u00e1, konstruk\u010dn\u00ed rychlost 30 km\/h, traktor 45k, demontovateln\u00e9 metac\u00ed za\u0159\u00edzen\u00ed, nahraditeln\u00e9 zadn\u00edm v\u00fdklopn\u00fdm \u010delem, vzduchov\u00e9 brzdy, ru\u010dn\u00ed brzda, podp\u016frn\u00e1\u00a0noha s kole\u010dkem, p\u0159edn\u00ed ochrann\u00e1 s\u00ed\u0165ka, osv\u011btlen\u00ed 12V, kardan.<\/p><p><strong>N-233\/4 A4VS &#8211;<\/strong> Vertik\u00e1ln\u00ed 4 bubnov\u00fd \u0161nek, sklopn\u00e9 bo\u010dn\u00ed st\u011bny, bo\u010dn\u00ed st\u011bny 500 mm.<\/p><p><strong>N-233\/5,6 &#8211;<\/strong> bo\u010dn\u00ed st\u011bny 750 mm<\/p><p><a href=\"http:\/\/recarprofi.cz\/wp-content\/uploads\/2017\/02\/cynkomet-35.jpg\"><img decoding=\"async\" class=\"aligncenter wp-image-8771 size-full\" src=\"https:\/\/recarprofi.cz\/wp-content\/uploads\/2017\/02\/cynkomet-35.jpg\" alt=\"\" width=\"600\" height=\"400\" srcset=\"https:\/\/recarprofi.cz\/wp-content\/uploads\/2017\/02\/cynkomet-35.jpg 600w, https:\/\/recarprofi.cz\/wp-content\/uploads\/2017\/02\/cynkomet-35-416x277.jpg 416w, https:\/\/recarprofi.cz\/wp-content\/uploads\/2017\/02\/cynkomet-35-300x200.jpg 300w\" sizes=\"(max-width: 600px) 100vw, 600px\" \/><\/a><\/p><p><a href=\"http:\/\/recarprofi.cz\/wp-content\/uploads\/2017\/02\/cynkomet-45.jpg\"><img loading=\"lazy\" decoding=\"async\" class=\"aligncenter wp-image-8772 size-full\" src=\"https:\/\/recarprofi.cz\/wp-content\/uploads\/2017\/02\/cynkomet-45.jpg\" alt=\"\" width=\"600\" height=\"400\" srcset=\"https:\/\/recarprofi.cz\/wp-content\/uploads\/2017\/02\/cynkomet-45.jpg 600w, https:\/\/recarprofi.cz\/wp-content\/uploads\/2017\/02\/cynkomet-45-416x277.jpg 416w, https:\/\/recarprofi.cz\/wp-content\/uploads\/2017\/02\/cynkomet-45-300x200.jpg 300w\" sizes=\"(max-width: 600px) 100vw, 600px\" \/><\/a><\/p><table><tbody><tr><td><strong>TYP<\/strong><\/td><td>\u00a0<\/td><td><strong>N-233\/4-1 Z A2HS<\/strong><\/td><td><strong>N-233\/4-2 Z A4VS<\/strong><\/td><td><strong>N-233\/5 Z A2HS<\/strong><\/td><td><strong>N-233\/6 Z A4VS<\/strong><\/td><\/tr><tr><td>Nosnost<\/td><td>kg<\/td><td>3 500<\/td><td>3 500<\/td><td>4 500<\/td><td>4 500<\/td><\/tr><tr><td>Vlastn\u00ed v\u00e1ha<\/td><td>kg<\/td><td>1 380<\/td><td>1 600<\/td><td>1 450<\/td><td>1 620<\/td><\/tr><tr><td>Objem sk\u0159\u00edn\u011b<\/td><td>m<sup>3<\/sup><\/td><td>3,4<\/td><td>3,4<\/td><td>5,25<\/td><td>5,25<\/td><\/tr><tr><td>Lo\u017en\u00e1 plocha<\/td><td>m<sup>2<\/sup><\/td><td>6,8<\/td><td>6,8<\/td><td>6,8<\/td><td>6,8<\/td><\/tr><tr><td>D\u00e9lka<\/td><td>mm<\/td><td>5 770<\/td><td>5 730<\/td><td>5 770<\/td><td>5 730<\/td><\/tr><tr><td>\u0160\u00ed\u0159ka<\/td><td>mm<\/td><td>1 410<\/td><td>2 050<\/td><td>2 060<\/td><td>2 060<\/td><\/tr><tr><td>V\u00fd\u0161ka<\/td><td>mm<\/td><td>2 600<\/td><td>2 600<\/td><td>2 060<\/td><td>2 060<\/td><\/tr><tr><td>Celkov\u00e9 rozm\u011bry<\/td><td>mm<\/td><td>3 960&#215;1 720&#215;500<\/td><td>3 960&#215;1 720&#215;750<\/td><td>3 960&#215;1 720&#215;750<\/td><td>3 960&#215;1 720&#215;750<\/td><\/tr><tr><td>V\u00fd\u0161ka podlahy od zem\u011b<\/td><td>mm<\/td><td>1 040<\/td><td>1 040<\/td><td>1 060<\/td><td>1 060<\/td><\/tr><tr><td>Rozchod kol<\/td><td>mm<\/td><td>1 450<\/td><td>1 450<\/td><td>1 450<\/td><td>1 450<\/td><\/tr><tr><td>kola<\/td><td>\u00a0<\/td><td>11,5\/80-15,3 12 PR<\/td><td>11,5\/80-15,3 12 PR<\/td><td>400\/60-15,5 14PR cal<\/td><td>400\/60-15,5 14PR cal<\/td><\/tr><tr><td>Typ metac\u00edho adat\u00e9ru<\/td><td>\u00a0<\/td><td><p>horizont\u00e1ln\u00ed<\/p><p>dvoububnov\u00fd<\/p><p>\u0161nekov\u00fd <strong>A2HS<\/strong><\/p><\/td><td><p>vertik\u00e1ln\u00ed<\/p><p>\u010dty\u0159bubnov\u00fd \u0161n\u011bkov\u00fd<\/p><p><strong>A4VS<\/strong><\/p><\/td><td><p>horizont\u00e1ln\u00ed<\/p><p>dvoububnov\u00fd<\/p><p>\u0161nekov\u00fd <strong>A2HS<\/strong><\/p><\/td><td><p>vertik\u00e1ln\u00ed<\/p><p>\u010dty\u0159bubnov\u00fd \u0161n\u011bkov\u00fd<\/p><p><strong>A4VS<\/strong><\/p><\/td><\/tr><tr><td colspan=\"2\">Za p\u0159\u00edplatek<\/td><td>\u00a0<\/td><td>\u00a0<\/td><td>\u00a0<\/td><td>\u00a0<\/td><\/tr><tr><td colspan=\"2\">N\u00e1stavky bo\u010dnic 500 mm<\/td><td><strong>\u2713<\/strong><\/td><td><strong>\u2713<\/strong><\/td><td><strong>\u2713<\/strong><\/td><td><strong>\u2713<\/strong><\/td><\/tr><tr><td colspan=\"2\">Zadn\u00ed \u010delo 500 mm<\/td><td><strong>\u2713<\/strong><\/td><td><strong>\u2713<\/strong><\/td><td><strong>\u00d7<\/strong><\/td><td><strong>\u00d7<\/strong><\/td><\/tr><tr><td colspan=\"2\">Kardan<\/td><td><strong>\u2713<\/strong><\/td><td><strong>\u2713<\/strong><\/td><td><strong>\u2713<\/strong><\/td><td><strong>\u2713<\/strong><\/td><\/tr><tr><td colspan=\"2\">Zadn\u00ed \u010delo 630 mm<\/td><td><strong>\u00d7<\/strong><\/td><td><strong>\u00d7<\/strong><\/td><td><strong>\u2713<\/strong><\/td><td><strong>\u2713<\/strong><\/td><\/tr><tr><td colspan=\"2\">Zadn\u00ed st\u011bna ovl. hydraulicky<\/td><td><strong>\u2713<\/strong><\/td><td><strong>\u2713<\/strong><\/td><td><strong>\u2713<\/strong><\/td><td><strong>\u2713<\/strong><\/td><\/tr><\/tbody><\/table><p><a href=\"http:\/\/recarprofi.cz\/wp-content\/uploads\/2019\/04\/cynkomet-n2211.jpg\"><img loading=\"lazy\" decoding=\"async\" class=\"aligncenter wp-image-12068 size-full\" src=\"https:\/\/recarprofi.cz\/wp-content\/uploads\/2019\/04\/cynkomet-n2211.jpg\" alt=\"\" width=\"1000\" height=\"667\" srcset=\"https:\/\/recarprofi.cz\/wp-content\/uploads\/2019\/04\/cynkomet-n2211.jpg 1000w, https:\/\/recarprofi.cz\/wp-content\/uploads\/2019\/04\/cynkomet-n2211-600x400.jpg 600w, https:\/\/recarprofi.cz\/wp-content\/uploads\/2019\/04\/cynkomet-n2211-420x280.jpg 420w, https:\/\/recarprofi.cz\/wp-content\/uploads\/2019\/04\/cynkomet-n2211-744x496.jpg 744w, https:\/\/recarprofi.cz\/wp-content\/uploads\/2019\/04\/cynkomet-n2211-768x512.jpg 768w\" sizes=\"(max-width: 1000px) 100vw, 1000px\" \/><\/a><\/p><table><tbody><tr><td width=\"77\"><strong>Typ<\/strong><\/td><td width=\"77\"><strong>N-221\/4-4<\/strong><\/td><td width=\"77\"><strong>N-221\/3-1<\/strong><\/td><\/tr><tr><td width=\"77\">Nosnost kg<\/td><td width=\"77\">6.000<\/td><td width=\"77\">6.000<\/td><\/tr><tr><td width=\"77\">Vlastn\u00ed hmotnost kg<\/td><td width=\"77\">2.970<\/td><td width=\"77\">3.140<\/td><\/tr><tr><td width=\"77\">Celkov\u00e9 rozm\u011bry mm<\/td><td width=\"77\">6.646&#215;2.410&#215;2.655<\/td><td width=\"77\">6.478&#215;2.410&#215;2.655<\/td><\/tr><tr><td width=\"77\">Rozm\u011bry sk\u0159\u00edn\u011b mm<\/td><td width=\"77\">4.460&#215;2.070&#215;800<\/td><td width=\"77\">4.460&#215;2.070&#215;800<\/td><\/tr><tr><td width=\"77\">Objem m3<\/td><td width=\"77\">7,4<\/td><td width=\"77\">7,4<\/td><\/tr><tr><td width=\"77\">Kola<\/td><td width=\"77\">500\/50-17<\/td><td width=\"77\">500\/50-17<\/td><\/tr><tr><td width=\"77\">V\u00fdkon traktoru k<\/td><td width=\"77\">80<\/td><td width=\"77\">80<\/td><\/tr><tr><td width=\"77\">Typ adapt\u00e9ru<\/td><td width=\"77\">A2HS<\/td><td width=\"77\">A4VS-P<\/td><\/tr><\/tbody><\/table><p><a href=\"http:\/\/recarprofi.cz\/wp-content\/uploads\/2019\/04\/cynkomet-n2212.jpg\"><img loading=\"lazy\" decoding=\"async\" class=\"aligncenter wp-image-12070 size-full\" src=\"https:\/\/recarprofi.cz\/wp-content\/uploads\/2019\/04\/cynkomet-n2212.jpg\" alt=\"\" width=\"1000\" height=\"667\" srcset=\"https:\/\/recarprofi.cz\/wp-content\/uploads\/2019\/04\/cynkomet-n2212.jpg 1000w, https:\/\/recarprofi.cz\/wp-content\/uploads\/2019\/04\/cynkomet-n2212-600x400.jpg 600w, https:\/\/recarprofi.cz\/wp-content\/uploads\/2019\/04\/cynkomet-n2212-420x280.jpg 420w, https:\/\/recarprofi.cz\/wp-content\/uploads\/2019\/04\/cynkomet-n2212-744x496.jpg 744w, https:\/\/recarprofi.cz\/wp-content\/uploads\/2019\/04\/cynkomet-n2212-768x512.jpg 768w\" sizes=\"(max-width: 1000px) 100vw, 1000px\" \/><\/a><\/p><table><tbody><tr><td width=\"77\"><strong>Typ<\/strong><\/td><td width=\"77\"><strong>N-221\/3-3<\/strong><\/td><td width=\"77\"><strong>N-221\/4-3<\/strong><\/td><\/tr><tr><td width=\"77\">Nosnost kg<\/td><td width=\"77\">6.000<\/td><td width=\"77\">6.000<\/td><\/tr><tr><td width=\"77\">Vlastn\u00ed hmotnost kg<\/td><td width=\"77\">3.280<\/td><td width=\"77\">3.210<\/td><\/tr><tr><td width=\"77\">Celkov\u00e9 rozm\u011bry mm<\/td><td width=\"77\">6.320&#215;2.410&#215;2.520<\/td><td width=\"77\">6.490&#215;2.410&#215;2.590<\/td><\/tr><tr><td width=\"77\">Rozm\u011bry sk\u0159\u00edn\u011b mm<\/td><td width=\"77\">4.460&#215;2.070&#215;800<\/td><td width=\"77\">4.460&#215;2.070&#215;800<\/td><\/tr><tr><td width=\"77\">Objem m3<\/td><td width=\"77\">7,4<\/td><td width=\"77\">7,4<\/td><\/tr><tr><td width=\"77\">Kola<\/td><td width=\"77\">400\/60-15,5<\/td><td width=\"77\">400\/60-15,5<\/td><\/tr><tr><td width=\"77\">V\u00fdkon traktoru k<\/td><td width=\"77\">80<\/td><td width=\"77\">80<\/td><\/tr><tr><td width=\"77\">Typ adapt\u00e9ru<\/td><td width=\"77\">A4VS<\/td><td width=\"77\">A2HS<\/td><\/tr><\/tbody><\/table><p><a href=\"http:\/\/recarprofi.cz\/wp-content\/uploads\/2019\/04\/cynkomet-n2213.jpg\"><img loading=\"lazy\" decoding=\"async\" class=\"aligncenter wp-image-12071 size-full\" src=\"https:\/\/recarprofi.cz\/wp-content\/uploads\/2019\/04\/cynkomet-n2213.jpg\" alt=\"\" width=\"1000\" height=\"667\" srcset=\"https:\/\/recarprofi.cz\/wp-content\/uploads\/2019\/04\/cynkomet-n2213.jpg 1000w, https:\/\/recarprofi.cz\/wp-content\/uploads\/2019\/04\/cynkomet-n2213-600x400.jpg 600w, https:\/\/recarprofi.cz\/wp-content\/uploads\/2019\/04\/cynkomet-n2213-420x280.jpg 420w, https:\/\/recarprofi.cz\/wp-content\/uploads\/2019\/04\/cynkomet-n2213-744x496.jpg 744w, https:\/\/recarprofi.cz\/wp-content\/uploads\/2019\/04\/cynkomet-n2213-768x512.jpg 768w\" sizes=\"(max-width: 1000px) 100vw, 1000px\" \/><\/a><\/p><table><tbody><tr><td width=\"77\"><strong>Typ<\/strong><\/td><td width=\"77\"><strong>N-221\/3<\/strong><\/td><td width=\"77\"><strong>N-221\/4<\/strong><\/td><td width=\"77\"><strong>N-221\/3-4<\/strong><\/td><\/tr><tr><td width=\"77\">Nosnost kg<\/td><td width=\"77\">8.000<\/td><td width=\"77\">8.000<\/td><td width=\"77\">8.000<\/td><\/tr><tr><td width=\"77\">Vlastn\u00ed hmotnost kg<\/td><td width=\"77\">3.380<\/td><td width=\"77\">3.210<\/td><td width=\"77\">3.380<\/td><\/tr><tr><td width=\"77\">Celkov\u00e9 rozm\u011bry mm<\/td><td width=\"77\">6.320&#215;2.410&#215;2.620<\/td><td width=\"77\">6.490&#215;2.410&#215;2.690<\/td><td width=\"77\">6.320&#215;2.410&#215;2.670<\/td><\/tr><tr><td width=\"77\">rozm\u011bry sk\u0159\u00edn\u011b mm<\/td><td width=\"77\">4.460&#215;2.060&#215;1.000<\/td><td width=\"77\">4.460&#215;2.060&#215;1.000<\/td><td width=\"77\">4.460&#215;2.060&#215;1.000<\/td><\/tr><tr><td width=\"77\">Objem m3<\/td><td width=\"77\">9,2<\/td><td width=\"77\">9,2<\/td><td width=\"77\">9,2<\/td><\/tr><tr><td width=\"77\">Kola<\/td><td width=\"77\">400\/60-15,5<\/td><td width=\"77\">400\/60-15,5<\/td><td width=\"77\">500\/50-17<\/td><\/tr><tr><td width=\"77\">V\u00fdkon traktoru k<\/td><td width=\"77\">90<\/td><td width=\"77\">90<\/td><td width=\"77\">90<\/td><\/tr><tr><td width=\"77\">Typ adapt\u00e9ru<\/td><td width=\"77\">A4VS<\/td><td width=\"77\">A2HS<\/td><td width=\"77\">A4VS<\/td><\/tr><\/tbody><\/table><p><a href=\"http:\/\/recarprofi.cz\/wp-content\/uploads\/2019\/04\/cynkomet-n2214.jpg\"><img loading=\"lazy\" decoding=\"async\" class=\"aligncenter wp-image-12072 size-full\" src=\"https:\/\/recarprofi.cz\/wp-content\/uploads\/2019\/04\/cynkomet-n2214.jpg\" alt=\"\" width=\"1000\" height=\"667\" srcset=\"https:\/\/recarprofi.cz\/wp-content\/uploads\/2019\/04\/cynkomet-n2214.jpg 1000w, https:\/\/recarprofi.cz\/wp-content\/uploads\/2019\/04\/cynkomet-n2214-600x400.jpg 600w, https:\/\/recarprofi.cz\/wp-content\/uploads\/2019\/04\/cynkomet-n2214-420x280.jpg 420w, https:\/\/recarprofi.cz\/wp-content\/uploads\/2019\/04\/cynkomet-n2214-744x496.jpg 744w, https:\/\/recarprofi.cz\/wp-content\/uploads\/2019\/04\/cynkomet-n2214-768x512.jpg 768w\" sizes=\"(max-width: 1000px) 100vw, 1000px\" \/><\/a><\/p><p>Rozmetadlo Cynkomet N &#8211; 221\/3-8 je ur\u010deno k rozmet\u00e1n\u00ed chl\u00e9vsk\u00e9 mrvy, kompostu, ra\u0161eliny a v\u00e1pna. Konstrukce je \u017e\u00e1rov\u011b zinkovan\u00e1, podlaha m\u00e1 s\u00edlu plechu 4 mm, co\u017e zaji\u0161\u0165uje dlouhou bezporuchovou \u017eivotnost. Pro v\u00fdrobu komponent\u016f jsou pou\u017e\u00edv\u00e1ny vysoce kvalitn\u00ed materi\u00e1ly, co\u017e zaru\u010duje vysokou jakost a bezporuchovost. Rozmetadlo m\u00e1 n\u00e1pravy tandem odpru\u017een\u00e9. Posuv dopravn\u00edku se \u010dty\u0159mi \u0159et\u011bzy je hydraulick\u00fd s plynulou regulac\u00ed posuvu. Po v\u00fdm\u011bn\u011b rozmetac\u00edho adapt\u00e9ru za zadn\u00ed \u010delo s n\u00e1stavky je mo\u017eno vyu\u017e\u00edt rozmetadlo jako velkoobjemov\u00fd p\u0159epravn\u00edk p\u0159i sb\u011bru p\u00edcnin. Hydraulick\u00e1 gilotina odd\u011bluje materi\u00e1l od rozmetac\u00edho adapt\u00e9ru. Rozmetac\u00ed adapt\u00e9r s dv\u011bma svisl\u00fdmi \u0161neky ukon\u010den\u00fdmi tal\u00ed\u0159i a syst\u00e9m deflektor\u016f umo\u017e\u0148uje \u0161irokou \u0161k\u00e1lu mo\u017enost\u00ed nastaven\u00ed rozhozu.<\/p><p><strong>Technick\u00e9 parametry:<\/strong><\/p><ul><li>Nosnost 10 000 kg<\/li><li>Vlastn\u00ed hmotnost 5 680 kg<\/li><li>Tlou\u0161\u0165ka st\u011bny 2,5 mm<\/li><li>D\u00e9lka \u00a08 375 mm<\/li><li>\u0160\u00ed\u0159ka \u00a0\u00a02 475 mm<\/li><li>V\u00fd\u0161ka \u00a03 085 mm<\/li><li>Rozm\u011bry sk\u0159\u00edn\u011b \u00a05 460 x 2 080 x 1 000 mm<\/li><li>Objem sk\u0159\u00edn\u011b 11,4 m3<\/li><li>V\u00fd\u0161ka n\u00e1kladov\u00e9 plochy od podlo\u017e\u00ed \u00a01 610 mm<\/li><li>Rozchod kol \u00a01 800 mm<\/li><li>Rozvor os \u00a01 350 mm<\/li><li>Rychlost transportn\u00ed \u00a040 km<\/li><li>Kola 550\/60 &#8211; 22,5<\/li><\/ul><p><a href=\"http:\/\/recarprofi.cz\/wp-content\/uploads\/2019\/04\/cynkomet-n2215.png\"><img loading=\"lazy\" decoding=\"async\" class=\"aligncenter wp-image-12073 size-full\" src=\"https:\/\/recarprofi.cz\/wp-content\/uploads\/2019\/04\/cynkomet-n2215.png\" alt=\"\" width=\"1000\" height=\"600\" srcset=\"https:\/\/recarprofi.cz\/wp-content\/uploads\/2019\/04\/cynkomet-n2215.png 1000w, https:\/\/recarprofi.cz\/wp-content\/uploads\/2019\/04\/cynkomet-n2215-600x360.png 600w, https:\/\/recarprofi.cz\/wp-content\/uploads\/2019\/04\/cynkomet-n2215-420x252.png 420w, https:\/\/recarprofi.cz\/wp-content\/uploads\/2019\/04\/cynkomet-n2215-744x446.png 744w, https:\/\/recarprofi.cz\/wp-content\/uploads\/2019\/04\/cynkomet-n2215-768x461.png 768w\" sizes=\"(max-width: 1000px) 100vw, 1000px\" \/><\/a><\/p><table><tbody><tr><td width=\"77\"><strong>Typ<\/strong><\/td><td width=\"77\"><strong>N-221\/3-9<\/strong><\/td><\/tr><tr><td width=\"77\">Nosnost kg<\/td><td width=\"77\">12.000<\/td><\/tr><tr><td width=\"77\">Vlastn\u00ed hmotnost kg<\/td><td width=\"77\">6.260<\/td><\/tr><tr><td width=\"77\">Celkov\u00e9 rozm\u011bry mm<\/td><td width=\"77\">8.370&#215;2.405&#215;3.215<\/td><\/tr><tr><td width=\"77\">Rozm\u011bry sk\u0159\u00edn\u011b mm<\/td><td width=\"77\">5.460&#215;2.080&#215;1.350<\/td><\/tr><tr><td width=\"77\">Objem m3<\/td><td width=\"77\">15,3<\/td><\/tr><tr><td width=\"77\">Kola<\/td><td width=\"77\">550\/60-22,5<\/td><\/tr><tr><td width=\"77\">V\u00fdkon traktoru k<\/td><td width=\"77\">120<\/td><\/tr><tr><td width=\"77\">Typ adapt\u00e9ru<\/td><td width=\"77\">A2V<\/td><\/tr><\/tbody><\/table><p><a href=\"http:\/\/recarprofi.cz\/wp-content\/uploads\/2019\/04\/cynkomet-n2216.jpg\"><img loading=\"lazy\" decoding=\"async\" class=\"aligncenter wp-image-12074 size-full\" src=\"https:\/\/recarprofi.cz\/wp-content\/uploads\/2019\/04\/cynkomet-n2216.jpg\" alt=\"\" width=\"1000\" height=\"667\" srcset=\"https:\/\/recarprofi.cz\/wp-content\/uploads\/2019\/04\/cynkomet-n2216.jpg 1000w, https:\/\/recarprofi.cz\/wp-content\/uploads\/2019\/04\/cynkomet-n2216-600x400.jpg 600w, https:\/\/recarprofi.cz\/wp-content\/uploads\/2019\/04\/cynkomet-n2216-420x280.jpg 420w, https:\/\/recarprofi.cz\/wp-content\/uploads\/2019\/04\/cynkomet-n2216-744x496.jpg 744w, https:\/\/recarprofi.cz\/wp-content\/uploads\/2019\/04\/cynkomet-n2216-768x512.jpg 768w\" sizes=\"(max-width: 1000px) 100vw, 1000px\" \/><\/a><\/p><p>Rozmetadlo Cynkomet N &#8211; 264 vanov\u00e9 konstrukce je ur\u010deno k rozmet\u00e1n\u00ed chl\u00e9vsk\u00e9 mrvy, kompostu, ra\u0161eliny a v\u00e1pna.Nosn\u00e1 konstrukce je \u017e\u00e1rov\u011b zinkovan\u00e1, podlaha m\u00e1 s\u00edlu plechu 4mm, co\u017e zaji\u0161\u0165uje dlouhou bezporuchovou \u017eivotnost. Pro v\u00fdrobu komponent\u016f jsou pou\u017e\u00edv\u00e1ny vysoce kvalitn\u00ed materi\u00e1ly co\u017e zaru\u010duje vysokou jakost a bezporuchovost. . Rozmetadlo m\u00e1 n\u00e1pravy tandem odpru\u017een\u00e9. Posuv dopravn\u00edku se \u010dty\u0159mi \u0159et\u011bzy je hydraulick\u00fd s plynulou regulac\u00ed posuvu. Hydraulick\u00e1 gilotina odd\u011bluje materi\u00e1l od \u00a0rozmetac\u00edho adapt\u00e9ru.Rozmetac\u00ed adapt\u00e9r s dv\u011bma svisl\u00fdmi \u0161neky ukon\u010den\u00fdmi tal\u00ed\u0159i a syst\u00e9m deflektor\u016f umo\u017e\u0148uje \u0161irokou \u0161k\u00e1lu mo\u017enost\u00ed nastaven\u00ed rozhozu.<\/p><ul><li>Nosnos 12 000 kg<\/li><li>Vlastn\u00ed hmotnost 4980 kg<\/li><li>tlou\u0161\u0165ka st\u011bny 3 mm<\/li><li>D\u00e9lka \u00a07850 mm<\/li><li>\u0160\u00ed\u0159ka \u00a0\u00a02410 mm<\/li><li>V\u00fd\u0161ka \u00a02900 mm<\/li><li>Rozm\u011bry sk\u0159\u00edn\u011b \u00a05500 x 2140 x 1150 mm<\/li><li>Objem sk\u0159\u00edn\u011b 13,5 m3<\/li><li>V\u00fd\u0161ka n\u00e1kladov\u00e9 plochy od podlo\u017e\u00ed \u00a01460 mm<\/li><li>Rozchod kol \u00a01800 mm<\/li><li>Rozvor os \u00a01350 mm<\/li><li>Rychlost transportn\u00ed \u00a0\u00a040 km<\/li><li>Kola 550\/60 &#8211; 22,5<\/li><\/ul>\t\t\t\t\t\t\t\t<\/div>\n\t\t\t\t<\/div>\n\t\t\t\t\t<\/div>\n\t\t<\/div>\n\t\t\t\t\t<\/div>\n\t\t<\/section>\n\t\t\t\t<\/div>\n\t\t","protected":false},"excerpt":{"rendered":"<p>Dzik &#8211; Minirozmetadlo, pozinkovan\u00e9, za malotraktory, ocelov\u00e1 podlaha, pohon rozmetac\u00edho \u00fastroj\u00ed od pojezdov\u00fdch kol, podp\u016frn\u00e1 noha s kole\u010dkem, automobilov\u00fd z\u00e1v\u011bs. TYP DZIK Nosnost kg 800 Vlastn\u00ed v\u00e1ha kg 350 Objem sk\u0159\u00edn\u011b m3 0,52 D\u00e9lka mm&hellip;<\/p>\n","protected":false},"author":1,"featured_media":0,"parent":3893,"menu_order":8,"comment_status":"closed","ping_status":"closed","template":"","meta":{"footnotes":""},"class_list":["post-8765","page","type-page","status-publish","hentry"],"_links":{"self":[{"href":"https:\/\/recarprofi.cz\/uvod\/wp-json\/wp\/v2\/pages\/8765","targetHints":{"allow":["GET"]}}],"collection":[{"href":"https:\/\/recarprofi.cz\/uvod\/wp-json\/wp\/v2\/pages"}],"about":[{"href":"https:\/\/recarprofi.cz\/uvod\/wp-json\/wp\/v2\/types\/page"}],"author":[{"embeddable":true,"href":"https:\/\/recarprofi.cz\/uvod\/wp-json\/wp\/v2\/users\/1"}],"replies":[{"embeddable":true,"href":"https:\/\/recarprofi.cz\/uvod\/wp-json\/wp\/v2\/comments?post=8765"}],"version-history":[{"count":11,"href":"https:\/\/recarprofi.cz\/uvod\/wp-json\/wp\/v2\/pages\/8765\/revisions"}],"predecessor-version":[{"id":21418,"href":"https:\/\/recarprofi.cz\/uvod\/wp-json\/wp\/v2\/pages\/8765\/revisions\/21418"}],"up":[{"embeddable":true,"href":"https:\/\/recarprofi.cz\/uvod\/wp-json\/wp\/v2\/pages\/3893"}],"wp:attachment":[{"href":"https:\/\/recarprofi.cz\/uvod\/wp-json\/wp\/v2\/media?parent=8765"}],"curies":[{"name":"wp","href":"https:\/\/api.w.org\/{rel}","templated":true}]}}