{"id":13124,"date":"2019-08-09T10:13:41","date_gmt":"2019-08-09T08:13:41","guid":{"rendered":"http:\/\/recarprofi.cz\/?post_type=product&#038;p=13124"},"modified":"2024-09-19T13:51:12","modified_gmt":"2024-09-19T11:51:12","slug":"mini-nakladac-tur-n-520","status":"publish","type":"product","link":"https:\/\/recarprofi.cz\/uvod\/produkt\/mini-nakladac-tur-n-520\/","title":{"rendered":"Mini naklada\u010d TUR"},"content":{"rendered":"<p>Smykem \u0159\u00edzen\u00fd naklada\u010d, d\u00edky jeho rozm\u011br\u016fm je ide\u00e1ln\u00ed do st\u00edsn\u011bn\u00fdch prostor. Se z\u00e1kladn\u00edmi pneumatikami je mo\u017eno projet i 90 cm \u0161irok\u00fdmi dve\u0159mi.<strong>\u00a0 \u00a0 \u00a0 \u00a0 \u00a0 \u00a0 \u00a0 \u00a0 \u00a0<\/strong><\/p>\n<p><strong>Z\u00e1kladn\u00ed v\u00fdbava:<\/strong><\/p>\n<ul>\n<li>Motor Brigs Stattion 15 kon\u00ed<\/li>\n<li>Pneumatiky 5,00-12<\/li>\n<li>Po\u010ditadlo motohodin<\/li>\n<li>Manometr<\/li>\n<li>Filtr hydraulick\u00e9ho oleje<\/li>\n<li>Nastaviteln\u00e1 seda\u010dka \u0159idi\u010de<\/li>\n<li>Ochrann\u00fd r\u00e1m<\/li>\n<li>Chladi\u010d hydraulick\u00e9ho oleje<\/li>\n<li>Odpojova\u010d baterie<\/li>\n<li>Hydraulick\u00e9 rychlospojky n\u00e1\u0159ad\u00ed<\/li>\n<li>Rychlo\u00fachyt n\u00e1\u0159ad\u00ed<\/li>\n<li>Chromovan\u00e9, mazan\u00e9 \u010depy v\u00a0kluzn\u00fdch vlo\u017ek\u00e1ch<\/li>\n<li>Standardn\u00ed l\u017e\u00edce 89 cm<\/li>\n<\/ul>\n<p><strong>Technick\u00e9 parametry:<\/strong><\/p>\n<ul>\n<li>motor: Brigs Stattion<\/li>\n<li>v\u00fdkon motoru: 15 kon\u00ed<\/li>\n<li>objem motoru: 390 cm3<\/li>\n<li>paliwo: benzin E95<\/li>\n<li>spot\u0159eba: 2,5 &#8211; 3,5 l\/mth<\/li>\n<li>objem n\u00e1dr\u017ee: 6,5 l<\/li>\n<li>celkov\u00e1 hmotnost: 720 kg<\/li>\n<li>objem hydr. oleje: 35 l<\/li>\n<li>po\u010det n\u00e1prav: 2<\/li>\n<li>pohon hydraulick\u00fd: 4\u00d74<\/li>\n<li>nosnost: a\u017e 300 kg<\/li>\n<li>\u0161\u00ed\u0159ka 890 mm<\/li>\n<li>d\u00e9lka s\u00a0l\u017e\u00edci 2\u00a0251 mm<\/li>\n<li>v\u00fd\u0161ka 1\u00a0272 mm<\/li>\n<li>v\u00fd\u0161ka vyklopen\u00ed l\u017e\u00edce 1 515 mm<\/li>\n<li>v\u00fd\u0161ka zdvihu 1 920 mm<\/li>\n<\/ul>\n<p><em><strong>Kontakt:<\/strong><\/em><\/p>\n<p>tel. 603 753 615<\/p>\n<p>info@recarprofi.cz<\/p>\n","protected":false},"excerpt":{"rendered":"<p>Smykem \u0159\u00edzen\u00fd naklada\u010d, d\u00edky jeho rozm\u011br\u016fm je ide\u00e1ln\u00ed do st\u00edsn\u011bn\u00fdch prostor. Se z\u00e1kladn\u00edmi pneumatikami je mo\u017eno projet i 90 cm \u0161irok\u00fdmi dve\u0159mi.\u00a0 \u00a0 \u00a0 \u00a0 \u00a0 \u00a0 \u00a0 \u00a0 \u00a0 Z\u00e1kladn\u00ed v\u00fdbava: Motor Brigs Stattion&hellip;<\/p>\n","protected":false},"featured_media":13126,"comment_status":"closed","ping_status":"closed","template":"","meta":[],"product_brand":[],"product_cat":[65],"product_tag":[],"class_list":{"0":"post-13124","1":"product","2":"type-product","3":"status-publish","4":"has-post-thumbnail","6":"product_cat-nakladace","8":"first","9":"instock","10":"sale","11":"taxable","12":"shipping-taxable","13":"purchasable","14":"product-type-simple"},"_links":{"self":[{"href":"https:\/\/recarprofi.cz\/uvod\/wp-json\/wp\/v2\/product\/13124","targetHints":{"allow":["GET"]}}],"collection":[{"href":"https:\/\/recarprofi.cz\/uvod\/wp-json\/wp\/v2\/product"}],"about":[{"href":"https:\/\/recarprofi.cz\/uvod\/wp-json\/wp\/v2\/types\/product"}],"replies":[{"embeddable":true,"href":"https:\/\/recarprofi.cz\/uvod\/wp-json\/wp\/v2\/comments?post=13124"}],"version-history":[{"count":2,"href":"https:\/\/recarprofi.cz\/uvod\/wp-json\/wp\/v2\/product\/13124\/revisions"}],"predecessor-version":[{"id":27104,"href":"https:\/\/recarprofi.cz\/uvod\/wp-json\/wp\/v2\/product\/13124\/revisions\/27104"}],"wp:featuredmedia":[{"embeddable":true,"href":"https:\/\/recarprofi.cz\/uvod\/wp-json\/wp\/v2\/media\/13126"}],"wp:attachment":[{"href":"https:\/\/recarprofi.cz\/uvod\/wp-json\/wp\/v2\/media?parent=13124"}],"wp:term":[{"taxonomy":"product_brand","embeddable":true,"href":"https:\/\/recarprofi.cz\/uvod\/wp-json\/wp\/v2\/product_brand?post=13124"},{"taxonomy":"product_cat","embeddable":true,"href":"https:\/\/recarprofi.cz\/uvod\/wp-json\/wp\/v2\/product_cat?post=13124"},{"taxonomy":"product_tag","embeddable":true,"href":"https:\/\/recarprofi.cz\/uvod\/wp-json\/wp\/v2\/product_tag?post=13124"}],"curies":[{"name":"wp","href":"https:\/\/api.w.org\/{rel}","templated":true}]}}

Mini nakladač TUR

<p>Smykem řízený nakladač, díky jeho rozměrům je ideální do stísněných prostor. Se základními pneumatikami je možno projet i 90 cm širokými dveřmi.<strong>                 </strong></p>
<p><strong>Základní výbava:</strong></p>
<ul>
<li>Motor Brigs Stattion 15 koní</li>
<li>Pneumatiky 5,00-12</li>
<li>Počitadlo motohodin</li>
<li>Manometr</li>
<li>Filtr hydraulického oleje</li>
<li>Nastavitelná sedačka řidiče</li>
<li>Ochranný rám</li>
<li>Chladič hydraulického oleje</li>
<li>Odpojovač baterie</li>
<li>Hydraulické rychlospojky nářadí</li>
<li>Rychloúchyt nářadí</li>
<li>Chromované, mazané čepy v kluzných vložkách</li>
<li>Standardní lžíce 89 cm</li>
</ul>
<p><strong>Technické parametry:</strong></p>
<ul>
<li>motor: Brigs Stattion</li>
<li>výkon motoru: 15 koní</li>
<li>objem motoru: 390 cm3</li>
<li>paliwo: benzin E95</li>
<li>spotřeba: 2,5 &#8211; 3,5 l/mth</li>
<li>objem nádrže: 6,5 l</li>
<li>celková hmotnost: 720 kg</li>
<li>objem hydr. oleje: 35 l</li>
<li>počet náprav: 2</li>
<li>pohon hydraulický: 4×4</li>
<li>nosnost: až 300 kg</li>
<li>šířka 890 mm</li>
<li>délka s lžíci 2 251 mm</li>
<li>výška 1 272 mm</li>
<li>výška vyklopení lžíce 1 515 mm</li>
<li>výška zdvihu 1 920 mm</li>
</ul>
<p><em><strong>Kontakt:</strong></em></p>
<p>tel. 603 753 615</p>
<p>info@recarprofi.cz</p>

<p>Smykem řízený nakladač, díky jeho rozměrům je ideální do stísněných prostor. Se základními pneumatikami je možno projet i 90 cm širokými dveřmi.                  Základní výbava: Motor Brigs Stattion&hellip;</p>
