{"id":13387,"date":"2019-08-16T15:24:45","date_gmt":"2019-08-16T13:24:45","guid":{"rendered":"http:\/\/recarprofi.cz\/?post_type=product&#038;p=13387"},"modified":"2022-08-01T14:14:26","modified_gmt":"2022-08-01T12:14:26","slug":"naves-cynkomet-t-617-4-vana","status":"publish","type":"product","link":"https:\/\/recarprofi.cz\/uvod\/produkt\/naves-cynkomet-t-617-4-vana\/","title":{"rendered":"N\u00e1v\u011bs Cynkomet T-617\/4 (vana)"},"content":{"rendered":"<p><strong>Traktorov\u00fd n\u00e1v\u011bs CYNKOMET T 617\/4 sko\u0159epinov\u00e1 konstrukce sk\u0159\u00edn\u011b, n\u00e1v\u011bs m\u00e1 vanovou korbu sklopnou dozadu. N\u00e1v\u011bs m\u00e1 hydraulick\u00e9 zadn\u00ed \u010delo pro vysklad\u0148ov\u00e1n\u00ed ve kter\u00e9m je v\u00fdsypn\u00e9 ok\u00e9nko. Traktorov\u00fd n\u00e1v\u011bs je ur\u010den pro transport sen\u00e1\u017ee, hnoje, zrnin.<\/strong><\/p>\n<p><strong>STANDARDN\u00cd VYBAVEN\u00cd N\u00c1V\u011aSU<\/strong><\/p>\n<ul>\n<li><strong>Oje z\u00e1v\u011bsu odpru\u017een\u00e1 na pry\u017eov\u00fdch silentbloc\u00edch<\/strong><\/li>\n<li><strong>Z\u00e1v\u011bs spodn\u00ed oko \u00d8 50 mm<\/strong><\/li>\n<li><strong>Podp\u016frn\u00e1 noha hydraulick\u00e1<\/strong><\/li>\n<li><strong>Dr\u017e\u00e1k hydraulick\u00fdch rychlospojek<\/strong><\/li>\n<li><strong>\u017deb\u0159\u00edk a vnit\u0159n\u00ed n\u00e1\u0161lapy umo\u017e\u0148uj\u00edc\u00ed vstup do korby<\/strong><\/li>\n<li><strong>Okna na p\u0159edn\u00edm \u010dele vany<\/strong><\/li>\n<\/ul>\n<ul>\n<li><strong>Staviteln\u00e9 v\u00fdsypn\u00e9 ok\u00e9nko<\/strong><\/li>\n<li><strong>N\u00e1pravy odpru\u017een\u00e9 parabolicky ADR<\/strong><\/li>\n<li><strong>Zakl\u00e1dac\u00ed kliny kol<\/strong><\/li>\n<li><strong>Zadn\u00ed v\u00fdvody hydrauliky a brzd pro p\u0159ipojen\u00ed dal\u0161\u00edho vleku<\/strong><\/li>\n<li><strong>Elektrick\u00e1 instalace 12V<\/strong><\/li>\n<li><strong>Brzdy 2 hadicov\u00e9 pneumatick\u00e9<\/strong><\/li>\n<li><strong>Blatn\u00edky zadn\u00edch kol<\/strong><\/li>\n<li><strong>Pozinkovan\u00e1 konstrukce r\u00e1mu<\/strong><\/li>\n<li><strong>Korba dvouslo\u017ekov\u00e1 povrchov\u00e1 \u00faprava odoln\u00e1 v\u016f\u010di UV z\u00e1\u0159en\u00ed zelen\u00e1.<\/strong><\/li>\n<\/ul>\n<p><strong>Technick\u00e9 parametry:<\/strong><\/p>\n<p><strong>Hmotnost stroje 5.220 kg<\/strong><\/p>\n<p><strong>Nosnost 12 280 kg<\/strong><\/p>\n<p><strong>Objem sk\u0159\u00edn\u011b 12,8\/18,8 m\u00b3<\/strong><\/p>\n<p><strong>Lo\u017en\u00e1 plocha 15 m\u00b2<\/strong><\/p>\n<p><strong>Kola 385\/65 R22,5<\/strong><\/p>\n<p><strong>Maxim\u00e1ln\u00ed rychlost 40 km\/h<\/strong><\/p>\n<p><strong>V\u00fd\u0161ka bo\u010dnic 1000+500 mm<\/strong><\/p>\n<p><strong>Celkov\u00e9 rozm\u011bry (dx\u0161xv)7,5\/2,5\/2,8 m<\/strong><\/p>\n<p><strong>Doporu\u010den\u00fd v\u00fdkon traktoru 80 k<\/strong><\/p>\n<p><strong>Rozchod kol 1.700 mm<\/strong><\/p>\n<p><strong>Vnit\u0159n\u00ed \u0161\u00ed\u0159ka korby 2195 mm<\/strong><\/p>\n<p><strong>Vnit\u0159n\u00ed d\u00e9lka korby 5700\/5850 mm<\/strong><\/p>\n<p><strong>Kontakt:<\/strong><\/p>\n<p><strong>tel. 603 753 615<\/strong><\/p>\n<p><strong>info@recarprofi.cz<\/strong><\/p>\n","protected":false},"excerpt":{"rendered":"<p>Traktorov\u00fd n\u00e1v\u011bs CYNKOMET T 617\/4 sko\u0159epinov\u00e1 konstrukce sk\u0159\u00edn\u011b, n\u00e1v\u011bs m\u00e1 vanovou korbu sklopnou dozadu. N\u00e1v\u011bs m\u00e1 hydraulick\u00e9 zadn\u00ed \u010delo pro vysklad\u0148ov\u00e1n\u00ed ve kter\u00e9m je v\u00fdsypn\u00e9 ok\u00e9nko. Traktorov\u00fd n\u00e1v\u011bs je ur\u010den pro transport sen\u00e1\u017ee, hnoje, zrnin.&hellip;<\/p>\n","protected":false},"featured_media":11559,"comment_status":"open","ping_status":"closed","template":"","meta":[],"product_brand":[],"product_cat":[63],"product_tag":[],"class_list":{"0":"post-13387","1":"product","2":"type-product","3":"status-publish","4":"has-post-thumbnail","6":"product_cat-navesy-traktorove","8":"first","9":"instock","10":"taxable","11":"shipping-taxable","12":"purchasable","13":"product-type-simple"},"_links":{"self":[{"href":"https:\/\/recarprofi.cz\/uvod\/wp-json\/wp\/v2\/product\/13387","targetHints":{"allow":["GET"]}}],"collection":[{"href":"https:\/\/recarprofi.cz\/uvod\/wp-json\/wp\/v2\/product"}],"about":[{"href":"https:\/\/recarprofi.cz\/uvod\/wp-json\/wp\/v2\/types\/product"}],"replies":[{"embeddable":true,"href":"https:\/\/recarprofi.cz\/uvod\/wp-json\/wp\/v2\/comments?post=13387"}],"version-history":[{"count":2,"href":"https:\/\/recarprofi.cz\/uvod\/wp-json\/wp\/v2\/product\/13387\/revisions"}],"predecessor-version":[{"id":24602,"href":"https:\/\/recarprofi.cz\/uvod\/wp-json\/wp\/v2\/product\/13387\/revisions\/24602"}],"wp:featuredmedia":[{"embeddable":true,"href":"https:\/\/recarprofi.cz\/uvod\/wp-json\/wp\/v2\/media\/11559"}],"wp:attachment":[{"href":"https:\/\/recarprofi.cz\/uvod\/wp-json\/wp\/v2\/media?parent=13387"}],"wp:term":[{"taxonomy":"product_brand","embeddable":true,"href":"https:\/\/recarprofi.cz\/uvod\/wp-json\/wp\/v2\/product_brand?post=13387"},{"taxonomy":"product_cat","embeddable":true,"href":"https:\/\/recarprofi.cz\/uvod\/wp-json\/wp\/v2\/product_cat?post=13387"},{"taxonomy":"product_tag","embeddable":true,"href":"https:\/\/recarprofi.cz\/uvod\/wp-json\/wp\/v2\/product_tag?post=13387"}],"curies":[{"name":"wp","href":"https:\/\/api.w.org\/{rel}","templated":true}]}}

Návěs Cynkomet T-617/4 (vana)

<p><strong>Traktorový návěs CYNKOMET T 617/4 skořepinová konstrukce skříně, návěs má vanovou korbu sklopnou dozadu. Návěs má hydraulické zadní čelo pro vyskladňování ve kterém je výsypné okénko. Traktorový návěs je určen pro transport senáže, hnoje, zrnin.</strong></p>
<p><strong>STANDARDNÍ VYBAVENÍ NÁVĚSU</strong></p>
<ul>
<li><strong>Oje závěsu odpružená na pryžových silentblocích</strong></li>
<li><strong>Závěs spodní oko Ø 50 mm</strong></li>
<li><strong>Podpůrná noha hydraulická</strong></li>
<li><strong>Držák hydraulických rychlospojek</strong></li>
<li><strong>Žebřík a vnitřní nášlapy umožňující vstup do korby</strong></li>
<li><strong>Okna na předním čele vany</strong></li>
</ul>
<ul>
<li><strong>Stavitelné výsypné okénko</strong></li>
<li><strong>Nápravy odpružené parabolicky ADR</strong></li>
<li><strong>Zakládací kliny kol</strong></li>
<li><strong>Zadní vývody hydrauliky a brzd pro připojení dalšího vleku</strong></li>
<li><strong>Elektrická instalace 12V</strong></li>
<li><strong>Brzdy 2 hadicové pneumatické</strong></li>
<li><strong>Blatníky zadních kol</strong></li>
<li><strong>Pozinkovaná konstrukce rámu</strong></li>
<li><strong>Korba dvousložková povrchová úprava odolná vůči UV záření zelená.</strong></li>
</ul>
<p><strong>Technické parametry:</strong></p>
<p><strong>Hmotnost stroje 5.220 kg</strong></p>
<p><strong>Nosnost 12 280 kg</strong></p>
<p><strong>Objem skříně 12,8/18,8 m³</strong></p>
<p><strong>Ložná plocha 15 m²</strong></p>
<p><strong>Kola 385/65 R22,5</strong></p>
<p><strong>Maximální rychlost 40 km/h</strong></p>
<p><strong>Výška bočnic 1000+500 mm</strong></p>
<p><strong>Celkové rozměry (dxšxv)7,5/2,5/2,8 m</strong></p>
<p><strong>Doporučený výkon traktoru 80 k</strong></p>
<p><strong>Rozchod kol 1.700 mm</strong></p>
<p><strong>Vnitřní šířka korby 2195 mm</strong></p>
<p><strong>Vnitřní délka korby 5700/5850 mm</strong></p>
<p><strong>Kontakt:</strong></p>
<p><strong>tel. 603 753 615</strong></p>
<p><strong>info@recarprofi.cz</strong></p>

<p>Traktorový návěs CYNKOMET T 617/4 skořepinová konstrukce skříně, návěs má vanovou korbu sklopnou dozadu. Návěs má hydraulické zadní čelo pro vyskladňování ve kterém je výsypné okénko. Traktorový návěs je určen pro transport senáže, hnoje, zrnin.&hellip;</p>
