{"id":13613,"date":"2019-08-23T08:33:53","date_gmt":"2019-08-23T06:33:53","guid":{"rendered":"http:\/\/recarprofi.cz\/?post_type=product&#038;p=13613"},"modified":"2023-08-30T14:21:57","modified_gmt":"2023-08-30T12:21:57","slug":"pluh-zahonovy-rol-ex-pz-3","status":"publish","type":"product","link":"https:\/\/recarprofi.cz\/uvod\/produkt\/pluh-zahonovy-rol-ex-pz-3\/","title":{"rendered":"Pluh z\u00e1honov\u00fd Rol-ex PZ 3"},"content":{"rendered":"<p><strong>\u0160roubov\u00e1 regulace \u0161\u00ed\u0159ky orby, od 0,85 m\u00a0 do 1,25 m . Sv\u011btlost pod r\u00e1mem 75 cm, rozchod mezi t\u011blesy 85 nebo 94 cm. Pracovn\u00ed elementy typu Kverneland.<\/strong><\/p>\n<p><strong>Pluh z\u00e1honov\u00fd s ji\u0161t\u011bn\u00edm listov\u00fdmi pru\u017einy, pro pr\u00e1ci v t\u011b\u017ek\u00fdch podm\u00ednk\u00e1ch.<\/strong><\/p>\n<p><strong>Technick\u00e9 parametry:<\/strong><\/p>\n<p><strong>Hmotnost [kg] 850<\/strong><\/p>\n<p><strong>Ta\u017en\u00fd prost\u0159edek [k] 80\u00f7100<\/strong><\/p>\n<p><strong>Po\u010det orebn\u00edch t\u011bles 3<\/strong><\/p>\n<p><strong>Kontakt:<\/strong><\/p>\n<p><strong>tel.603 753 615<\/strong><\/p>\n<p><strong>info@recarprofi.cz<\/strong><\/p>\n<p>&nbsp;<\/p>\n","protected":false},"excerpt":{"rendered":"<p>\u0160roubov\u00e1 regulace \u0161\u00ed\u0159ky orby, od 0,85 m\u00a0 do 1,25 m . Sv\u011btlost pod r\u00e1mem 75 cm, rozchod mezi t\u011blesy 85 nebo 94 cm. Pracovn\u00ed elementy typu Kverneland. Pluh z\u00e1honov\u00fd s ji\u0161t\u011bn\u00edm listov\u00fdmi pru\u017einy, pro pr\u00e1ci&hellip;<\/p>\n","protected":false},"featured_media":13614,"comment_status":"closed","ping_status":"closed","template":"","meta":[],"product_brand":[],"product_cat":[70],"product_tag":[],"class_list":{"0":"post-13613","1":"product","2":"type-product","3":"status-publish","4":"has-post-thumbnail","6":"product_cat-www-recarprofi-cz-eshop-pluhy","8":"first","9":"instock","10":"taxable","11":"shipping-taxable","12":"purchasable","13":"product-type-simple"},"_links":{"self":[{"href":"https:\/\/recarprofi.cz\/uvod\/wp-json\/wp\/v2\/product\/13613","targetHints":{"allow":["GET"]}}],"collection":[{"href":"https:\/\/recarprofi.cz\/uvod\/wp-json\/wp\/v2\/product"}],"about":[{"href":"https:\/\/recarprofi.cz\/uvod\/wp-json\/wp\/v2\/types\/product"}],"replies":[{"embeddable":true,"href":"https:\/\/recarprofi.cz\/uvod\/wp-json\/wp\/v2\/comments?post=13613"}],"version-history":[{"count":1,"href":"https:\/\/recarprofi.cz\/uvod\/wp-json\/wp\/v2\/product\/13613\/revisions"}],"predecessor-version":[{"id":25472,"href":"https:\/\/recarprofi.cz\/uvod\/wp-json\/wp\/v2\/product\/13613\/revisions\/25472"}],"wp:featuredmedia":[{"embeddable":true,"href":"https:\/\/recarprofi.cz\/uvod\/wp-json\/wp\/v2\/media\/13614"}],"wp:attachment":[{"href":"https:\/\/recarprofi.cz\/uvod\/wp-json\/wp\/v2\/media?parent=13613"}],"wp:term":[{"taxonomy":"product_brand","embeddable":true,"href":"https:\/\/recarprofi.cz\/uvod\/wp-json\/wp\/v2\/product_brand?post=13613"},{"taxonomy":"product_cat","embeddable":true,"href":"https:\/\/recarprofi.cz\/uvod\/wp-json\/wp\/v2\/product_cat?post=13613"},{"taxonomy":"product_tag","embeddable":true,"href":"https:\/\/recarprofi.cz\/uvod\/wp-json\/wp\/v2\/product_tag?post=13613"}],"curies":[{"name":"wp","href":"https:\/\/api.w.org\/{rel}","templated":true}]}}

Pluh záhonový Rol-ex PZ 3

<p><strong>Šroubová regulace šířky orby, od 0,85 m  do 1,25 m . Světlost pod rámem 75 cm, rozchod mezi tělesy 85 nebo 94 cm. Pracovní elementy typu Kverneland.</strong></p>
<p><strong>Pluh záhonový s jištěním listovými pružiny, pro práci v těžkých podmínkách.</strong></p>
<p><strong>Technické parametry:</strong></p>
<p><strong>Hmotnost [kg] 850</strong></p>
<p><strong>Tažný prostředek [k] 80÷100</strong></p>
<p><strong>Počet orebních těles 3</strong></p>
<p><strong>Kontakt:</strong></p>
<p><strong>tel.603 753 615</strong></p>
<p><strong>info@recarprofi.cz</strong></p>
<p>&nbsp;</p>

<p>Šroubová regulace šířky orby, od 0,85 m  do 1,25 m . Světlost pod rámem 75 cm, rozchod mezi tělesy 85 nebo 94 cm. Pracovní elementy typu Kverneland. Pluh záhonový s jištěním listovými pružiny, pro práci&hellip;</p>
