{"id":13618,"date":"2019-08-23T09:28:50","date_gmt":"2019-08-23T07:28:50","guid":{"rendered":"http:\/\/recarprofi.cz\/?post_type=product&#038;p=13618"},"modified":"2024-12-10T13:30:29","modified_gmt":"2024-12-10T12:30:29","slug":"rozmetadlo-mrvy-cynkomet-dzik-n-200","status":"publish","type":"product","link":"https:\/\/recarprofi.cz\/uvod\/produkt\/rozmetadlo-mrvy-cynkomet-dzik-n-200\/","title":{"rendered":"Rozmetadlo Cynkomet Dzik N-200"},"content":{"rendered":"<h5><strong>DZIK N-200 \u2013 mini rozmetadlo, pozinkovan\u00e9, za malotraktory nebo \u010dty\u0159kolky, ocelov\u00e1 podlaha, pohon rozmetac\u00edho \u00fastroj\u00ed od pojezdov\u00fdch kol, podp\u016frn\u00e1 noha s kole\u010dkem, automobilov\u00fd kulov\u00fd z\u00e1v\u011bs.<\/strong><\/h5>\n<h5><strong>Technick\u00e9 parametry:<\/strong><\/h5>\n<h5><strong>Nosnost [kg] 800<\/strong><br \/>\n<strong>Vlastn\u00ed hmotnost [kg] 420<\/strong><br \/>\n<strong>Objem sk\u0159\u00edn\u011b [m3] 0,6<\/strong><br \/>\n<strong>Celkov\u00e1 d\u00e9lka [mm] 3070<\/strong><br \/>\n<strong>Celkov\u00e1 \u0161\u00ed\u0159ka [mm] 1380<\/strong><br \/>\n<strong>V\u00fd\u0161ka bez n\u00e1stavby [mm] 1090<\/strong><br \/>\n<strong>Rozm\u011bry n\u00e1kladov\u00e9ho prostoru [mm] 1560x700x510<\/strong><br \/>\n<strong>V\u00fd\u0161ka podlahy od zem\u011b [mm] 420<\/strong><br \/>\n<strong>Rozchod kol [mm] 1120<\/strong><br \/>\n<strong>Kola 23&#215;8,50 12PR<\/strong><br \/>\n<strong>S\u00edla podlahy\/st\u011bn [mm] 3\/3<\/strong><br \/>\n<strong>Transportn\u00ed rychlost [km\/h]<\/strong><\/h5>\n","protected":false},"excerpt":{"rendered":"<p>DZIK N-200 \u2013 mini rozmetadlo, pozinkovan\u00e9, za malotraktory nebo \u010dty\u0159kolky, ocelov\u00e1 podlaha, pohon rozmetac\u00edho \u00fastroj\u00ed od pojezdov\u00fdch kol, podp\u016frn\u00e1 noha s kole\u010dkem, automobilov\u00fd kulov\u00fd z\u00e1v\u011bs. Technick\u00e9 parametry: Nosnost [kg] 800 Vlastn\u00ed hmotnost [kg] 420 Objem&hellip;<\/p>\n","protected":false},"featured_media":8767,"comment_status":"open","ping_status":"closed","template":"","meta":[],"product_brand":[],"product_cat":[71],"product_tag":[],"class_list":{"0":"post-13618","1":"product","2":"type-product","3":"status-publish","4":"has-post-thumbnail","6":"product_cat-rozmetadla-mrvy","8":"first","9":"instock","10":"taxable","11":"shipping-taxable","12":"purchasable","13":"product-type-simple"},"_links":{"self":[{"href":"https:\/\/recarprofi.cz\/uvod\/wp-json\/wp\/v2\/product\/13618","targetHints":{"allow":["GET"]}}],"collection":[{"href":"https:\/\/recarprofi.cz\/uvod\/wp-json\/wp\/v2\/product"}],"about":[{"href":"https:\/\/recarprofi.cz\/uvod\/wp-json\/wp\/v2\/types\/product"}],"replies":[{"embeddable":true,"href":"https:\/\/recarprofi.cz\/uvod\/wp-json\/wp\/v2\/comments?post=13618"}],"version-history":[{"count":3,"href":"https:\/\/recarprofi.cz\/uvod\/wp-json\/wp\/v2\/product\/13618\/revisions"}],"predecessor-version":[{"id":24579,"href":"https:\/\/recarprofi.cz\/uvod\/wp-json\/wp\/v2\/product\/13618\/revisions\/24579"}],"wp:featuredmedia":[{"embeddable":true,"href":"https:\/\/recarprofi.cz\/uvod\/wp-json\/wp\/v2\/media\/8767"}],"wp:attachment":[{"href":"https:\/\/recarprofi.cz\/uvod\/wp-json\/wp\/v2\/media?parent=13618"}],"wp:term":[{"taxonomy":"product_brand","embeddable":true,"href":"https:\/\/recarprofi.cz\/uvod\/wp-json\/wp\/v2\/product_brand?post=13618"},{"taxonomy":"product_cat","embeddable":true,"href":"https:\/\/recarprofi.cz\/uvod\/wp-json\/wp\/v2\/product_cat?post=13618"},{"taxonomy":"product_tag","embeddable":true,"href":"https:\/\/recarprofi.cz\/uvod\/wp-json\/wp\/v2\/product_tag?post=13618"}],"curies":[{"name":"wp","href":"https:\/\/api.w.org\/{rel}","templated":true}]}}