{"id":14133,"date":"2019-09-11T08:04:44","date_gmt":"2019-09-11T06:04:44","guid":{"rendered":"http:\/\/recarprofi.cz\/?post_type=product&#038;p=14133"},"modified":"2024-05-20T15:34:53","modified_gmt":"2024-05-20T13:34:53","slug":"pluh-otocny-skr-roto-41","status":"publish","type":"product","link":"https:\/\/recarprofi.cz\/uvod\/produkt\/pluh-otocny-skr-roto-41\/","title":{"rendered":"Pluh oto\u010dn\u00fd SKR Roto 4+1"},"content":{"rendered":"<p>Tento typ nesen\u00e9ho obracec\u00edho pluhu napom\u00e1h\u00e1 intenzivn\u00ed orb\u011b na farm\u00e1ch mal\u00e9 a\u017e st\u0159edn\u00ed velikosti.<\/p>\n<p>Konstrukce pluhu\u00a0<strong>SKR ROTO<\/strong>\u00a0sn\u00ed\u017e\u00ed zem\u011bd\u011blc\u016fm provozn\u00ed n\u00e1klady.<\/p>\n<p>Lehk\u00fd, robustn\u00ed, snadno ovladateln\u00fd a nastaviteln\u00fd pluh.<\/p>\n<p>Vhodn\u00fd pro orbu do hloubky a\u017e 35 cm.<\/p>\n<p><strong>Standardn\u00ed v\u00fdbava:<\/strong><\/p>\n<ul>\n<li>Odhrnovac\u00ed deska: SR30<\/li>\n<li>Zahrnova\u010d rostlinn\u00fdch zbytk\u016f<\/li>\n<li>Prodlu\u017eovac\u00ed k\u0159id\u00e9lka<\/li>\n<li>Hydraulick\u00fd v\u00e1lec s\u00a0automatem p\u0159et\u00e1\u010den\u00ed<\/li>\n<li>Podp\u011brn\u00e9 kolo (\u00f8 560\u00d7175)<\/li>\n<li>Vidlicov\u00fd z\u00e1v\u011bs kat. 2<\/li>\n<li><strong>Ji\u0161t\u011bn\u00ed \u0161roubem na tah<\/strong><\/li>\n<li>Technick\u00e9 osv\u011bd\u010den\u00ed<\/li>\n<li>Nastaven\u00ed z\u00e1b\u011bru prvn\u00ed radlice<\/li>\n<\/ul>\n<p><strong>Technick\u00e9 parametry:<\/strong><\/p>\n<table>\n<thead>\n<tr>\n<th colspan=\"3\">Po\u010det radlic<\/th>\n<th><\/th>\n<th><\/th>\n<th><\/th>\n<th><\/th>\n<th><\/th>\n<th>4+1<\/th>\n<\/tr>\n<\/thead>\n<tbody>\n<tr>\n<td><img decoding=\"async\" src=\"https:\/\/www.sukov.cz\/wp-content\/uploads\/2019\/02\/V%C3%A1ha-pluhu.png\" \/><\/td>\n<td><strong>V\u00e1ha pluhu<\/strong><\/td>\n<td><strong>kg<\/strong><\/td>\n<td><\/td>\n<td><\/td>\n<td><\/td>\n<td><\/td>\n<td><\/td>\n<td>1 160<\/td>\n<\/tr>\n<tr>\n<td><img decoding=\"async\" src=\"https:\/\/www.sukov.cz\/wp-content\/uploads\/2019\/02\/V%C3%BDkon-traktoru.png\" \/><\/td>\n<td><strong>V\u00fdkon traktoru<\/strong><\/td>\n<td><strong>hp<\/strong><\/td>\n<td colspan=\"2\"><\/td>\n<td><\/td>\n<td><\/td>\n<td colspan=\"2\">90 -150<\/td>\n<\/tr>\n<tr>\n<td><img decoding=\"async\" src=\"https:\/\/www.sukov.cz\/wp-content\/uploads\/2019\/02\/vykonnost.png\" \/><\/td>\n<td><strong>V\u00fdkonnost<\/strong><\/td>\n<td><strong>ha\/h<\/strong><\/td>\n<td><\/td>\n<td><\/td>\n<td><\/td>\n<td><\/td>\n<td><\/td>\n<td>1,0 &#8211; 1,7<\/td>\n<\/tr>\n<tr>\n<td><img decoding=\"async\" src=\"https:\/\/www.sukov.cz\/wp-content\/uploads\/2019\/02\/Pracovn%C3%AD-z%C3%A1b%C4%9Br.png\" \/><\/td>\n<td><strong>Pracovn\u00ed z\u00e1b\u011br<\/strong><\/td>\n<td><strong>cm<\/strong><\/td>\n<td colspan=\"6\">30, 35, 40<\/td>\n<\/tr>\n<tr>\n<td><img decoding=\"async\" src=\"https:\/\/www.sukov.cz\/wp-content\/uploads\/2019\/02\/R%C3%A1m.png\" \/><\/td>\n<td><strong>R\u00e1m<\/strong><\/td>\n<td><strong>mm<\/strong><\/td>\n<td colspan=\"6\">120 x 120 x 10<\/td>\n<\/tr>\n<tr>\n<td><img decoding=\"async\" src=\"https:\/\/www.sukov.cz\/wp-content\/uploads\/2019\/02\/Rozestup-mezi-t%C4%9Blesy.png\" \/><\/td>\n<td><strong>Rozestup mezi t\u011blesy<\/strong><\/td>\n<td><strong>mm<\/strong><\/td>\n<td colspan=\"6\">850<\/td>\n<\/tr>\n<tr>\n<td><img decoding=\"async\" src=\"https:\/\/www.sukov.cz\/wp-content\/uploads\/2019\/02\/V%C3%BD%C5%A1ka-pod-r%C3%A1m.png\" \/><\/td>\n<td><strong>V\u00fd\u0161ka pod r\u00e1m<\/strong><\/td>\n<td><strong>mm<\/strong><\/td>\n<td colspan=\"6\">730<\/td>\n<\/tr>\n<\/tbody>\n<\/table>\n<p>&nbsp;<\/p>\n<p>&nbsp;<\/p>\n<p>&nbsp;<\/p>\n<p>Kontakt:<\/p>\n<p>info@recarprofi.cz<\/p>\n<p>tel. 603 753 615<\/p>\n","protected":false},"excerpt":{"rendered":"<p>Tento typ nesen\u00e9ho obracec\u00edho pluhu napom\u00e1h\u00e1 intenzivn\u00ed orb\u011b na farm\u00e1ch mal\u00e9 a\u017e st\u0159edn\u00ed velikosti. Konstrukce pluhu\u00a0SKR ROTO\u00a0sn\u00ed\u017e\u00ed zem\u011bd\u011blc\u016fm provozn\u00ed n\u00e1klady. Lehk\u00fd, robustn\u00ed, snadno ovladateln\u00fd a nastaviteln\u00fd pluh. Vhodn\u00fd pro orbu do hloubky a\u017e 35 cm.&hellip;<\/p>\n","protected":false},"featured_media":27010,"comment_status":"closed","ping_status":"closed","template":"","meta":[],"product_brand":[],"product_cat":[70],"product_tag":[],"class_list":{"0":"post-14133","1":"product","2":"type-product","3":"status-publish","4":"has-post-thumbnail","6":"product_cat-www-recarprofi-cz-eshop-pluhy","8":"first","9":"instock","10":"sale","11":"taxable","12":"shipping-taxable","13":"purchasable","14":"product-type-simple"},"_links":{"self":[{"href":"https:\/\/recarprofi.cz\/uvod\/wp-json\/wp\/v2\/product\/14133","targetHints":{"allow":["GET"]}}],"collection":[{"href":"https:\/\/recarprofi.cz\/uvod\/wp-json\/wp\/v2\/product"}],"about":[{"href":"https:\/\/recarprofi.cz\/uvod\/wp-json\/wp\/v2\/types\/product"}],"replies":[{"embeddable":true,"href":"https:\/\/recarprofi.cz\/uvod\/wp-json\/wp\/v2\/comments?post=14133"}],"version-history":[{"count":2,"href":"https:\/\/recarprofi.cz\/uvod\/wp-json\/wp\/v2\/product\/14133\/revisions"}],"predecessor-version":[{"id":27011,"href":"https:\/\/recarprofi.cz\/uvod\/wp-json\/wp\/v2\/product\/14133\/revisions\/27011"}],"wp:featuredmedia":[{"embeddable":true,"href":"https:\/\/recarprofi.cz\/uvod\/wp-json\/wp\/v2\/media\/27010"}],"wp:attachment":[{"href":"https:\/\/recarprofi.cz\/uvod\/wp-json\/wp\/v2\/media?parent=14133"}],"wp:term":[{"taxonomy":"product_brand","embeddable":true,"href":"https:\/\/recarprofi.cz\/uvod\/wp-json\/wp\/v2\/product_brand?post=14133"},{"taxonomy":"product_cat","embeddable":true,"href":"https:\/\/recarprofi.cz\/uvod\/wp-json\/wp\/v2\/product_cat?post=14133"},{"taxonomy":"product_tag","embeddable":true,"href":"https:\/\/recarprofi.cz\/uvod\/wp-json\/wp\/v2\/product_tag?post=14133"}],"curies":[{"name":"wp","href":"https:\/\/api.w.org\/{rel}","templated":true}]}}

Pluh otočný SKR Roto 4+1

<p>Tento typ neseného obracecího pluhu napomáhá intenzivní orbě na farmách malé až střední velikosti.</p>
<p>Konstrukce pluhu <strong>SKR ROTO</strong> sníží zemědělcům provozní náklady.</p>
<p>Lehký, robustní, snadno ovladatelný a nastavitelný pluh.</p>
<p>Vhodný pro orbu do hloubky až 35 cm.</p>
<p><strong>Standardní výbava:</strong></p>
<ul>
<li>Odhrnovací deska: SR30</li>
<li>Zahrnovač rostlinných zbytků</li>
<li>Prodlužovací křidélka</li>
<li>Hydraulický válec s automatem přetáčení</li>
<li>Podpěrné kolo (ø 560×175)</li>
<li>Vidlicový závěs kat. 2</li>
<li><strong>Jištění šroubem na tah</strong></li>
<li>Technické osvědčení</li>
<li>Nastavení záběru první radlice</li>
</ul>
<p><strong>Technické parametry:</strong></p>
<table>
<thead>
<tr>
<th colspan="3">Počet radlic</th>
<th></th>
<th></th>
<th></th>
<th></th>
<th></th>
<th>4+1</th>
</tr>
</thead>
<tbody>
<tr>
<td><img decoding="async" src="https://www.sukov.cz/wp-content/uploads/2019/02/V%C3%A1ha-pluhu.png" /></td>
<td><strong>Váha pluhu</strong></td>
<td><strong>kg</strong></td>
<td></td>
<td></td>
<td></td>
<td></td>
<td></td>
<td>1 160</td>
</tr>
<tr>
<td><img decoding="async" src="https://www.sukov.cz/wp-content/uploads/2019/02/V%C3%BDkon-traktoru.png" /></td>
<td><strong>Výkon traktoru</strong></td>
<td><strong>hp</strong></td>
<td colspan="2"></td>
<td></td>
<td></td>
<td colspan="2">90 -150</td>
</tr>
<tr>
<td><img decoding="async" src="https://www.sukov.cz/wp-content/uploads/2019/02/vykonnost.png" /></td>
<td><strong>Výkonnost</strong></td>
<td><strong>ha/h</strong></td>
<td></td>
<td></td>
<td></td>
<td></td>
<td></td>
<td>1,0 &#8211; 1,7</td>
</tr>
<tr>
<td><img decoding="async" src="https://www.sukov.cz/wp-content/uploads/2019/02/Pracovn%C3%AD-z%C3%A1b%C4%9Br.png" /></td>
<td><strong>Pracovní záběr</strong></td>
<td><strong>cm</strong></td>
<td colspan="6">30, 35, 40</td>
</tr>
<tr>
<td><img decoding="async" src="https://www.sukov.cz/wp-content/uploads/2019/02/R%C3%A1m.png" /></td>
<td><strong>Rám</strong></td>
<td><strong>mm</strong></td>
<td colspan="6">120 x 120 x 10</td>
</tr>
<tr>
<td><img decoding="async" src="https://www.sukov.cz/wp-content/uploads/2019/02/Rozestup-mezi-t%C4%9Blesy.png" /></td>
<td><strong>Rozestup mezi tělesy</strong></td>
<td><strong>mm</strong></td>
<td colspan="6">850</td>
</tr>
<tr>
<td><img decoding="async" src="https://www.sukov.cz/wp-content/uploads/2019/02/V%C3%BD%C5%A1ka-pod-r%C3%A1m.png" /></td>
<td><strong>Výška pod rám</strong></td>
<td><strong>mm</strong></td>
<td colspan="6">730</td>
</tr>
</tbody>
</table>
<p>&nbsp;</p>
<p>&nbsp;</p>
<p>&nbsp;</p>
<p>Kontakt:</p>
<p>info@recarprofi.cz</p>
<p>tel. 603 753 615</p>

<p>Tento typ neseného obracecího pluhu napomáhá intenzivní orbě na farmách malé až střední velikosti. Konstrukce pluhu SKR ROTO sníží zemědělcům provozní náklady. Lehký, robustní, snadno ovladatelný a nastavitelný pluh. Vhodný pro orbu do hloubky až 35 cm.&hellip;</p>
