{"id":14148,"date":"2019-09-11T09:50:49","date_gmt":"2019-09-11T07:50:49","guid":{"rendered":"http:\/\/recarprofi.cz\/?post_type=product&#038;p=14148"},"modified":"2024-05-14T09:56:39","modified_gmt":"2024-05-14T07:56:39","slug":"pluh-otocny-downhil-spring-3","status":"publish","type":"product","link":"https:\/\/recarprofi.cz\/uvod\/produkt\/pluh-otocny-downhil-spring-3\/","title":{"rendered":"Pluh oto\u010dn\u00fd Downhil Spring 3+"},"content":{"rendered":"<p>Pluhy \u0159ady\u00a0<strong>DOWNHIL SPRING<\/strong>\u00a0disponuj\u00ed hlavn\u00edm r\u00e1mem o rozm\u011bru 120x120x10 mm.<\/p>\n<p>Hlavn\u00ed v\u00fdhodou ji\u0161t\u011bn\u00ed\u00a0<strong>SPRING<\/strong>\u00a0je, \u017ee orebn\u00ed t\u011blesa jsou ji\u0161t\u011bna 7 \u2014 listov\u00fdmi pru\u017einami.<\/p>\n<p>Bez\u00fadr\u017ebov\u00e9 non-stop ji\u0161t\u011bn\u00ed\u00a0<strong>SPRING<\/strong>\u00a0zaru\u010duje nep\u0159eru\u0161ovanou orbu po najet\u00ed na kameny.<\/p>\n<p><strong>Standardn\u00ed v\u00fdbava:<\/strong><\/p>\n<ul>\n<li>Odhrnovac\u00ed desky: JR30, SR30, KV09, LM35<\/li>\n<li>Zahrnova\u010d rostlinn\u00fdch zbytk\u016f<\/li>\n<li>Prodlu\u017eovac\u00ed k\u0159id\u00e9lka<\/li>\n<li>Hydraulick\u00fd v\u00e1lec s\u00a0automatem p\u0159et\u00e1\u010den\u00ed<\/li>\n<li>Podp\u011brn\u00e9 kolo (\u00f8 560\u00d7175)<\/li>\n<li>Vidlicov\u00fd z\u00e1v\u011bs kat. 2<\/li>\n<li><strong>Ji\u0161t\u011bn\u00ed non-stop listovou pru\u017einou<\/strong><\/li>\n<li>Technick\u00e9 osv\u011bd\u010den\u00ed<\/li>\n<li>Nastaven\u00ed z\u00e1b\u011bru prvn\u00ed radlice<\/li>\n<\/ul>\n<p><strong>Technick\u00e9 parametry:<\/strong><\/p>\n<table>\n<thead>\n<tr>\n<th colspan=\"3\">Po\u010det radlic<\/th>\n<th><\/th>\n<th>3+<\/th>\n<th><\/th>\n<th><\/th>\n<\/tr>\n<\/thead>\n<tbody>\n<tr>\n<td><img decoding=\"async\" src=\"https:\/\/www.sukov.cz\/wp-content\/uploads\/2019\/02\/V%C3%A1ha-pluhu.png\" \/><\/td>\n<td><strong>V\u00e1ha pluhu<\/strong><\/td>\n<td><strong>kg<\/strong><\/td>\n<td><\/td>\n<td colspan=\"2\">1072<\/td>\n<td><\/td>\n<\/tr>\n<tr>\n<td><img decoding=\"async\" src=\"https:\/\/www.sukov.cz\/wp-content\/uploads\/2019\/02\/V%C3%BDkon-traktoru.png\" \/><\/td>\n<td><strong>V\u00fdkon traktoru<\/strong><\/td>\n<td><strong>hp<\/strong><\/td>\n<td colspan=\"2\">80 &#8211; 110<\/td>\n<td><\/td>\n<td><\/td>\n<\/tr>\n<tr>\n<td><img decoding=\"async\" src=\"https:\/\/www.sukov.cz\/wp-content\/uploads\/2019\/02\/vykonnost.png\" \/><\/td>\n<td><strong>V\u00fdkonnost<\/strong><\/td>\n<td><strong>ha\/h<\/strong><\/td>\n<td><\/td>\n<td>0,65 &#8211; 1,1<\/td>\n<td><\/td>\n<td><\/td>\n<\/tr>\n<tr>\n<td><img decoding=\"async\" src=\"https:\/\/www.sukov.cz\/wp-content\/uploads\/2019\/02\/Pracovn%C3%AD-z%C3%A1b%C4%9Br.png\" \/><\/td>\n<td><strong>Pracovn\u00ed z\u00e1b\u011br<\/strong><\/td>\n<td><strong>cm<\/strong><\/td>\n<td colspan=\"4\">30, 35, 40<\/td>\n<\/tr>\n<tr>\n<td><img decoding=\"async\" src=\"https:\/\/www.sukov.cz\/wp-content\/uploads\/2019\/02\/R%C3%A1m.png\" \/><\/td>\n<td><strong>R\u00e1m<\/strong><\/td>\n<td><strong>mm<\/strong><\/td>\n<td colspan=\"4\">120 x 120 x 10<\/td>\n<\/tr>\n<tr>\n<td><img decoding=\"async\" src=\"https:\/\/www.sukov.cz\/wp-content\/uploads\/2019\/02\/Rozestup-mezi-t%C4%9Blesy.png\" \/><\/td>\n<td><strong>Rozestup mezi t\u011blesy<\/strong><\/td>\n<td><strong>mm<\/strong><\/td>\n<td colspan=\"4\">850<\/td>\n<\/tr>\n<tr>\n<td><img decoding=\"async\" src=\"https:\/\/www.sukov.cz\/wp-content\/uploads\/2019\/02\/V%C3%BD%C5%A1ka-pod-r%C3%A1m.png\" \/><\/td>\n<td><strong>V\u00fd\u0161ka pod r\u00e1m<\/strong><\/td>\n<td><strong>mm<\/strong><\/td>\n<td colspan=\"4\">730 &#8211; 770<\/td>\n<\/tr>\n<\/tbody>\n<\/table>\n<p>&nbsp;<\/p>\n<p>&nbsp;<\/p>\n<p>Kontakt:<\/p>\n<p>info@recarprofi.cz<\/p>\n<p>tel. 603 753 615<\/p>\n","protected":false},"excerpt":{"rendered":"<p>Pluhy \u0159ady\u00a0DOWNHIL SPRING\u00a0disponuj\u00ed hlavn\u00edm r\u00e1mem o rozm\u011bru 120x120x10 mm. Hlavn\u00ed v\u00fdhodou ji\u0161t\u011bn\u00ed\u00a0SPRING\u00a0je, \u017ee orebn\u00ed t\u011blesa jsou ji\u0161t\u011bna 7 \u2014 listov\u00fdmi pru\u017einami. Bez\u00fadr\u017ebov\u00e9 non-stop ji\u0161t\u011bn\u00ed\u00a0SPRING\u00a0zaru\u010duje nep\u0159eru\u0161ovanou orbu po najet\u00ed na kameny. Standardn\u00ed v\u00fdbava: Odhrnovac\u00ed desky: JR30,&hellip;<\/p>\n","protected":false},"featured_media":27044,"comment_status":"closed","ping_status":"closed","template":"","meta":[],"product_brand":[],"product_cat":[70],"product_tag":[],"class_list":{"0":"post-14148","1":"product","2":"type-product","3":"status-publish","4":"has-post-thumbnail","6":"product_cat-www-recarprofi-cz-eshop-pluhy","8":"first","9":"instock","10":"sale","11":"taxable","12":"shipping-taxable","13":"purchasable","14":"product-type-simple"},"_links":{"self":[{"href":"https:\/\/recarprofi.cz\/uvod\/wp-json\/wp\/v2\/product\/14148","targetHints":{"allow":["GET"]}}],"collection":[{"href":"https:\/\/recarprofi.cz\/uvod\/wp-json\/wp\/v2\/product"}],"about":[{"href":"https:\/\/recarprofi.cz\/uvod\/wp-json\/wp\/v2\/types\/product"}],"replies":[{"embeddable":true,"href":"https:\/\/recarprofi.cz\/uvod\/wp-json\/wp\/v2\/comments?post=14148"}],"version-history":[{"count":4,"href":"https:\/\/recarprofi.cz\/uvod\/wp-json\/wp\/v2\/product\/14148\/revisions"}],"predecessor-version":[{"id":31576,"href":"https:\/\/recarprofi.cz\/uvod\/wp-json\/wp\/v2\/product\/14148\/revisions\/31576"}],"wp:featuredmedia":[{"embeddable":true,"href":"https:\/\/recarprofi.cz\/uvod\/wp-json\/wp\/v2\/media\/27044"}],"wp:attachment":[{"href":"https:\/\/recarprofi.cz\/uvod\/wp-json\/wp\/v2\/media?parent=14148"}],"wp:term":[{"taxonomy":"product_brand","embeddable":true,"href":"https:\/\/recarprofi.cz\/uvod\/wp-json\/wp\/v2\/product_brand?post=14148"},{"taxonomy":"product_cat","embeddable":true,"href":"https:\/\/recarprofi.cz\/uvod\/wp-json\/wp\/v2\/product_cat?post=14148"},{"taxonomy":"product_tag","embeddable":true,"href":"https:\/\/recarprofi.cz\/uvod\/wp-json\/wp\/v2\/product_tag?post=14148"}],"curies":[{"name":"wp","href":"https:\/\/api.w.org\/{rel}","templated":true}]}}

Pluh otočný Downhil Spring 3+

<p>Pluhy řady <strong>DOWNHIL SPRING</strong> disponují hlavním rámem o rozměru 120x120x10 mm.</p>
<p>Hlavní výhodou jištění <strong>SPRING</strong> je, že orební tělesa jsou jištěna 7 — listovými pružinami.</p>
<p>Bezúdržbové non-stop jištění <strong>SPRING</strong> zaručuje nepřerušovanou orbu po najetí na kameny.</p>
<p><strong>Standardní výbava:</strong></p>
<ul>
<li>Odhrnovací desky: JR30, SR30, KV09, LM35</li>
<li>Zahrnovač rostlinných zbytků</li>
<li>Prodlužovací křidélka</li>
<li>Hydraulický válec s automatem přetáčení</li>
<li>Podpěrné kolo (ø 560×175)</li>
<li>Vidlicový závěs kat. 2</li>
<li><strong>Jištění non-stop listovou pružinou</strong></li>
<li>Technické osvědčení</li>
<li>Nastavení záběru první radlice</li>
</ul>
<p><strong>Technické parametry:</strong></p>
<table>
<thead>
<tr>
<th colspan="3">Počet radlic</th>
<th></th>
<th>3+</th>
<th></th>
<th></th>
</tr>
</thead>
<tbody>
<tr>
<td><img decoding="async" src="https://www.sukov.cz/wp-content/uploads/2019/02/V%C3%A1ha-pluhu.png" /></td>
<td><strong>Váha pluhu</strong></td>
<td><strong>kg</strong></td>
<td></td>
<td colspan="2">1072</td>
<td></td>
</tr>
<tr>
<td><img decoding="async" src="https://www.sukov.cz/wp-content/uploads/2019/02/V%C3%BDkon-traktoru.png" /></td>
<td><strong>Výkon traktoru</strong></td>
<td><strong>hp</strong></td>
<td colspan="2">80 &#8211; 110</td>
<td></td>
<td></td>
</tr>
<tr>
<td><img decoding="async" src="https://www.sukov.cz/wp-content/uploads/2019/02/vykonnost.png" /></td>
<td><strong>Výkonnost</strong></td>
<td><strong>ha/h</strong></td>
<td></td>
<td>0,65 &#8211; 1,1</td>
<td></td>
<td></td>
</tr>
<tr>
<td><img decoding="async" src="https://www.sukov.cz/wp-content/uploads/2019/02/Pracovn%C3%AD-z%C3%A1b%C4%9Br.png" /></td>
<td><strong>Pracovní záběr</strong></td>
<td><strong>cm</strong></td>
<td colspan="4">30, 35, 40</td>
</tr>
<tr>
<td><img decoding="async" src="https://www.sukov.cz/wp-content/uploads/2019/02/R%C3%A1m.png" /></td>
<td><strong>Rám</strong></td>
<td><strong>mm</strong></td>
<td colspan="4">120 x 120 x 10</td>
</tr>
<tr>
<td><img decoding="async" src="https://www.sukov.cz/wp-content/uploads/2019/02/Rozestup-mezi-t%C4%9Blesy.png" /></td>
<td><strong>Rozestup mezi tělesy</strong></td>
<td><strong>mm</strong></td>
<td colspan="4">850</td>
</tr>
<tr>
<td><img decoding="async" src="https://www.sukov.cz/wp-content/uploads/2019/02/V%C3%BD%C5%A1ka-pod-r%C3%A1m.png" /></td>
<td><strong>Výška pod rám</strong></td>
<td><strong>mm</strong></td>
<td colspan="4">730 &#8211; 770</td>
</tr>
</tbody>
</table>
<p>&nbsp;</p>
<p>&nbsp;</p>
<p>Kontakt:</p>
<p>info@recarprofi.cz</p>
<p>tel. 603 753 615</p>

<p>Pluhy řady DOWNHIL SPRING disponují hlavním rámem o rozměru 120x120x10 mm. Hlavní výhodou jištění SPRING je, že orební tělesa jsou jištěna 7 — listovými pružinami. Bezúdržbové non-stop jištění SPRING zaručuje nepřerušovanou orbu po najetí na kameny. Standardní výbava: Odhrnovací desky: JR30,&hellip;</p>
