{"id":14525,"date":"2019-09-20T14:31:28","date_gmt":"2019-09-20T12:31:28","guid":{"rendered":"http:\/\/recarprofi.cz\/?post_type=product&#038;p=14525"},"modified":"2025-05-30T08:02:13","modified_gmt":"2025-05-30T06:02:13","slug":"fekalni-naves-pomot-t-507-3","status":"publish","type":"product","link":"https:\/\/recarprofi.cz\/uvod\/produkt\/fekalni-naves-pomot-t-507-3\/","title":{"rendered":"Fek\u00e1ln\u00ed n\u00e1v\u011bs Pomot T-507\/3 (objem 4000 L)"},"content":{"rendered":"<p><strong>Technick\u00e9 parametry:<\/strong><\/p>\n<ul>\n<li>objem 4000<\/li>\n<li>vlastn\u00ed hmotnost 1110 kg<\/li>\n<li>hmotnost celkov\u00e1 5100 kg<\/li>\n<li>d\u00e9lka 4800 mm<\/li>\n<li>\u0161\u00ed\u0159ka 1850 mm<\/li>\n<li>v\u00fd\u0161ka 2100 mm<\/li>\n<li>traktor 45 k<\/li>\n<\/ul>\n<p>Standardn\u00ed v\u00fdbava:<\/p>\n<ol>\n<li>N\u00e1dr\u017e<br \/>\n\u27a2 n\u00e1dr\u017e oboustrann\u011b \u017e\u00e1rov\u011b pozinkovan\u00e1<br \/>\n\u27a2 pasivace n\u00e1dr\u017ee chr\u00e1n\u00edc\u00ed pozink p\u0159ed \u00fa\u010dinky mo\u010d\u016fvky<br \/>\n\u27a2 zadn\u00ed v\u00edko \u00f8 700 mm<br \/>\n\u27a2 trubkov\u00fd ukazatel napln\u011bn\u00ed<br \/>\n\u27a2 v\u00fdpustn\u00fd ventil 1 \u00bd \u030e \u2013 v nejni\u017e\u0161\u00edm bod\u011b n\u00e1dr\u017ee<br \/>\n\u27a2 pr\u016fzor 4 \u030e na zadn\u00edm \u010dele<\/li>\n<li>Konstrukce vozu<br \/>\n\u27a2 SAMONOSN\u00c1 \u2013 oj vozu namontov\u00e1na pod n\u00e1dr\u017e\u00ed na zes\u00edlen\u00fdch podpor\u00e1ch \u017e\u00e1rov\u011b pozinkovan\u00fdch<br \/>\n\u27a2 v\u00fdm\u011bnn\u00e9 ta\u017en\u00e9 oko \u2013 \u0161roubovan\u00e9 \u00f8 50 mm<br \/>\n\u27a2 mechanicky staviteln\u00e1 podp\u016frn\u00e1 noha<\/li>\n<li>N\u00e1prava, dv\u011b kola<br \/>\n\u27a2 pneumatiky 400\/60-15,5<br \/>\n\u27a2 blatn\u00edky<br \/>\n\u27a2 pneumatick\u00e1 brzdov\u00e1 soustava dvouhadicov\u00e1 se 3-stup\u0148ovou regulac\u00ed brzdn\u00e9ho \u00fa\u010dinku<br \/>\n\u27a2 parkovac\u00ed brzda<\/li>\n<li>Kompresor\u00a0 MEC nebo KD4000<br \/>\n\u27a2 pohon 540 obr\/min nebo 1 000 obr\/min \u2013 na p\u0159\u00e1n\u00ed<br \/>\n\u27a2 vyztu\u017een\u00e9 hadice odoln\u00e9 v\u016f\u010di tepeln\u00e9mu p\u0159eh\u0159\u00e1t\u00ed<br \/>\n\u27a2 ji\u0161t\u011bn\u00ed proti p\u0159elit\u00ed pomoc\u00ed ventilu s pr\u016fzorem na \u0161t\u00edtu n\u00e1dr\u017ee a sifonem s pr\u016fzorem<br \/>\n\u27a2 manometr<br \/>\n\u27a2 dva bezpe\u010dnostn\u00ed ventily: p\u0159etlakov\u00fd do 0,05 MPa a podtlakov\u00fd do \u2013 0,05 MPa<br \/>\n\u27a2 odkalova\u010d \u2013 mokr\u00fd vzduchov\u00fd filtr, tlumi\u010d hluku<\/li>\n<li>V\u00fdpustn\u00e9 ventily 4\u2033 o \u00f8 110 mm<br \/>\n\u27a2 ve p\u0159edu z prav\u00e9 a lev\u00e9 strany \u2013 zaslepen\u00e9, p\u0159ipraven\u00e9 pro mont\u00e1\u017e ru\u010dn\u00edho ventilu<br \/>\n\u27a2 hlavn\u00ed v\u00fdpustn\u00fd ventil ve v\u00edku zadn\u00edho \u010dela 4\u2033 \u2013 s hydraulick\u00fdm uzav\u00edr\u00e1n\u00edm 4\u2033<br \/>\n\u27a2 v zadn\u00edm \u010dele zaslepen\u00fd v\u00fdvod p\u0159ipraven\u00fd pro mont\u00e1\u017e ru\u010dn\u00edho ventilu<\/li>\n<li>Sac\u00ed hadice 4 \u201d (\u00f8 110 mm)<br \/>\n\u27a2 transportn\u00ed \u00fachyty pro sac\u00ed hadice<br \/>\n\u27a2 hadice se sac\u00edm ko\u0161em \u2013 ochrana p\u0159ed nas\u00e1n\u00edm v\u011bt\u0161\u00edch element\u016f<br \/>\n\u27a2 d\u00e9lka sac\u00ed hadice 6 mb<\/li>\n<li>Rozl\u00e9vac\u00ed l\u017e\u00edce<br \/>\n\u27a2 rozst\u0159ikovac\u00ed l\u017e\u00edce typu POMOT 94, \u0161\u00ed\u0159ka rozst\u0159iku do 14 m<\/li>\n<li>Technick\u00fd pr\u016fkaz<br \/>\n\u27a2 pro provoz na pozemn\u00edch komunikac\u00edch v \u010cesk\u00e9 Republice (POVINN\u00c1 V\u00ddBAVA V \u010cR \u2013 kl\u00edny kol)<\/li>\n<li>Kloubov\u00fd n\u00e1hon<\/li>\n<\/ol>\n<p><strong><span style=\"color: #0000ff;\">Pro mo\u017enost dal\u0161\u00ed v\u00fdbavy kontaktujte n\u00e1s.<\/span><\/strong><\/p>\n<p><strong>Kontakt:<\/strong><\/p>\n<p><strong>info@recarprofi.cz<\/strong><\/p>\n<p><strong>tel. 603 753 615<\/strong><\/p>\n","protected":false},"excerpt":{"rendered":"<p>Technick\u00e9 parametry: objem 4000 vlastn\u00ed hmotnost 1110 kg hmotnost celkov\u00e1 5100 kg d\u00e9lka 4800 mm \u0161\u00ed\u0159ka 1850 mm v\u00fd\u0161ka 2100 mm traktor 45 k Standardn\u00ed v\u00fdbava: N\u00e1dr\u017e \u27a2 n\u00e1dr\u017e oboustrann\u011b \u017e\u00e1rov\u011b pozinkovan\u00e1 \u27a2 pasivace n\u00e1dr\u017ee&hellip;<\/p>\n","protected":false},"featured_media":1647,"comment_status":"closed","ping_status":"closed","template":"","meta":[],"product_brand":[],"product_cat":[74],"product_tag":[],"class_list":{"0":"post-14525","1":"product","2":"type-product","3":"status-publish","4":"has-post-thumbnail","6":"product_cat-fekalni-navesy","8":"first","9":"instock","10":"sale","11":"taxable","12":"shipping-taxable","13":"purchasable","14":"product-type-simple"},"_links":{"self":[{"href":"https:\/\/recarprofi.cz\/uvod\/wp-json\/wp\/v2\/product\/14525","targetHints":{"allow":["GET"]}}],"collection":[{"href":"https:\/\/recarprofi.cz\/uvod\/wp-json\/wp\/v2\/product"}],"about":[{"href":"https:\/\/recarprofi.cz\/uvod\/wp-json\/wp\/v2\/types\/product"}],"replies":[{"embeddable":true,"href":"https:\/\/recarprofi.cz\/uvod\/wp-json\/wp\/v2\/comments?post=14525"}],"version-history":[{"count":4,"href":"https:\/\/recarprofi.cz\/uvod\/wp-json\/wp\/v2\/product\/14525\/revisions"}],"predecessor-version":[{"id":31717,"href":"https:\/\/recarprofi.cz\/uvod\/wp-json\/wp\/v2\/product\/14525\/revisions\/31717"}],"wp:featuredmedia":[{"embeddable":true,"href":"https:\/\/recarprofi.cz\/uvod\/wp-json\/wp\/v2\/media\/1647"}],"wp:attachment":[{"href":"https:\/\/recarprofi.cz\/uvod\/wp-json\/wp\/v2\/media?parent=14525"}],"wp:term":[{"taxonomy":"product_brand","embeddable":true,"href":"https:\/\/recarprofi.cz\/uvod\/wp-json\/wp\/v2\/product_brand?post=14525"},{"taxonomy":"product_cat","embeddable":true,"href":"https:\/\/recarprofi.cz\/uvod\/wp-json\/wp\/v2\/product_cat?post=14525"},{"taxonomy":"product_tag","embeddable":true,"href":"https:\/\/recarprofi.cz\/uvod\/wp-json\/wp\/v2\/product_tag?post=14525"}],"curies":[{"name":"wp","href":"https:\/\/api.w.org\/{rel}","templated":true}]}}

Fekální návěs Pomot T-507/3 (objem 4000 L)

<p><strong>Technické parametry:</strong></p>
<ul>
<li>objem 4000</li>
<li>vlastní hmotnost 1110 kg</li>
<li>hmotnost celková 5100 kg</li>
<li>délka 4800 mm</li>
<li>šířka 1850 mm</li>
<li>výška 2100 mm</li>
<li>traktor 45 k</li>
</ul>
<p>Standardní výbava:</p>
<ol>
<li>Nádrž<br />
➢ nádrž oboustranně žárově pozinkovaná<br />
➢ pasivace nádrže chránící pozink před účinky močůvky<br />
➢ zadní víko ø 700 mm<br />
➢ trubkový ukazatel naplnění<br />
➢ výpustný ventil 1 ½ ̎ – v nejnižším bodě nádrže<br />
➢ průzor 4 ̎ na zadním čele</li>
<li>Konstrukce vozu<br />
➢ SAMONOSNÁ – oj vozu namontována pod nádrží na zesílených podporách žárově pozinkovaných<br />
➢ výměnné tažné oko – šroubované ø 50 mm<br />
➢ mechanicky stavitelná podpůrná noha</li>
<li>Náprava, dvě kola<br />
➢ pneumatiky 400/60-15,5<br />
➢ blatníky<br />
➢ pneumatická brzdová soustava dvouhadicová se 3-stupňovou regulací brzdného účinku<br />
➢ parkovací brzda</li>
<li>Kompresor  MEC nebo KD4000<br />
➢ pohon 540 obr/min nebo 1 000 obr/min – na přání<br />
➢ vyztužené hadice odolné vůči tepelnému přehřátí<br />
➢ jištění proti přelití pomocí ventilu s průzorem na štítu nádrže a sifonem s průzorem<br />
➢ manometr<br />
➢ dva bezpečnostní ventily: přetlakový do 0,05 MPa a podtlakový do – 0,05 MPa<br />
➢ odkalovač – mokrý vzduchový filtr, tlumič hluku</li>
<li>Výpustné ventily 4″ o ø 110 mm<br />
➢ ve předu z pravé a levé strany – zaslepené, připravené pro montáž ručního ventilu<br />
➢ hlavní výpustný ventil ve víku zadního čela 4″ – s hydraulickým uzavíráním 4″<br />
➢ v zadním čele zaslepený vývod připravený pro montáž ručního ventilu</li>
<li>Sací hadice 4 ” (ø 110 mm)<br />
➢ transportní úchyty pro sací hadice<br />
➢ hadice se sacím košem – ochrana před nasáním větších elementů<br />
➢ délka sací hadice 6 mb</li>
<li>Rozlévací lžíce<br />
➢ rozstřikovací lžíce typu POMOT 94, šířka rozstřiku do 14 m</li>
<li>Technický průkaz<br />
➢ pro provoz na pozemních komunikacích v České Republice (POVINNÁ VÝBAVA V ČR – klíny kol)</li>
<li>Kloubový náhon</li>
</ol>
<p><strong><span style="color: #0000ff;">Pro možnost další výbavy kontaktujte nás.</span></strong></p>
<p><strong>Kontakt:</strong></p>
<p><strong>info@recarprofi.cz</strong></p>
<p><strong>tel. 603 753 615</strong></p>

<p>Technické parametry: objem 4000 vlastní hmotnost 1110 kg hmotnost celková 5100 kg délka 4800 mm šířka 1850 mm výška 2100 mm traktor 45 k Standardní výbava: Nádrž ➢ nádrž oboustranně žárově pozinkovaná ➢ pasivace nádrže&hellip;</p>
