{"id":14596,"date":"2019-09-23T12:04:40","date_gmt":"2019-09-23T10:04:40","guid":{"rendered":"http:\/\/recarprofi.cz\/?post_type=product&#038;p=14596"},"modified":"2024-05-23T14:37:54","modified_gmt":"2024-05-23T12:37:54","slug":"fekalni-naves-pomot-t-544-3","status":"publish","type":"product","link":"https:\/\/recarprofi.cz\/uvod\/produkt\/fekalni-naves-pomot-t-544-3\/","title":{"rendered":"Fek\u00e1ln\u00ed n\u00e1v\u011bs Pomot T-544\/3 (objem 8000 L)"},"content":{"rendered":"<p><strong>Technick\u00e9 parametry:<\/strong><\/p>\n<p>objem 8000<br \/>\nvlastn\u00ed hmotnost 2400 kg<br \/>\nhmotnost celkov\u00e1 10400 kg<br \/>\nd\u00e9lka 6100 mm<br \/>\n\u0161\u00ed\u0159ka 2550 mm<br \/>\nv\u00fd\u0161ka 2660 mm<br \/>\ntraktor 75 k<\/p>\n<p>STANDARDN\u00cd V\u00ddBAVA:<br \/>\n1. N\u00e1dr\u017e<br \/>\nn\u00e1dr\u017e oboustrann\u011b \u017e\u00e1rov\u011b pozinkovan\u00e1<br \/>\n\u27a2 pasivace n\u00e1dr\u017ee chr\u00e1n\u00edc\u00ed pozink p\u0159ed \u00fa\u010dinky mo\u010d\u016fvky<br \/>\n\u27a2 zadn\u00ed v\u00edko \u00f8 700 mm \u2013 na z\u00e1v\u011bsech<br \/>\n\u27a2 trubkov\u00fd ukazatel napln\u011bn\u00ed n\u00e1dr\u017ee<br \/>\n\u27a2 v\u00fdpustn\u00fd ventil 1 \u00bd \u030e \u2013 v nejni\u017e\u0161\u00edm bod\u011b n\u00e1dr\u017ee<br \/>\n\u27a2 pr\u016fzor 4 \u030e na zadn\u00edm \u010dele n\u00e1dr\u017ee<br \/>\n\u27a2 horn\u00ed v\u00edko \u00f8 350 mm<br \/>\n2. Konstrukce vozu<br \/>\n\u27a2 SAMONOSN\u00c1 \u2013 oj vozu namontov\u00e1no pod n\u00e1dr\u017e\u00ed na zes\u00edlen\u00fdch podpor\u00e1ch \u017e\u00e1rov\u011b pozinkovan\u00fdch<br \/>\n\u27a2 v\u00fdm\u011bnn\u00e9 ta\u017en\u00e9 oko \u2013 \u0161roubovan\u00e9 \u00f8 50 mm<br \/>\n\u27a2 mechanicky staviteln\u00e1 podp\u016frn\u00e1 noha<br \/>\n3. N\u00e1prava jednoos\u00e1<\/p>\n<p>pneumatiky 550\/60-R22,5<br \/>\n\u27a2 blatn\u00edky<br \/>\n\u27a2 pneumatick\u00e1 brzdov\u00e1 soustava dvouhadicov\u00e1 se 3-stup\u0148ovou regulac\u00ed brzdn\u00e9ho \u00fa\u010dinku<br \/>\n\u27a2 parkovac\u00ed brzda<br \/>\n4. Kompresor MEC nebo KD6500<br \/>\n\u27a2 pohon 540 obr\/min nebo 1000 obr\/min \u2013 na p\u0159\u00e1n\u00ed<br \/>\n\u27a2 vyztu\u017een\u00e9 hadice odoln\u00e9 v\u016f\u010di tepeln\u00e9mu p\u0159eh\u0159\u00e1t\u00ed<br \/>\n\u27a2 ji\u0161t\u011bn\u00ed proti p\u0159elit\u00ed pomoc\u00ed dvoukulov\u00e9ho ventilu s pr\u016fzorem na \u0161t\u00edtu n\u00e1dr\u017ee a sifonem s pr\u016fzorem<br \/>\n\u27a2 manometr<br \/>\n\u27a2 dva bezpe\u010dnostn\u00ed ventily: p\u0159etlakov\u00fd do 0,05 MPa a podtlakov\u00fd do \u2013 0,05 MPa<br \/>\n\u27a2 odkalova\u010d \u2013 mokr\u00fd vzduchov\u00fd filtr, tlumi\u010d hluku<br \/>\n5. V\u00fdpustn\u00e9 ventily 6\u2033 o \u00f8 150 mm<br \/>\n\u27a2 hlavn\u00ed v\u00fdpustn\u00fd ventil ve v\u00edku zadn\u00edho \u010dela 6\u2033 \u2013 s hydraulick\u00fdm uzav\u00edr\u00e1n\u00edm 6\u2033<br \/>\n\u27a2 ve p\u0159edu z prav\u00e9 a lev\u00e9 strany \u2013 zaslepen\u00e9 p\u0159ipraven\u00e9 pro mont\u00e1\u017e ru\u010dn\u00edho ventilu<br \/>\n\u27a2 v zadn\u00edm \u010dele zaslepen\u00fd v\u00fdvod p\u0159ipraven\u00fd pro mont\u00e1\u017e ru\u010dn\u00edho ventilu<br \/>\n6. Elektrick\u00e1 instalace 12V se silni\u010dn\u00edm osv\u011btlen\u00edm<br \/>\n7. Sac\u00ed hadice 6\u2033 (\u00f8 150 mm)<br \/>\n\u27a2 p\u0159epravn\u00ed \u00fachyty pro sac\u00ed hadice<br \/>\n\u27a2 hadice zakon\u010den\u00e1 sac\u00edm ko\u0161em \u2013 s ochranou proti nas\u00e1t\u00ed v\u011bt\u0161\u00edch element\u016f<br \/>\n\u27a2 d\u00e9lka sac\u00ed hadice 6 mb<br \/>\n8. Rozl\u00e9vac\u00ed l\u017e\u00edce<br \/>\n\u27a2 rozst\u0159ikovac\u00ed l\u017e\u00edce typ POMOT 94, \u0161\u00ed\u0159ka rozst\u0159iku do 14 m<br \/>\n9. Technick\u00fd pr\u016fkaz<br \/>\n\u27a2 pro provoz na pozemn\u00edch komunikac\u00edch v \u010cesk\u00e9 Republice (POVINN\u00c1 V\u00ddBAVA V \u010cR \u2013 kl\u00edny kol)<br \/>\n10. Kloubov\u00fd n\u00e1hon<\/p>\n<p><strong><span style=\"color: #0000ff;\">Pro mo\u017enost dal\u0161\u00ed v\u00fdbavy kontaktujte n\u00e1s.<\/span><\/strong><\/p>\n<p><strong>Kontakt:<\/strong><\/p>\n<p><strong>info@recarprofi.cz<\/strong><\/p>\n<p><strong>tel. 603 753 615<\/strong><\/p>\n","protected":false},"excerpt":{"rendered":"<p>Technick\u00e9 parametry: objem 8000 vlastn\u00ed hmotnost 2400 kg hmotnost celkov\u00e1 10400 kg d\u00e9lka 6100 mm \u0161\u00ed\u0159ka 2550 mm v\u00fd\u0161ka 2660 mm traktor 75 k STANDARDN\u00cd V\u00ddBAVA: 1. N\u00e1dr\u017e n\u00e1dr\u017e oboustrann\u011b \u017e\u00e1rov\u011b pozinkovan\u00e1 \u27a2 pasivace n\u00e1dr\u017ee&hellip;<\/p>\n","protected":false},"featured_media":1694,"comment_status":"closed","ping_status":"closed","template":"","meta":[],"product_brand":[],"product_cat":[74],"product_tag":[],"class_list":{"0":"post-14596","1":"product","2":"type-product","3":"status-publish","4":"has-post-thumbnail","6":"product_cat-fekalni-navesy","8":"first","9":"instock","10":"sale","11":"taxable","12":"shipping-taxable","13":"purchasable","14":"product-type-simple"},"_links":{"self":[{"href":"https:\/\/recarprofi.cz\/uvod\/wp-json\/wp\/v2\/product\/14596","targetHints":{"allow":["GET"]}}],"collection":[{"href":"https:\/\/recarprofi.cz\/uvod\/wp-json\/wp\/v2\/product"}],"about":[{"href":"https:\/\/recarprofi.cz\/uvod\/wp-json\/wp\/v2\/types\/product"}],"replies":[{"embeddable":true,"href":"https:\/\/recarprofi.cz\/uvod\/wp-json\/wp\/v2\/comments?post=14596"}],"version-history":[{"count":4,"href":"https:\/\/recarprofi.cz\/uvod\/wp-json\/wp\/v2\/product\/14596\/revisions"}],"predecessor-version":[{"id":31720,"href":"https:\/\/recarprofi.cz\/uvod\/wp-json\/wp\/v2\/product\/14596\/revisions\/31720"}],"wp:featuredmedia":[{"embeddable":true,"href":"https:\/\/recarprofi.cz\/uvod\/wp-json\/wp\/v2\/media\/1694"}],"wp:attachment":[{"href":"https:\/\/recarprofi.cz\/uvod\/wp-json\/wp\/v2\/media?parent=14596"}],"wp:term":[{"taxonomy":"product_brand","embeddable":true,"href":"https:\/\/recarprofi.cz\/uvod\/wp-json\/wp\/v2\/product_brand?post=14596"},{"taxonomy":"product_cat","embeddable":true,"href":"https:\/\/recarprofi.cz\/uvod\/wp-json\/wp\/v2\/product_cat?post=14596"},{"taxonomy":"product_tag","embeddable":true,"href":"https:\/\/recarprofi.cz\/uvod\/wp-json\/wp\/v2\/product_tag?post=14596"}],"curies":[{"name":"wp","href":"https:\/\/api.w.org\/{rel}","templated":true}]}}

Fekální návěs Pomot T-544/3 (objem 8000 L)

<p><strong>Technické parametry:</strong></p>
<p>objem 8000<br />
vlastní hmotnost 2400 kg<br />
hmotnost celková 10400 kg<br />
délka 6100 mm<br />
šířka 2550 mm<br />
výška 2660 mm<br />
traktor 75 k</p>
<p>STANDARDNÍ VÝBAVA:<br />
1. Nádrž<br />
nádrž oboustranně žárově pozinkovaná<br />
➢ pasivace nádrže chránící pozink před účinky močůvky<br />
➢ zadní víko ø 700 mm – na závěsech<br />
➢ trubkový ukazatel naplnění nádrže<br />
➢ výpustný ventil 1 ½ ̎ – v nejnižším bodě nádrže<br />
➢ průzor 4 ̎ na zadním čele nádrže<br />
➢ horní víko ø 350 mm<br />
2. Konstrukce vozu<br />
➢ SAMONOSNÁ – oj vozu namontováno pod nádrží na zesílených podporách žárově pozinkovaných<br />
➢ výměnné tažné oko – šroubované ø 50 mm<br />
➢ mechanicky stavitelná podpůrná noha<br />
3. Náprava jednoosá</p>
<p>pneumatiky 550/60-R22,5<br />
➢ blatníky<br />
➢ pneumatická brzdová soustava dvouhadicová se 3-stupňovou regulací brzdného účinku<br />
➢ parkovací brzda<br />
4. Kompresor MEC nebo KD6500<br />
➢ pohon 540 obr/min nebo 1000 obr/min – na přání<br />
➢ vyztužené hadice odolné vůči tepelnému přehřátí<br />
➢ jištění proti přelití pomocí dvoukulového ventilu s průzorem na štítu nádrže a sifonem s průzorem<br />
➢ manometr<br />
➢ dva bezpečnostní ventily: přetlakový do 0,05 MPa a podtlakový do – 0,05 MPa<br />
➢ odkalovač – mokrý vzduchový filtr, tlumič hluku<br />
5. Výpustné ventily 6″ o ø 150 mm<br />
➢ hlavní výpustný ventil ve víku zadního čela 6″ – s hydraulickým uzavíráním 6″<br />
➢ ve předu z pravé a levé strany – zaslepené připravené pro montáž ručního ventilu<br />
➢ v zadním čele zaslepený vývod připravený pro montáž ručního ventilu<br />
6. Elektrická instalace 12V se silničním osvětlením<br />
7. Sací hadice 6″ (ø 150 mm)<br />
➢ přepravní úchyty pro sací hadice<br />
➢ hadice zakončená sacím košem – s ochranou proti nasátí větších elementů<br />
➢ délka sací hadice 6 mb<br />
8. Rozlévací lžíce<br />
➢ rozstřikovací lžíce typ POMOT 94, šířka rozstřiku do 14 m<br />
9. Technický průkaz<br />
➢ pro provoz na pozemních komunikacích v České Republice (POVINNÁ VÝBAVA V ČR – klíny kol)<br />
10. Kloubový náhon</p>
<p><strong><span style="color: #0000ff;">Pro možnost další výbavy kontaktujte nás.</span></strong></p>
<p><strong>Kontakt:</strong></p>
<p><strong>info@recarprofi.cz</strong></p>
<p><strong>tel. 603 753 615</strong></p>

<p>Technické parametry: objem 8000 vlastní hmotnost 2400 kg hmotnost celková 10400 kg délka 6100 mm šířka 2550 mm výška 2660 mm traktor 75 k STANDARDNÍ VÝBAVA: 1. Nádrž nádrž oboustranně žárově pozinkovaná ➢ pasivace nádrže&hellip;</p>
