{"id":14942,"date":"2019-10-01T15:05:33","date_gmt":"2019-10-01T13:05:33","guid":{"rendered":"http:\/\/recarprofi.cz\/?post_type=product&#038;p=14942"},"modified":"2022-05-04T13:27:02","modified_gmt":"2022-05-04T11:27:02","slug":"diskovy-zaci-stroj-samba-160","status":"publish","type":"product","link":"https:\/\/recarprofi.cz\/uvod\/produkt\/diskovy-zaci-stroj-samba-160\/","title":{"rendered":"Diskov\u00fd \u017eac\u00ed stroj Samba 160"},"content":{"rendered":"<p><strong>Standardn\u00ed v\u00fdbava:<\/strong><\/p>\n<ul>\n<li>Nesen\u00fd diskov\u00fd \u017eac\u00ed stroj, pracovn\u00ed disk osazen 2 ks no\u017e\u016f<\/li>\n<li>\u017dac\u00ed li\u0161ta LiteCut, ozuben\u00e1 kola 18mm<\/li>\n<li>Rychl\u00e1 v\u00fdm\u011bna no\u017e\u016f<\/li>\n<li>Bo\u010dn\u011b zav\u011b\u0161en\u00fd k traktoru<\/li>\n<li>Speci\u00e1ln\u00ed ji\u0161t\u011bn\u00ed \u017eac\u00edch disk\u016f SafeGear syst\u00e9mem<\/li>\n<li>P\u0159eprava ve vertik\u00e1ln\u00ed poloze<\/li>\n<li>Hydraulick\u00e9 p\u0159estaven\u00ed z p\u0159epravn\u00ed do pracovn\u00ed polohy<\/li>\n<li>Agregace do ramen kat. 1\/2<\/li>\n<li>Mechanick\u00e1 n\u00e1razov\u00e1 pojistka<\/li>\n<li>Sada n\u00e1hradn\u00edch no\u017e\u016f + kli\u010d na v\u00fdm\u011bnu<\/li>\n<li>Kloubov\u00fd h\u0159\u00eddel<\/li>\n<li>Technick\u00e9 parametry:<\/li>\n<li>Po\u010det disk\u016f 4 ks<\/li>\n<li>Pracovn\u00ed z\u00e1b\u011br 1,6 m<\/li>\n<li>\u0160\u00ed\u0159ka \u0159\u00e1dku 1,1 m<\/li>\n<li>Pracovn\u00ed v\u00fdkon 1,5 ha\/hod<\/li>\n<li>Traktor 20 k<\/li>\n<li>Vlastn\u00ed hmotnost 410 kg<\/li>\n<\/ul>\n<p>Kontakt:<\/p>\n<p>info@recarprofi.cz<\/p>\n<p>tel. 603 753 615<\/p>\n","protected":false},"excerpt":{"rendered":"<p>Standardn\u00ed v\u00fdbava: Nesen\u00fd diskov\u00fd \u017eac\u00ed stroj, pracovn\u00ed disk osazen 2 ks no\u017e\u016f \u017dac\u00ed li\u0161ta LiteCut, ozuben\u00e1 kola 18mm Rychl\u00e1 v\u00fdm\u011bna no\u017e\u016f Bo\u010dn\u011b zav\u011b\u0161en\u00fd k traktoru Speci\u00e1ln\u00ed ji\u0161t\u011bn\u00ed \u017eac\u00edch disk\u016f SafeGear syst\u00e9mem P\u0159eprava ve vertik\u00e1ln\u00ed poloze&hellip;<\/p>\n","protected":false},"featured_media":14943,"comment_status":"open","ping_status":"closed","template":"","meta":[],"product_brand":[],"product_cat":[76],"product_tag":[],"class_list":{"0":"post-14942","1":"product","2":"type-product","3":"status-publish","4":"has-post-thumbnail","6":"product_cat-zaci-stroje","8":"first","9":"instock","10":"taxable","11":"shipping-taxable","12":"purchasable","13":"product-type-simple"},"_links":{"self":[{"href":"https:\/\/recarprofi.cz\/uvod\/wp-json\/wp\/v2\/product\/14942","targetHints":{"allow":["GET"]}}],"collection":[{"href":"https:\/\/recarprofi.cz\/uvod\/wp-json\/wp\/v2\/product"}],"about":[{"href":"https:\/\/recarprofi.cz\/uvod\/wp-json\/wp\/v2\/types\/product"}],"replies":[{"embeddable":true,"href":"https:\/\/recarprofi.cz\/uvod\/wp-json\/wp\/v2\/comments?post=14942"}],"version-history":[{"count":2,"href":"https:\/\/recarprofi.cz\/uvod\/wp-json\/wp\/v2\/product\/14942\/revisions"}],"predecessor-version":[{"id":24421,"href":"https:\/\/recarprofi.cz\/uvod\/wp-json\/wp\/v2\/product\/14942\/revisions\/24421"}],"wp:featuredmedia":[{"embeddable":true,"href":"https:\/\/recarprofi.cz\/uvod\/wp-json\/wp\/v2\/media\/14943"}],"wp:attachment":[{"href":"https:\/\/recarprofi.cz\/uvod\/wp-json\/wp\/v2\/media?parent=14942"}],"wp:term":[{"taxonomy":"product_brand","embeddable":true,"href":"https:\/\/recarprofi.cz\/uvod\/wp-json\/wp\/v2\/product_brand?post=14942"},{"taxonomy":"product_cat","embeddable":true,"href":"https:\/\/recarprofi.cz\/uvod\/wp-json\/wp\/v2\/product_cat?post=14942"},{"taxonomy":"product_tag","embeddable":true,"href":"https:\/\/recarprofi.cz\/uvod\/wp-json\/wp\/v2\/product_tag?post=14942"}],"curies":[{"name":"wp","href":"https:\/\/api.w.org\/{rel}","templated":true}]}}

Diskový žací stroj Samba 160

<p><strong>Standardní výbava:</strong></p>
<ul>
<li>Nesený diskový žací stroj, pracovní disk osazen 2 ks nožů</li>
<li>Žací lišta LiteCut, ozubená kola 18mm</li>
<li>Rychlá výměna nožů</li>
<li>Bočně zavěšený k traktoru</li>
<li>Speciální jištění žacích disků SafeGear systémem</li>
<li>Přeprava ve vertikální poloze</li>
<li>Hydraulické přestavení z přepravní do pracovní polohy</li>
<li>Agregace do ramen kat. 1/2</li>
<li>Mechanická nárazová pojistka</li>
<li>Sada náhradních nožů + klič na výměnu</li>
<li>Kloubový hřídel</li>
<li>Technické parametry:</li>
<li>Počet disků 4 ks</li>
<li>Pracovní záběr 1,6 m</li>
<li>Šířka řádku 1,1 m</li>
<li>Pracovní výkon 1,5 ha/hod</li>
<li>Traktor 20 k</li>
<li>Vlastní hmotnost 410 kg</li>
</ul>
<p>Kontakt:</p>
<p>info@recarprofi.cz</p>
<p>tel. 603 753 615</p>

<p>Standardní výbava: Nesený diskový žací stroj, pracovní disk osazen 2 ks nožů Žací lišta LiteCut, ozubená kola 18mm Rychlá výměna nožů Bočně zavěšený k traktoru Speciální jištění žacích disků SafeGear systémem Přeprava ve vertikální poloze&hellip;</p>
