{"id":14994,"date":"2019-10-02T15:10:22","date_gmt":"2019-10-02T13:10:22","guid":{"rendered":"http:\/\/recarprofi.cz\/?post_type=product&#038;p=14994"},"modified":"2022-05-04T13:37:22","modified_gmt":"2022-05-04T11:37:22","slug":"diskovy-zaci-stroj-samasz-kt-341","status":"publish","type":"product","link":"https:\/\/recarprofi.cz\/uvod\/produkt\/diskovy-zaci-stroj-samasz-kt-341\/","title":{"rendered":"Diskov\u00fd \u017eac\u00ed stroj Samasz KT 341"},"content":{"rendered":"<table width=\"519\">\n<tbody>\n<tr>\n<td width=\"226\"><strong>Z\u00e1kladn\u00ed \u00fadaje:<\/strong><\/td>\n<\/tr>\n<tr>\n<td>Nesen\u00fd diskov\u00fd \u017eac\u00ed stroj s disky, pracovn\u00ed disk osazen 2 ks no\u017e\u016f<\/td>\n<\/tr>\n<tr>\n<td>\u017dac\u00ed li\u0161ta PerfectCUT, ozuben\u00e1 kola 25mm<\/td>\n<\/tr>\n<tr>\n<td>Rychl\u00e1 v\u00fdm\u011bna no\u017e\u016f<\/td>\n<\/tr>\n<tr>\n<td>Centr\u00e1ln\u00ed zav\u011b\u0161en\u00ed k traktoru<\/td>\n<\/tr>\n<tr>\n<td>\u00dahlov\u00e1 p\u0159evodovka \u2013 pohon kardanem<\/td>\n<\/tr>\n<tr>\n<td>Speci\u00e1ln\u00ed ji\u0161t\u011bn\u00ed \u017eac\u00edch disk\u016f syst\u00e9mem SafeGear<\/td>\n<\/tr>\n<tr>\n<td>P\u0159eprava v 3 poloh\u00e1ch<\/td>\n<\/tr>\n<tr>\n<td>Odleh\u010duj\u00edc\u00ed pru\u017einy<\/td>\n<\/tr>\n<tr>\n<td>Hydraulick\u00e9 p\u0159estaven\u00ed z pracovn\u00ed do p\u0159epravn\u00ed polohy<\/td>\n<\/tr>\n<tr>\n<td>Agregace do ramen hydrauliky kat. 2<\/td>\n<\/tr>\n<tr>\n<td>Hydraulick\u00e9 bezpe\u010dnostn\u00ed za\u0159\u00edzen\u00ed p\u0159i najet\u00ed na p\u0159ek\u00e1\u017eku<\/td>\n<\/tr>\n<tr>\n<td>Patentovan\u00fd mechanismus pro ot\u00e1\u010den\u00ed na souvrat\u00edch, transport, parkov\u00e1n\u00ed<\/td>\n<\/tr>\n<tr>\n<td>Pry\u017eov\u00e9 hrad\u00edtko pose\u010den\u00e9 p\u00edce<\/td>\n<\/tr>\n<tr>\n<td>Sada n\u00e1hradn\u00edch no\u017e\u016f + kl\u00ed\u010d na v\u00fdm\u011bnu<\/td>\n<\/tr>\n<tr>\n<td>Technick\u00e9 osv\u011bd\u010den\u00ed, katalog ND, n\u00e1vod v CZ<\/td>\n<\/tr>\n<tr>\n<td>V\u00fdkon traktoru 90 k<\/td>\n<\/tr>\n<tr>\n<td>Pracovn\u00ed z\u00e1b\u011br 3,4 m<\/td>\n<\/tr>\n<tr>\n<td>\u0160\u00ed\u0159ka \u0159\u00e1dku 2,3 \u2013 2,8 m<\/td>\n<\/tr>\n<tr>\n<td>Hmotnost 1.090 kg<\/td>\n<\/tr>\n<\/tbody>\n<\/table>\n<p>&nbsp;<\/p>\n<p>Kontakt:<\/p>\n<p>info@recarprofi.cz<\/p>\n<p>tel. 603 753 615<\/p>\n","protected":false},"excerpt":{"rendered":"<p>Z\u00e1kladn\u00ed \u00fadaje: Nesen\u00fd diskov\u00fd \u017eac\u00ed stroj s disky, pracovn\u00ed disk osazen 2 ks no\u017e\u016f \u017dac\u00ed li\u0161ta PerfectCUT, ozuben\u00e1 kola 25mm Rychl\u00e1 v\u00fdm\u011bna no\u017e\u016f Centr\u00e1ln\u00ed zav\u011b\u0161en\u00ed k traktoru \u00dahlov\u00e1 p\u0159evodovka \u2013 pohon kardanem Speci\u00e1ln\u00ed ji\u0161t\u011bn\u00ed \u017eac\u00edch&hellip;<\/p>\n","protected":false},"featured_media":14996,"comment_status":"open","ping_status":"closed","template":"","meta":[],"product_brand":[],"product_cat":[76],"product_tag":[],"class_list":{"0":"post-14994","1":"product","2":"type-product","3":"status-publish","4":"has-post-thumbnail","6":"product_cat-zaci-stroje","8":"first","9":"instock","10":"taxable","11":"shipping-taxable","12":"purchasable","13":"product-type-simple"},"_links":{"self":[{"href":"https:\/\/recarprofi.cz\/uvod\/wp-json\/wp\/v2\/product\/14994","targetHints":{"allow":["GET"]}}],"collection":[{"href":"https:\/\/recarprofi.cz\/uvod\/wp-json\/wp\/v2\/product"}],"about":[{"href":"https:\/\/recarprofi.cz\/uvod\/wp-json\/wp\/v2\/types\/product"}],"replies":[{"embeddable":true,"href":"https:\/\/recarprofi.cz\/uvod\/wp-json\/wp\/v2\/comments?post=14994"}],"version-history":[{"count":1,"href":"https:\/\/recarprofi.cz\/uvod\/wp-json\/wp\/v2\/product\/14994\/revisions"}],"predecessor-version":[{"id":24430,"href":"https:\/\/recarprofi.cz\/uvod\/wp-json\/wp\/v2\/product\/14994\/revisions\/24430"}],"wp:featuredmedia":[{"embeddable":true,"href":"https:\/\/recarprofi.cz\/uvod\/wp-json\/wp\/v2\/media\/14996"}],"wp:attachment":[{"href":"https:\/\/recarprofi.cz\/uvod\/wp-json\/wp\/v2\/media?parent=14994"}],"wp:term":[{"taxonomy":"product_brand","embeddable":true,"href":"https:\/\/recarprofi.cz\/uvod\/wp-json\/wp\/v2\/product_brand?post=14994"},{"taxonomy":"product_cat","embeddable":true,"href":"https:\/\/recarprofi.cz\/uvod\/wp-json\/wp\/v2\/product_cat?post=14994"},{"taxonomy":"product_tag","embeddable":true,"href":"https:\/\/recarprofi.cz\/uvod\/wp-json\/wp\/v2\/product_tag?post=14994"}],"curies":[{"name":"wp","href":"https:\/\/api.w.org\/{rel}","templated":true}]}}

Diskový žací stroj Samasz KT 341

<table width="519">
<tbody>
<tr>
<td width="226"><strong>Základní údaje:</strong></td>
</tr>
<tr>
<td>Nesený diskový žací stroj s disky, pracovní disk osazen 2 ks nožů</td>
</tr>
<tr>
<td>Žací lišta PerfectCUT, ozubená kola 25mm</td>
</tr>
<tr>
<td>Rychlá výměna nožů</td>
</tr>
<tr>
<td>Centrální zavěšení k traktoru</td>
</tr>
<tr>
<td>Úhlová převodovka – pohon kardanem</td>
</tr>
<tr>
<td>Speciální jištění žacích disků systémem SafeGear</td>
</tr>
<tr>
<td>Přeprava v 3 polohách</td>
</tr>
<tr>
<td>Odlehčující pružiny</td>
</tr>
<tr>
<td>Hydraulické přestavení z pracovní do přepravní polohy</td>
</tr>
<tr>
<td>Agregace do ramen hydrauliky kat. 2</td>
</tr>
<tr>
<td>Hydraulické bezpečnostní zařízení při najetí na překážku</td>
</tr>
<tr>
<td>Patentovaný mechanismus pro otáčení na souvratích, transport, parkování</td>
</tr>
<tr>
<td>Pryžové hradítko posečené píce</td>
</tr>
<tr>
<td>Sada náhradních nožů + klíč na výměnu</td>
</tr>
<tr>
<td>Technické osvědčení, katalog ND, návod v CZ</td>
</tr>
<tr>
<td>Výkon traktoru 90 k</td>
</tr>
<tr>
<td>Pracovní záběr 3,4 m</td>
</tr>
<tr>
<td>Šířka řádku 2,3 – 2,8 m</td>
</tr>
<tr>
<td>Hmotnost 1.090 kg</td>
</tr>
</tbody>
</table>
<p>&nbsp;</p>
<p>Kontakt:</p>
<p>info@recarprofi.cz</p>
<p>tel. 603 753 615</p>

<p>Základní údaje: Nesený diskový žací stroj s disky, pracovní disk osazen 2 ks nožů Žací lišta PerfectCUT, ozubená kola 25mm Rychlá výměna nožů Centrální zavěšení k traktoru Úhlová převodovka – pohon kardanem Speciální jištění žacích&hellip;</p>
