{"id":15049,"date":"2019-10-04T08:40:02","date_gmt":"2019-10-04T06:40:02","guid":{"rendered":"http:\/\/recarprofi.cz\/?post_type=product&#038;p=15049"},"modified":"2022-05-04T13:36:28","modified_gmt":"2022-05-04T11:36:28","slug":"diskovy-zaci-stroj-celni-toro-340","status":"publish","type":"product","link":"https:\/\/recarprofi.cz\/uvod\/produkt\/diskovy-zaci-stroj-celni-toro-340\/","title":{"rendered":"Diskov\u00fd \u017eac\u00ed stroj \u010deln\u00ed Toro 340"},"content":{"rendered":"<table width=\"519\">\n<tbody>\n<tr>\n<td width=\"226\"><strong>Z\u00e1kladn\u00ed \u00fadaje:<\/strong><\/td>\n<\/tr>\n<tr>\n<td>\u010celn\u011b nesen\u00fd diskov\u00fd \u017eac\u00ed stroj s disky, pracovn\u00ed disk osazen 2 ks no\u017e\u016f<\/td>\n<\/tr>\n<tr>\n<td>\u017dac\u00ed li\u0161ta PerfectCUT, ozuben\u00e1 kola 25mm<\/td>\n<\/tr>\n<tr>\n<td>Rychl\u00e1 v\u00fdm\u011bna no\u017e\u016f<\/td>\n<\/tr>\n<tr>\n<td>\u010celn\u00ed zav\u011b\u0161en\u00ed k traktoru<\/td>\n<\/tr>\n<tr>\n<td>\u00dahlov\u00e1 p\u0159evodovka \u2013 pohon kardanem<\/td>\n<\/tr>\n<tr>\n<td>Speci\u00e1ln\u00ed ji\u0161t\u011bn\u00ed \u017eac\u00edch disk\u016f syst\u00e9mem SafeGear<\/td>\n<\/tr>\n<tr>\n<td>P\u0159\u00ed\u010dn\u00e9 a pod\u00e9ln\u00e9 kop\u00edrov\u00e1n\u00ed<\/td>\n<\/tr>\n<tr>\n<td>Podp\u016frn\u00e9 pru\u017einy<\/td>\n<\/tr>\n<tr>\n<td>Kloubov\u00fd h\u0159\u00eddel<\/td>\n<\/tr>\n<tr>\n<td>Agregace do ramen hydrauliky kat. 2<\/td>\n<\/tr>\n<tr>\n<td>Pry\u017eov\u00e9 hrad\u00edtko pose\u010den\u00e9 p\u00edce<\/td>\n<\/tr>\n<tr>\n<td>Sada n\u00e1hradn\u00edch no\u017e\u016f + kl\u00ed\u010d na v\u00fdm\u011bnu<\/td>\n<\/tr>\n<tr>\n<td>Technick\u00e9 osv\u011bd\u010den\u00ed, katalog ND, n\u00e1vod v CZ<\/td>\n<\/tr>\n<tr>\n<td>Ot\u00e1\u010dky h\u0159\u00eddele 1.000 ot\/min<\/td>\n<\/tr>\n<tr>\n<td>Po\u010det disk\u016f 8 ks<\/td>\n<\/tr>\n<tr>\n<td>V\u00fdkon traktoru 85 k<\/td>\n<\/tr>\n<tr>\n<td>Pracovn\u00ed z\u00e1b\u011br 3,4 m<\/td>\n<\/tr>\n<tr>\n<td>\u0160\u00ed\u0159ka \u0159\u00e1dku 1,8 m<\/td>\n<\/tr>\n<tr>\n<td>Hmotnost 850 kg<\/td>\n<\/tr>\n<\/tbody>\n<\/table>\n<p>&nbsp;<\/p>\n<p>Kontakt:<\/p>\n<p>info@recarprofi.cz<\/p>\n<p>tel. 603 753 615<\/p>\n","protected":false},"excerpt":{"rendered":"<p>Z\u00e1kladn\u00ed \u00fadaje: \u010celn\u011b nesen\u00fd diskov\u00fd \u017eac\u00ed stroj s disky, pracovn\u00ed disk osazen 2 ks no\u017e\u016f \u017dac\u00ed li\u0161ta PerfectCUT, ozuben\u00e1 kola 25mm Rychl\u00e1 v\u00fdm\u011bna no\u017e\u016f \u010celn\u00ed zav\u011b\u0161en\u00ed k traktoru \u00dahlov\u00e1 p\u0159evodovka \u2013 pohon kardanem Speci\u00e1ln\u00ed ji\u0161t\u011bn\u00ed&hellip;<\/p>\n","protected":false},"featured_media":15025,"comment_status":"open","ping_status":"closed","template":"","meta":[],"product_brand":[],"product_cat":[76],"product_tag":[],"class_list":{"0":"post-15049","1":"product","2":"type-product","3":"status-publish","4":"has-post-thumbnail","6":"product_cat-zaci-stroje","8":"first","9":"instock","10":"taxable","11":"shipping-taxable","12":"purchasable","13":"product-type-simple"},"_links":{"self":[{"href":"https:\/\/recarprofi.cz\/uvod\/wp-json\/wp\/v2\/product\/15049","targetHints":{"allow":["GET"]}}],"collection":[{"href":"https:\/\/recarprofi.cz\/uvod\/wp-json\/wp\/v2\/product"}],"about":[{"href":"https:\/\/recarprofi.cz\/uvod\/wp-json\/wp\/v2\/types\/product"}],"replies":[{"embeddable":true,"href":"https:\/\/recarprofi.cz\/uvod\/wp-json\/wp\/v2\/comments?post=15049"}],"version-history":[{"count":1,"href":"https:\/\/recarprofi.cz\/uvod\/wp-json\/wp\/v2\/product\/15049\/revisions"}],"predecessor-version":[{"id":24429,"href":"https:\/\/recarprofi.cz\/uvod\/wp-json\/wp\/v2\/product\/15049\/revisions\/24429"}],"wp:featuredmedia":[{"embeddable":true,"href":"https:\/\/recarprofi.cz\/uvod\/wp-json\/wp\/v2\/media\/15025"}],"wp:attachment":[{"href":"https:\/\/recarprofi.cz\/uvod\/wp-json\/wp\/v2\/media?parent=15049"}],"wp:term":[{"taxonomy":"product_brand","embeddable":true,"href":"https:\/\/recarprofi.cz\/uvod\/wp-json\/wp\/v2\/product_brand?post=15049"},{"taxonomy":"product_cat","embeddable":true,"href":"https:\/\/recarprofi.cz\/uvod\/wp-json\/wp\/v2\/product_cat?post=15049"},{"taxonomy":"product_tag","embeddable":true,"href":"https:\/\/recarprofi.cz\/uvod\/wp-json\/wp\/v2\/product_tag?post=15049"}],"curies":[{"name":"wp","href":"https:\/\/api.w.org\/{rel}","templated":true}]}}

Diskový žací stroj čelní Toro 340

<table width="519">
<tbody>
<tr>
<td width="226"><strong>Základní údaje:</strong></td>
</tr>
<tr>
<td>Čelně nesený diskový žací stroj s disky, pracovní disk osazen 2 ks nožů</td>
</tr>
<tr>
<td>Žací lišta PerfectCUT, ozubená kola 25mm</td>
</tr>
<tr>
<td>Rychlá výměna nožů</td>
</tr>
<tr>
<td>Čelní zavěšení k traktoru</td>
</tr>
<tr>
<td>Úhlová převodovka – pohon kardanem</td>
</tr>
<tr>
<td>Speciální jištění žacích disků systémem SafeGear</td>
</tr>
<tr>
<td>Příčné a podélné kopírování</td>
</tr>
<tr>
<td>Podpůrné pružiny</td>
</tr>
<tr>
<td>Kloubový hřídel</td>
</tr>
<tr>
<td>Agregace do ramen hydrauliky kat. 2</td>
</tr>
<tr>
<td>Pryžové hradítko posečené píce</td>
</tr>
<tr>
<td>Sada náhradních nožů + klíč na výměnu</td>
</tr>
<tr>
<td>Technické osvědčení, katalog ND, návod v CZ</td>
</tr>
<tr>
<td>Otáčky hřídele 1.000 ot/min</td>
</tr>
<tr>
<td>Počet disků 8 ks</td>
</tr>
<tr>
<td>Výkon traktoru 85 k</td>
</tr>
<tr>
<td>Pracovní záběr 3,4 m</td>
</tr>
<tr>
<td>Šířka řádku 1,8 m</td>
</tr>
<tr>
<td>Hmotnost 850 kg</td>
</tr>
</tbody>
</table>
<p>&nbsp;</p>
<p>Kontakt:</p>
<p>info@recarprofi.cz</p>
<p>tel. 603 753 615</p>

<p>Základní údaje: Čelně nesený diskový žací stroj s disky, pracovní disk osazen 2 ks nožů Žací lišta PerfectCUT, ozubená kola 25mm Rychlá výměna nožů Čelní zavěšení k traktoru Úhlová převodovka – pohon kardanem Speciální jištění&hellip;</p>
