{"id":15072,"date":"2019-10-04T14:40:40","date_gmt":"2019-10-04T12:40:40","guid":{"rendered":"http:\/\/recarprofi.cz\/?post_type=product&#038;p=15072"},"modified":"2022-05-04T13:40:21","modified_gmt":"2022-05-04T11:40:21","slug":"diskovy-zaci-stroj-tazeny-kdc-340","status":"publish","type":"product","link":"https:\/\/recarprofi.cz\/uvod\/produkt\/diskovy-zaci-stroj-tazeny-kdc-340\/","title":{"rendered":"Diskov\u00fd \u017eac\u00ed stroj ta\u017een\u00fd KDC 340"},"content":{"rendered":"<table width=\"519\">\n<tbody>\n<tr>\n<td width=\"226\"><strong>Z\u00e1kladn\u00ed v\u00fdbava:<\/strong><\/td>\n<\/tr>\n<tr>\n<td>Ta\u017een\u00fd diskov\u00fd \u017eac\u00ed stroj s disky, pracovn\u00ed disk osazen 2 ks no\u017e\u016f<\/td>\n<\/tr>\n<tr>\n<td>\u017dac\u00ed li\u0161ta PerfectCUT, ozuben\u00e1 kola 25mm<\/td>\n<\/tr>\n<tr>\n<td>Rychl\u00e1 v\u00fdm\u011bna no\u017e\u016f<\/td>\n<\/tr>\n<tr>\n<td>Regulace \u0161\u00ed\u0159ky z\u00e1b\u011bru<\/td>\n<\/tr>\n<tr>\n<td>\u00dahlov\u00e1 p\u0159evodovka \u2013 pohon kardanem<\/td>\n<\/tr>\n<tr>\n<td>Speci\u00e1ln\u00ed ji\u0161t\u011bn\u00ed \u017eac\u00edch disk\u016f syst\u00e9mem SafeGear<\/td>\n<\/tr>\n<tr>\n<td>Ta\u017en\u00e1 oj centr\u00e1ln\u00ed uchycen\u00ed<\/td>\n<\/tr>\n<tr>\n<td>Podp\u016frn\u00e9 pru\u017einy<\/td>\n<\/tr>\n<tr>\n<td>Kloubov\u00fd h\u0159\u00eddel<\/td>\n<\/tr>\n<tr>\n<td>Agregace do ramen hydrauliky kat. 2<\/td>\n<\/tr>\n<tr>\n<td>Hydraulick\u00e9 p\u0159estaven\u00ed z pracovn\u00ed do p\u0159epravn\u00ed polohy<\/td>\n<\/tr>\n<tr>\n<td>Sada n\u00e1hradn\u00edch no\u017e\u016f + kl\u00ed\u010d na v\u00fdm\u011bnu<\/td>\n<\/tr>\n<tr>\n<td>Technick\u00e9 osv\u011bd\u010den\u00ed, katalog ND, n\u00e1vod v CZ<\/td>\n<\/tr>\n<tr>\n<td>Ot\u00e1\u010dky h\u0159\u00eddele 540\/1.000 ot\/min<\/td>\n<\/tr>\n<tr>\n<td>Po\u010det disk\u016f 8 ks<\/td>\n<\/tr>\n<tr>\n<td>V\u00fdkon traktoru 90 k<\/td>\n<\/tr>\n<tr>\n<td>Pracovn\u00ed z\u00e1b\u011br 3,4 m<\/td>\n<\/tr>\n<tr>\n<td>\u0160\u00ed\u0159ka \u0159\u00e1dku 1,8\u00a0 m<\/td>\n<\/tr>\n<tr>\n<td>Hmotnost 1.755 kg<\/td>\n<\/tr>\n<\/tbody>\n<\/table>\n<p>&nbsp;<\/p>\n<p><strong><span style=\"color: #008000;\">P\u0159\u00edplatkov\u00e1 v\u00fdbava:<\/span><\/strong><\/p>\n<p><strong><span style=\"color: #008000;\">V\u00fdbavu zd\u011blte do pozn\u00e1mky.<\/span><\/strong><\/p>\n<ol>\n<li>Prstov\u00fd kondicion\u00e9r\u00a0 \u2013 78.000,-K\u010d<\/li>\n<li>Ma\u010dkac\u00ed v\u00e1lce\u00a0 \u2013 135.200,-K\u010d<\/li>\n<li>Kondicion\u00e9r + pasov\u00fd dopravn\u00edk\u00a0 \u2013 234.000,-K\u010d<\/li>\n<li>Ma\u010dkac\u00ed v\u00e1lce + pasov\u00fd dopravn\u00edk\u00a0 \u2013 291.200,-K\u010d<\/li>\n<\/ol>\n<p>Kontakt:<\/p>\n<p>info@recarprofi.cz<\/p>\n<p>tel. 603 753 615<\/p>\n","protected":false},"excerpt":{"rendered":"<p>Z\u00e1kladn\u00ed v\u00fdbava: Ta\u017een\u00fd diskov\u00fd \u017eac\u00ed stroj s disky, pracovn\u00ed disk osazen 2 ks no\u017e\u016f \u017dac\u00ed li\u0161ta PerfectCUT, ozuben\u00e1 kola 25mm Rychl\u00e1 v\u00fdm\u011bna no\u017e\u016f Regulace \u0161\u00ed\u0159ky z\u00e1b\u011bru \u00dahlov\u00e1 p\u0159evodovka \u2013 pohon kardanem Speci\u00e1ln\u00ed ji\u0161t\u011bn\u00ed \u017eac\u00edch disk\u016f&hellip;<\/p>\n","protected":false},"featured_media":15066,"comment_status":"open","ping_status":"closed","template":"","meta":[],"product_brand":[],"product_cat":[76],"product_tag":[],"class_list":{"0":"post-15072","1":"product","2":"type-product","3":"status-publish","4":"has-post-thumbnail","6":"product_cat-zaci-stroje","8":"first","9":"instock","10":"taxable","11":"shipping-taxable","12":"purchasable","13":"product-type-simple"},"_links":{"self":[{"href":"https:\/\/recarprofi.cz\/uvod\/wp-json\/wp\/v2\/product\/15072","targetHints":{"allow":["GET"]}}],"collection":[{"href":"https:\/\/recarprofi.cz\/uvod\/wp-json\/wp\/v2\/product"}],"about":[{"href":"https:\/\/recarprofi.cz\/uvod\/wp-json\/wp\/v2\/types\/product"}],"replies":[{"embeddable":true,"href":"https:\/\/recarprofi.cz\/uvod\/wp-json\/wp\/v2\/comments?post=15072"}],"version-history":[{"count":1,"href":"https:\/\/recarprofi.cz\/uvod\/wp-json\/wp\/v2\/product\/15072\/revisions"}],"predecessor-version":[{"id":24433,"href":"https:\/\/recarprofi.cz\/uvod\/wp-json\/wp\/v2\/product\/15072\/revisions\/24433"}],"wp:featuredmedia":[{"embeddable":true,"href":"https:\/\/recarprofi.cz\/uvod\/wp-json\/wp\/v2\/media\/15066"}],"wp:attachment":[{"href":"https:\/\/recarprofi.cz\/uvod\/wp-json\/wp\/v2\/media?parent=15072"}],"wp:term":[{"taxonomy":"product_brand","embeddable":true,"href":"https:\/\/recarprofi.cz\/uvod\/wp-json\/wp\/v2\/product_brand?post=15072"},{"taxonomy":"product_cat","embeddable":true,"href":"https:\/\/recarprofi.cz\/uvod\/wp-json\/wp\/v2\/product_cat?post=15072"},{"taxonomy":"product_tag","embeddable":true,"href":"https:\/\/recarprofi.cz\/uvod\/wp-json\/wp\/v2\/product_tag?post=15072"}],"curies":[{"name":"wp","href":"https:\/\/api.w.org\/{rel}","templated":true}]}}

Diskový žací stroj tažený KDC 340

<table width="519">
<tbody>
<tr>
<td width="226"><strong>Základní výbava:</strong></td>
</tr>
<tr>
<td>Tažený diskový žací stroj s disky, pracovní disk osazen 2 ks nožů</td>
</tr>
<tr>
<td>Žací lišta PerfectCUT, ozubená kola 25mm</td>
</tr>
<tr>
<td>Rychlá výměna nožů</td>
</tr>
<tr>
<td>Regulace šířky záběru</td>
</tr>
<tr>
<td>Úhlová převodovka – pohon kardanem</td>
</tr>
<tr>
<td>Speciální jištění žacích disků systémem SafeGear</td>
</tr>
<tr>
<td>Tažná oj centrální uchycení</td>
</tr>
<tr>
<td>Podpůrné pružiny</td>
</tr>
<tr>
<td>Kloubový hřídel</td>
</tr>
<tr>
<td>Agregace do ramen hydrauliky kat. 2</td>
</tr>
<tr>
<td>Hydraulické přestavení z pracovní do přepravní polohy</td>
</tr>
<tr>
<td>Sada náhradních nožů + klíč na výměnu</td>
</tr>
<tr>
<td>Technické osvědčení, katalog ND, návod v CZ</td>
</tr>
<tr>
<td>Otáčky hřídele 540/1.000 ot/min</td>
</tr>
<tr>
<td>Počet disků 8 ks</td>
</tr>
<tr>
<td>Výkon traktoru 90 k</td>
</tr>
<tr>
<td>Pracovní záběr 3,4 m</td>
</tr>
<tr>
<td>Šířka řádku 1,8  m</td>
</tr>
<tr>
<td>Hmotnost 1.755 kg</td>
</tr>
</tbody>
</table>
<p>&nbsp;</p>
<p><strong><span style="color: #008000;">Příplatková výbava:</span></strong></p>
<p><strong><span style="color: #008000;">Výbavu zdělte do poznámky.</span></strong></p>
<ol>
<li>Prstový kondicionér  – 78.000,-Kč</li>
<li>Mačkací válce  – 135.200,-Kč</li>
<li>Kondicionér + pasový dopravník  – 234.000,-Kč</li>
<li>Mačkací válce + pasový dopravník  – 291.200,-Kč</li>
</ol>
<p>Kontakt:</p>
<p>info@recarprofi.cz</p>
<p>tel. 603 753 615</p>

<p>Základní výbava: Tažený diskový žací stroj s disky, pracovní disk osazen 2 ks nožů Žací lišta PerfectCUT, ozubená kola 25mm Rychlá výměna nožů Regulace šířky záběru Úhlová převodovka – pohon kardanem Speciální jištění žacích disků&hellip;</p>
