{"id":15964,"date":"2019-10-30T13:36:04","date_gmt":"2019-10-30T12:36:04","guid":{"rendered":"https:\/\/recarprofi.cz\/uvod\/?post_type=product&#038;p=15964"},"modified":"2023-08-14T13:54:37","modified_gmt":"2023-08-14T11:54:37","slug":"naves-ursus-t-083-a","status":"publish","type":"product","link":"https:\/\/recarprofi.cz\/uvod\/produkt\/naves-ursus-t-083-a\/","title":{"rendered":"N\u00e1v\u011bs Ursus T-083\/A (nosnost 10t.)"},"content":{"rendered":"<p><strong>Traktorov\u00fd n\u00e1v\u011bs URSUS o nosnosti 10 tun s ozna\u010den\u00edm T 083A. Jedn\u00e1 se o tandemov\u00fd n\u00e1v\u011bs. Sko\u0159epinov\u00fd traktorov\u00fd n\u00e1v\u011bs URSUS je vhodn\u00e1 alternativa k ji\u017e zn\u00e1m\u00fdm n\u00e1v\u011bs\u016fm s ozna\u010den\u00edm &#8222;opavsk\u00fd n\u00e1v\u011bs&#8220;. Samonosn\u00e1 sko\u0159epinov\u00e1 korba zaji\u0161\u0165uje dobrou t\u011bsnost. Korba n\u00e1v\u011bsu je sklopn\u00e1 dozadu s hydraulicky otev\u00edrateln\u00fdm zadn\u00edm \u010delem. Zadn\u00ed \u010delo je osazeno t\u011bsn\u00edc\u00ed gumou. N\u00e1v\u011bs m\u00e1 v zadn\u00edm \u010dele v\u00fdsypn\u00e9 staviteln\u00e9 ok\u00e9nko. Nastaviteln\u00fd skluz ve v\u00fdklopn\u00e9m \u010dele umo\u017e\u0148uje \u0159\u00edzen\u00fd v\u00fdtok<\/strong><br \/>\n<strong>sypk\u00fdch materi\u00e1l\u016f. Sko\u0159epinov\u00fd n\u00e1v\u011bs je osazen n\u00e1pravami ADR, kter\u00e9 jsou parabolicky odpru\u017een\u00e9.<\/strong><\/p>\n<p><strong>Standardn\u00ed v\u00fdbava:<\/strong><\/p>\n<p><strong>\u00a0 Vlastn\u00ed hmotnost 2 720 kg<\/strong><br \/>\n<strong>\u00b7 Nosnost 10 t<\/strong><br \/>\n<strong>\u00b7 Lo\u017en\u00e1 plocha 9,9 m2<\/strong><br \/>\n<strong>\u00b7 Oto\u010dn\u00e9 oko o pr\u016fm\u011bru 50 mm do agroh\u00e1ku nebo piton-fixu<\/strong><br \/>\n<strong>\u00b7 Brzdy 2 okruhov\u00e9 pneumatick\u00e9<\/strong><br \/>\n<strong>\u00b7 Parkovac\u00ed brzda mechanick\u00e1<\/strong><br \/>\n<strong>\u00b7 \u017deb\u0159\u00edk na vn\u011bj\u0161\u00ed stran\u011b s vnit\u0159n\u00edmi n\u00e1\u0161lapy<\/strong><br \/>\n<strong>\u00b7 Barva URSUS leskl\u00fd n\u00e1t\u011br (korba RAL 2002; podvozek RAL 7022)<\/strong><br \/>\n<strong>\u00b7 Objem korby 10,86 m<\/strong><br \/>\n<strong>\u00b7 Vnit\u0159n\u00ed rozm\u011bry korby d x \u0161 x v 4510x2200x1100 mm<\/strong><br \/>\n<strong>\u00b7 Pneumatiky 400\/60 &#8211; 15,5 14PR<\/strong><br \/>\n<strong>\u00b7 Typ korby sklopn\u00e1 dozadu<\/strong><br \/>\n<strong>\u00b7 Elektrick\u00e1 instalace 12 V s osv\u011btlen\u00edm<\/strong><br \/>\n<strong>\u00b7 Zadn\u00ed zesyp<\/strong><br \/>\n<strong>\u00b7 N\u00e1pravy ADR odpru\u017een\u00e9 listov\u00fdmi pery<\/strong><br \/>\n<strong>\u00b7 Rychlost transportn\u00ed 40 km<\/strong><br \/>\n<strong>\u00b7 Blatn\u00edky zadn\u00edch kol<\/strong><br \/>\n<strong>\u00b7 Zakl\u00e1dac\u00ed kl\u00edny<\/strong><br \/>\n<strong>\u00b7 Mechanick\u00e1 podp\u016frn\u00e1 noha<\/strong><br \/>\n<strong>\u00b7 Mechanick\u00e9 ji\u0161t\u011bn\u00ed zadn\u00edho \u010dela<\/strong><\/p>\n<p><strong>Kontakt:<\/strong><\/p>\n<p><strong>info@recarprofi.cz<\/strong><\/p>\n<p><strong>tel. 603 753 615<\/strong><\/p>\n<p>&nbsp;<\/p>\n","protected":false},"excerpt":{"rendered":"<p>Traktorov\u00fd n\u00e1v\u011bs URSUS o nosnosti 10 tun s ozna\u010den\u00edm T 083A. Jedn\u00e1 se o tandemov\u00fd n\u00e1v\u011bs. Sko\u0159epinov\u00fd traktorov\u00fd n\u00e1v\u011bs URSUS je vhodn\u00e1 alternativa k ji\u017e zn\u00e1m\u00fdm n\u00e1v\u011bs\u016fm s ozna\u010den\u00edm &#8222;opavsk\u00fd n\u00e1v\u011bs&#8220;. Samonosn\u00e1 sko\u0159epinov\u00e1 korba zaji\u0161\u0165uje&hellip;<\/p>\n","protected":false},"featured_media":8860,"comment_status":"closed","ping_status":"closed","template":"","meta":[],"product_brand":[],"product_cat":[63],"product_tag":[],"class_list":{"0":"post-15964","1":"product","2":"type-product","3":"status-publish","4":"has-post-thumbnail","6":"product_cat-navesy-traktorove","8":"first","9":"instock","10":"taxable","11":"shipping-taxable","12":"purchasable","13":"product-type-simple"},"_links":{"self":[{"href":"https:\/\/recarprofi.cz\/uvod\/wp-json\/wp\/v2\/product\/15964","targetHints":{"allow":["GET"]}}],"collection":[{"href":"https:\/\/recarprofi.cz\/uvod\/wp-json\/wp\/v2\/product"}],"about":[{"href":"https:\/\/recarprofi.cz\/uvod\/wp-json\/wp\/v2\/types\/product"}],"replies":[{"embeddable":true,"href":"https:\/\/recarprofi.cz\/uvod\/wp-json\/wp\/v2\/comments?post=15964"}],"version-history":[{"count":3,"href":"https:\/\/recarprofi.cz\/uvod\/wp-json\/wp\/v2\/product\/15964\/revisions"}],"predecessor-version":[{"id":24448,"href":"https:\/\/recarprofi.cz\/uvod\/wp-json\/wp\/v2\/product\/15964\/revisions\/24448"}],"wp:featuredmedia":[{"embeddable":true,"href":"https:\/\/recarprofi.cz\/uvod\/wp-json\/wp\/v2\/media\/8860"}],"wp:attachment":[{"href":"https:\/\/recarprofi.cz\/uvod\/wp-json\/wp\/v2\/media?parent=15964"}],"wp:term":[{"taxonomy":"product_brand","embeddable":true,"href":"https:\/\/recarprofi.cz\/uvod\/wp-json\/wp\/v2\/product_brand?post=15964"},{"taxonomy":"product_cat","embeddable":true,"href":"https:\/\/recarprofi.cz\/uvod\/wp-json\/wp\/v2\/product_cat?post=15964"},{"taxonomy":"product_tag","embeddable":true,"href":"https:\/\/recarprofi.cz\/uvod\/wp-json\/wp\/v2\/product_tag?post=15964"}],"curies":[{"name":"wp","href":"https:\/\/api.w.org\/{rel}","templated":true}]}}

Návěs Ursus T-083/A (nosnost 10t.)

<p><strong>Traktorový návěs URSUS o nosnosti 10 tun s označením T 083A. Jedná se o tandemový návěs. Skořepinový traktorový návěs URSUS je vhodná alternativa k již známým návěsům s označením &#8222;opavský návěs&#8220;. Samonosná skořepinová korba zajišťuje dobrou těsnost. Korba návěsu je sklopná dozadu s hydraulicky otevíratelným zadním čelem. Zadní čelo je osazeno těsnící gumou. Návěs má v zadním čele výsypné stavitelné okénko. Nastavitelný skluz ve výklopném čele umožňuje řízený výtok</strong><br />
<strong>sypkých materiálů. Skořepinový návěs je osazen nápravami ADR, které jsou parabolicky odpružené.</strong></p>
<p><strong>Standardní výbava:</strong></p>
<p><strong>  Vlastní hmotnost 2 720 kg</strong><br />
<strong>· Nosnost 10 t</strong><br />
<strong>· Ložná plocha 9,9 m2</strong><br />
<strong>· Otočné oko o průměru 50 mm do agroháku nebo piton-fixu</strong><br />
<strong>· Brzdy 2 okruhové pneumatické</strong><br />
<strong>· Parkovací brzda mechanická</strong><br />
<strong>· Žebřík na vnější straně s vnitřními nášlapy</strong><br />
<strong>· Barva URSUS lesklý nátěr (korba RAL 2002; podvozek RAL 7022)</strong><br />
<strong>· Objem korby 10,86 m</strong><br />
<strong>· Vnitřní rozměry korby d x š x v 4510x2200x1100 mm</strong><br />
<strong>· Pneumatiky 400/60 &#8211; 15,5 14PR</strong><br />
<strong>· Typ korby sklopná dozadu</strong><br />
<strong>· Elektrická instalace 12 V s osvětlením</strong><br />
<strong>· Zadní zesyp</strong><br />
<strong>· Nápravy ADR odpružené listovými pery</strong><br />
<strong>· Rychlost transportní 40 km</strong><br />
<strong>· Blatníky zadních kol</strong><br />
<strong>· Zakládací klíny</strong><br />
<strong>· Mechanická podpůrná noha</strong><br />
<strong>· Mechanické jištění zadního čela</strong></p>
<p><strong>Kontakt:</strong></p>
<p><strong>info@recarprofi.cz</strong></p>
<p><strong>tel. 603 753 615</strong></p>
<p>&nbsp;</p>

<p>Traktorový návěs URSUS o nosnosti 10 tun s označením T 083A. Jedná se o tandemový návěs. Skořepinový traktorový návěs URSUS je vhodná alternativa k již známým návěsům s označením &#8222;opavský návěs&#8220;. Samonosná skořepinová korba zajišťuje&hellip;</p>
