{"id":17383,"date":"2019-12-12T10:16:44","date_gmt":"2019-12-12T09:16:44","guid":{"rendered":"https:\/\/recarprofi.cz\/uvod\/?post_type=product&#038;p=17383"},"modified":"2024-02-15T15:59:07","modified_gmt":"2024-02-15T14:59:07","slug":"duse-3-00-4-tr-87","status":"publish","type":"product","link":"https:\/\/recarprofi.cz\/uvod\/produkt\/duse-3-00-4-tr-87\/","title":{"rendered":"Du\u0161e 3.00-4 TR 87"},"content":{"rendered":"<p>Ventil kovov\u00fd, 1x zahnut\u00fd, TR 87<\/p>\n","protected":false},"excerpt":{"rendered":"<p>Ventil kovov\u00fd, 1x zahnut\u00fd, TR 87<\/p>\n","protected":false},"featured_media":17384,"comment_status":"closed","ping_status":"closed","template":"","meta":[],"product_brand":[],"product_cat":[93],"product_tag":[],"class_list":{"0":"post-17383","1":"product","2":"type-product","3":"status-publish","4":"has-post-thumbnail","6":"product_cat-prumyslove-pneumatiky","8":"first","9":"instock","10":"taxable","11":"shipping-taxable","12":"purchasable","13":"product-type-simple"},"_links":{"self":[{"href":"https:\/\/recarprofi.cz\/uvod\/wp-json\/wp\/v2\/product\/17383","targetHints":{"allow":["GET"]}}],"collection":[{"href":"https:\/\/recarprofi.cz\/uvod\/wp-json\/wp\/v2\/product"}],"about":[{"href":"https:\/\/recarprofi.cz\/uvod\/wp-json\/wp\/v2\/types\/product"}],"replies":[{"embeddable":true,"href":"https:\/\/recarprofi.cz\/uvod\/wp-json\/wp\/v2\/comments?post=17383"}],"version-history":[{"count":1,"href":"https:\/\/recarprofi.cz\/uvod\/wp-json\/wp\/v2\/product\/17383\/revisions"}],"predecessor-version":[{"id":24823,"href":"https:\/\/recarprofi.cz\/uvod\/wp-json\/wp\/v2\/product\/17383\/revisions\/24823"}],"wp:featuredmedia":[{"embeddable":true,"href":"https:\/\/recarprofi.cz\/uvod\/wp-json\/wp\/v2\/media\/17384"}],"wp:attachment":[{"href":"https:\/\/recarprofi.cz\/uvod\/wp-json\/wp\/v2\/media?parent=17383"}],"wp:term":[{"taxonomy":"product_brand","embeddable":true,"href":"https:\/\/recarprofi.cz\/uvod\/wp-json\/wp\/v2\/product_brand?post=17383"},{"taxonomy":"product_cat","embeddable":true,"href":"https:\/\/recarprofi.cz\/uvod\/wp-json\/wp\/v2\/product_cat?post=17383"},{"taxonomy":"product_tag","embeddable":true,"href":"https:\/\/recarprofi.cz\/uvod\/wp-json\/wp\/v2\/product_tag?post=17383"}],"curies":[{"name":"wp","href":"https:\/\/api.w.org\/{rel}","templated":true}]}}

Duše 3.00-4 TR 87

<p>Ventil kovový, 1x zahnutý, TR 87</p>
