{"id":17585,"date":"2019-12-17T09:20:27","date_gmt":"2019-12-17T08:20:27","guid":{"rendered":"https:\/\/recarprofi.cz\/uvod\/?post_type=product&#038;p=17585"},"modified":"2024-02-15T15:46:04","modified_gmt":"2024-02-15T14:46:04","slug":"duse-25x6","status":"publish","type":"product","link":"https:\/\/recarprofi.cz\/uvod\/produkt\/duse-25x6\/","title":{"rendered":"Du\u0161e 25&#215;6"},"content":{"rendered":"<p>Rozm\u011br 25&#215;6<\/p>\n<p>Ventil TR 6, kovov\u00fd, rovn\u00fd<\/p>\n","protected":false},"excerpt":{"rendered":"<p>Rozm\u011br 25&#215;6 Ventil TR 6, kovov\u00fd, rovn\u00fd<\/p>\n","protected":false},"featured_media":17382,"comment_status":"closed","ping_status":"closed","template":"","meta":[],"product_brand":[],"product_cat":[93],"product_tag":[],"class_list":{"0":"post-17585","1":"product","2":"type-product","3":"status-publish","4":"has-post-thumbnail","6":"product_cat-prumyslove-pneumatiky","8":"first","9":"instock","10":"taxable","11":"shipping-taxable","12":"purchasable","13":"product-type-simple"},"_links":{"self":[{"href":"https:\/\/recarprofi.cz\/uvod\/wp-json\/wp\/v2\/product\/17585","targetHints":{"allow":["GET"]}}],"collection":[{"href":"https:\/\/recarprofi.cz\/uvod\/wp-json\/wp\/v2\/product"}],"about":[{"href":"https:\/\/recarprofi.cz\/uvod\/wp-json\/wp\/v2\/types\/product"}],"replies":[{"embeddable":true,"href":"https:\/\/recarprofi.cz\/uvod\/wp-json\/wp\/v2\/comments?post=17585"}],"version-history":[{"count":1,"href":"https:\/\/recarprofi.cz\/uvod\/wp-json\/wp\/v2\/product\/17585\/revisions"}],"predecessor-version":[{"id":24830,"href":"https:\/\/recarprofi.cz\/uvod\/wp-json\/wp\/v2\/product\/17585\/revisions\/24830"}],"wp:featuredmedia":[{"embeddable":true,"href":"https:\/\/recarprofi.cz\/uvod\/wp-json\/wp\/v2\/media\/17382"}],"wp:attachment":[{"href":"https:\/\/recarprofi.cz\/uvod\/wp-json\/wp\/v2\/media?parent=17585"}],"wp:term":[{"taxonomy":"product_brand","embeddable":true,"href":"https:\/\/recarprofi.cz\/uvod\/wp-json\/wp\/v2\/product_brand?post=17585"},{"taxonomy":"product_cat","embeddable":true,"href":"https:\/\/recarprofi.cz\/uvod\/wp-json\/wp\/v2\/product_cat?post=17585"},{"taxonomy":"product_tag","embeddable":true,"href":"https:\/\/recarprofi.cz\/uvod\/wp-json\/wp\/v2\/product_tag?post=17585"}],"curies":[{"name":"wp","href":"https:\/\/api.w.org\/{rel}","templated":true}]}}

Duše 25&#215;6

<p>Rozměr 25&#215;6</p>
<p>Ventil TR 6, kovový, rovný</p>

<p>Rozměr 25&#215;6 Ventil TR 6, kovový, rovný</p>
