{"id":19380,"date":"2020-02-07T10:01:53","date_gmt":"2020-02-07T09:01:53","guid":{"rendered":"https:\/\/recarprofi.cz\/uvod\/?post_type=product&#038;p=19380"},"modified":"2022-08-04T14:41:47","modified_gmt":"2022-08-04T12:41:47","slug":"napajecka-pro-zvirata-pomot-300","status":"publish","type":"product","link":"https:\/\/recarprofi.cz\/uvod\/produkt\/napajecka-pro-zvirata-pomot-300\/","title":{"rendered":"Napaje\u010dka zv\u00ed\u0159at 300 L"},"content":{"rendered":"<table>\n<tbody>\n<tr>\n<td width=\"77\"><strong>Objem ( L )<\/strong><\/td>\n<td width=\"77\"><strong>300<\/strong><\/td>\n<\/tr>\n<tr>\n<td width=\"77\"><strong>Pr\u016fm\u011br ( mm )<\/strong><\/td>\n<td width=\"77\"><strong>1100<\/strong><\/td>\n<\/tr>\n<tr>\n<td width=\"77\"><strong>Celkov\u00e1 v\u00fd\u0161ka ( mm )<\/strong><\/td>\n<td width=\"77\"><strong>520<\/strong><\/td>\n<\/tr>\n<tr>\n<td width=\"77\"><strong>Hmotnost ( kg )<\/strong><\/td>\n<td width=\"77\"><strong>45<\/strong><\/td>\n<\/tr>\n<\/tbody>\n<\/table>\n","protected":false},"excerpt":{"rendered":"<p>Objem ( L ) 300 Pr\u016fm\u011br ( mm ) 1100 Celkov\u00e1 v\u00fd\u0161ka ( mm ) 520 Hmotnost ( kg ) 45<\/p>\n","protected":false},"featured_media":19381,"comment_status":"open","ping_status":"closed","template":"","meta":[],"product_brand":[],"product_cat":[96],"product_tag":[],"class_list":{"0":"post-19380","1":"product","2":"type-product","3":"status-publish","4":"has-post-thumbnail","6":"product_cat-cisterny","8":"first","9":"instock","10":"taxable","11":"shipping-taxable","12":"purchasable","13":"product-type-simple"},"_links":{"self":[{"href":"https:\/\/recarprofi.cz\/uvod\/wp-json\/wp\/v2\/product\/19380","targetHints":{"allow":["GET"]}}],"collection":[{"href":"https:\/\/recarprofi.cz\/uvod\/wp-json\/wp\/v2\/product"}],"about":[{"href":"https:\/\/recarprofi.cz\/uvod\/wp-json\/wp\/v2\/types\/product"}],"replies":[{"embeddable":true,"href":"https:\/\/recarprofi.cz\/uvod\/wp-json\/wp\/v2\/comments?post=19380"}],"version-history":[{"count":2,"href":"https:\/\/recarprofi.cz\/uvod\/wp-json\/wp\/v2\/product\/19380\/revisions"}],"predecessor-version":[{"id":24660,"href":"https:\/\/recarprofi.cz\/uvod\/wp-json\/wp\/v2\/product\/19380\/revisions\/24660"}],"wp:featuredmedia":[{"embeddable":true,"href":"https:\/\/recarprofi.cz\/uvod\/wp-json\/wp\/v2\/media\/19381"}],"wp:attachment":[{"href":"https:\/\/recarprofi.cz\/uvod\/wp-json\/wp\/v2\/media?parent=19380"}],"wp:term":[{"taxonomy":"product_brand","embeddable":true,"href":"https:\/\/recarprofi.cz\/uvod\/wp-json\/wp\/v2\/product_brand?post=19380"},{"taxonomy":"product_cat","embeddable":true,"href":"https:\/\/recarprofi.cz\/uvod\/wp-json\/wp\/v2\/product_cat?post=19380"},{"taxonomy":"product_tag","embeddable":true,"href":"https:\/\/recarprofi.cz\/uvod\/wp-json\/wp\/v2\/product_tag?post=19380"}],"curies":[{"name":"wp","href":"https:\/\/api.w.org\/{rel}","templated":true}]}}

Napaječka zvířat 300 L

<table>
<tbody>
<tr>
<td width="77"><strong>Objem ( L )</strong></td>
<td width="77"><strong>300</strong></td>
</tr>
<tr>
<td width="77"><strong>Průměr ( mm )</strong></td>
<td width="77"><strong>1100</strong></td>
</tr>
<tr>
<td width="77"><strong>Celková výška ( mm )</strong></td>
<td width="77"><strong>520</strong></td>
</tr>
<tr>
<td width="77"><strong>Hmotnost ( kg )</strong></td>
<td width="77"><strong>45</strong></td>
</tr>
</tbody>
</table>

<p>Objem ( L ) 300 Průměr ( mm ) 1100 Celková výška ( mm ) 520 Hmotnost ( kg ) 45</p>
