{"id":19386,"date":"2020-02-07T10:12:18","date_gmt":"2020-02-07T09:12:18","guid":{"rendered":"https:\/\/recarprofi.cz\/uvod\/?post_type=product&#038;p=19386"},"modified":"2022-08-04T14:44:53","modified_gmt":"2022-08-04T12:44:53","slug":"napajecka-zvirat-pomot-1250","status":"publish","type":"product","link":"https:\/\/recarprofi.cz\/uvod\/produkt\/napajecka-zvirat-pomot-1250\/","title":{"rendered":"Nap\u00e1je\u010dka zv\u00ed\u0159at 1250 L"},"content":{"rendered":"<table>\n<tbody>\n<tr>\n<td width=\"77\"><strong>Objem ( L )<\/strong><\/td>\n<td width=\"77\"><strong>1250<\/strong><\/td>\n<\/tr>\n<tr>\n<td width=\"77\"><strong>Pr\u016fm\u011br ( mm )<\/strong><\/td>\n<td width=\"77\"><strong>1600<\/strong><\/td>\n<\/tr>\n<tr>\n<td width=\"77\"><strong>Celkov\u00e1 v\u00fd\u0161ka ( mm )<\/strong><\/td>\n<td width=\"77\"><strong>720<\/strong><\/td>\n<\/tr>\n<tr>\n<td width=\"77\"><strong>Hmotnost ( kg )<\/strong><\/td>\n<td width=\"77\"><strong>95<\/strong><\/td>\n<\/tr>\n<\/tbody>\n<\/table>\n","protected":false},"excerpt":{"rendered":"<p>Objem ( L ) 1250 Pr\u016fm\u011br ( mm ) 1600 Celkov\u00e1 v\u00fd\u0161ka ( mm ) 720 Hmotnost ( kg ) 95<\/p>\n","protected":false},"featured_media":19381,"comment_status":"open","ping_status":"closed","template":"","meta":[],"product_brand":[],"product_cat":[96],"product_tag":[],"class_list":{"0":"post-19386","1":"product","2":"type-product","3":"status-publish","4":"has-post-thumbnail","6":"product_cat-cisterny","8":"first","9":"instock","10":"taxable","11":"shipping-taxable","12":"purchasable","13":"product-type-simple"},"_links":{"self":[{"href":"https:\/\/recarprofi.cz\/uvod\/wp-json\/wp\/v2\/product\/19386","targetHints":{"allow":["GET"]}}],"collection":[{"href":"https:\/\/recarprofi.cz\/uvod\/wp-json\/wp\/v2\/product"}],"about":[{"href":"https:\/\/recarprofi.cz\/uvod\/wp-json\/wp\/v2\/types\/product"}],"replies":[{"embeddable":true,"href":"https:\/\/recarprofi.cz\/uvod\/wp-json\/wp\/v2\/comments?post=19386"}],"version-history":[{"count":1,"href":"https:\/\/recarprofi.cz\/uvod\/wp-json\/wp\/v2\/product\/19386\/revisions"}],"predecessor-version":[{"id":24664,"href":"https:\/\/recarprofi.cz\/uvod\/wp-json\/wp\/v2\/product\/19386\/revisions\/24664"}],"wp:featuredmedia":[{"embeddable":true,"href":"https:\/\/recarprofi.cz\/uvod\/wp-json\/wp\/v2\/media\/19381"}],"wp:attachment":[{"href":"https:\/\/recarprofi.cz\/uvod\/wp-json\/wp\/v2\/media?parent=19386"}],"wp:term":[{"taxonomy":"product_brand","embeddable":true,"href":"https:\/\/recarprofi.cz\/uvod\/wp-json\/wp\/v2\/product_brand?post=19386"},{"taxonomy":"product_cat","embeddable":true,"href":"https:\/\/recarprofi.cz\/uvod\/wp-json\/wp\/v2\/product_cat?post=19386"},{"taxonomy":"product_tag","embeddable":true,"href":"https:\/\/recarprofi.cz\/uvod\/wp-json\/wp\/v2\/product_tag?post=19386"}],"curies":[{"name":"wp","href":"https:\/\/api.w.org\/{rel}","templated":true}]}}

Napáječka zvířat 1250 L

<table>
<tbody>
<tr>
<td width="77"><strong>Objem ( L )</strong></td>
<td width="77"><strong>1250</strong></td>
</tr>
<tr>
<td width="77"><strong>Průměr ( mm )</strong></td>
<td width="77"><strong>1600</strong></td>
</tr>
<tr>
<td width="77"><strong>Celková výška ( mm )</strong></td>
<td width="77"><strong>720</strong></td>
</tr>
<tr>
<td width="77"><strong>Hmotnost ( kg )</strong></td>
<td width="77"><strong>95</strong></td>
</tr>
</tbody>
</table>

<p>Objem ( L ) 1250 Průměr ( mm ) 1600 Celková výška ( mm ) 720 Hmotnost ( kg ) 95</p>
