{"id":20056,"date":"2020-03-03T12:10:39","date_gmt":"2020-03-03T11:10:39","guid":{"rendered":"https:\/\/recarprofi.cz\/uvod\/?post_type=product&#038;p=20056"},"modified":"2023-06-16T14:28:12","modified_gmt":"2023-06-16T12:28:12","slug":"naves-kobzarenko-tsp-10t","status":"publish","type":"product","link":"https:\/\/recarprofi.cz\/uvod\/produkt\/naves-kobzarenko-tsp-10t\/","title":{"rendered":"N\u00e1v\u011bs Kobzarenko TSP-10T"},"content":{"rendered":"<p><strong>Univerz\u00e1ln\u00ed tandemov\u00fd n\u00e1v\u011bs Kobzarenko o nosnosti 8 tun. Robustn\u00ed konstrukce zaji\u0161\u0165uje odolnost a spolehlivost i v n\u00e1ro\u010dn\u00fdch podm\u00ednk\u00e1ch. N\u00e1v\u011bs vybaven\u00fd n\u00e1pravami ADR a hydraulickou soustavou DINATALE. Centr\u00e1ln\u00ed otev\u00edran\u00ed bo\u010dnic a skl\u00e1p\u011bn\u00e9ho do t\u0159\u00ed stran. Dvouokruhov\u00e1 brzdov\u00e1 soustava, mo\u017enost horn\u00edho \u010di spodn\u00edho z\u00e1v\u011bsu Scharm\u00fcller. Hydraulick\u00e1 odstavn\u00e1 noha.<\/strong><\/p>\n<p><strong>Technick\u00e9 parametry:<\/strong><\/p>\n<table border=\"1\" cellspacing=\"0\" cellpadding=\"3\" align=\"center\">\n<tbody>\n<tr>\n<td colspan=\"2\">\n<p class=\"trivial-table\"><strong>Celkov\u00e1 hmotnost<\/strong><\/p>\n<\/td>\n<td>\n<p class=\"trivial-table\"><strong>10 300 kg<\/strong><\/p>\n<\/td>\n<\/tr>\n<tr>\n<td colspan=\"2\">\n<p class=\"trivial-table\"><strong>Hmotnost<\/strong><\/p>\n<\/td>\n<td>\n<p class=\"trivial-table\"><strong>2 300 kg<\/strong><\/p>\n<\/td>\n<\/tr>\n<tr>\n<td colspan=\"2\">\n<p class=\"trivial-table\"><strong>Nosnost<\/strong><\/p>\n<\/td>\n<td>\n<p class=\"trivial-table\"><strong>8 000 kg<\/strong><\/p>\n<\/td>\n<\/tr>\n<tr>\n<td colspan=\"2\">\n<p class=\"trivial-table\"><strong>Zat\u00ed\u017een\u00ed oje<\/strong><\/p>\n<\/td>\n<td>\n<p class=\"trivial-table\"><strong>1 200 kg<\/strong><\/p>\n<\/td>\n<\/tr>\n<tr>\n<td colspan=\"2\"><strong>V\u00fd\u0161ka podlahy<\/strong><\/td>\n<td>\n<p class=\"trivial-table\"><strong>1 120 mm<\/strong><\/p>\n<\/td>\n<\/tr>\n<tr>\n<td colspan=\"2\">\n<p class=\"trivial-table\"><strong>Objem korby<\/strong><\/p>\n<\/td>\n<td>\n<p class=\"trivial-table\"><strong>5 m3<\/strong><\/p>\n<\/td>\n<\/tr>\n<tr>\n<td colspan=\"2\">\n<p class=\"trivial-table\"><strong>Objem korby s n\u00e1stavky 500 mm<\/strong><\/p>\n<\/td>\n<td>\n<p class=\"trivial-table\"><strong>10 m3<\/strong><\/p>\n<\/td>\n<\/tr>\n<tr>\n<td rowspan=\"5\">\n<p class=\"trivial-table\"><strong>Rozm\u011bry korby<\/strong><\/p>\n<\/td>\n<td>\n<p class=\"trivial-table\"><strong>D\u00e9lka<\/strong><\/p>\n<\/td>\n<td>\n<p class=\"trivial-table\"><strong>4 530 mm<\/strong><\/p>\n<\/td>\n<\/tr>\n<tr>\n<td>\n<p class=\"trivial-table\"><strong>\u0160\u00ed\u0159ka<\/strong><\/p>\n<\/td>\n<td>\n<p class=\"trivial-table\"><strong>2 200 mm<\/strong><\/p>\n<\/td>\n<\/tr>\n<tr>\n<td>\n<p class=\"trivial-table\"><strong>V\u00fd\u0161ka<\/strong><\/p>\n<\/td>\n<td>\n<p class=\"trivial-table\"><strong>500 mm<\/strong><\/p>\n<\/td>\n<\/tr>\n<tr>\n<td><strong>V\u00fd\u0161ka s n\u00e1stavky 500 mm<\/strong><\/td>\n<td><strong>1 000 mm<\/strong><\/td>\n<\/tr>\n<tr>\n<td>\n<p class=\"trivial-table\"><strong>S\u00edla podlahy\/bo\u010dnic<\/strong><\/p>\n<\/td>\n<td>\n<p class=\"trivial-table\"><strong>3\/3 mm<\/strong><\/p>\n<\/td>\n<\/tr>\n<tr>\n<td rowspan=\"4\"><strong>Celkov\u00e9 rozm\u011bry<\/strong><\/td>\n<td><strong>D\u00e9lka<\/strong><\/td>\n<td><strong>6 230 mm<\/strong><\/td>\n<\/tr>\n<tr>\n<td><strong>\u0160\u00ed\u0159ka<\/strong><\/td>\n<td><strong>2 340 mm<\/strong><\/td>\n<\/tr>\n<tr>\n<td><strong>V\u00fd\u0161ka<\/strong><\/td>\n<td><strong>2 125 mm<\/strong><\/td>\n<\/tr>\n<tr>\n<td><strong>V\u00fd\u0161ka s n\u00e1stavky 500 mm<\/strong><\/td>\n<td><strong>2 625 mm<\/strong><\/td>\n<\/tr>\n<tr>\n<td colspan=\"2\">\n<p class=\"trivial-table\"><strong>N\u00e1pravy<\/strong><\/p>\n<\/td>\n<td><strong>2 ks<\/strong><\/td>\n<\/tr>\n<tr>\n<td colspan=\"2\">\n<p class=\"trivial-table\"><strong>Rozm\u011br kol<\/strong><\/p>\n<\/td>\n<td>\n<p class=\"trivial-table\"><strong>11,5\/80-15,3<\/strong><\/p>\n<\/td>\n<\/tr>\n<tr>\n<td colspan=\"2\">\n<p class=\"trivial-table\"><strong>V\u00fdkon traktoru<\/strong><\/p>\n<\/td>\n<td>\n<p class=\"trivial-table\"><strong>80 \u043aon\u00ed<\/strong><\/p>\n<\/td>\n<\/tr>\n<\/tbody>\n<\/table>\n<p>&nbsp;<\/p>\n<p>&nbsp;<\/p>\n","protected":false},"excerpt":{"rendered":"<p>Univerz\u00e1ln\u00ed tandemov\u00fd n\u00e1v\u011bs Kobzarenko o nosnosti 8 tun. Robustn\u00ed konstrukce zaji\u0161\u0165uje odolnost a spolehlivost i v n\u00e1ro\u010dn\u00fdch podm\u00ednk\u00e1ch. N\u00e1v\u011bs vybaven\u00fd n\u00e1pravami ADR a hydraulickou soustavou DINATALE. Centr\u00e1ln\u00ed otev\u00edran\u00ed bo\u010dnic a skl\u00e1p\u011bn\u00e9ho do t\u0159\u00ed stran. Dvouokruhov\u00e1&hellip;<\/p>\n","protected":false},"featured_media":20057,"comment_status":"closed","ping_status":"closed","template":"","meta":[],"product_brand":[],"product_cat":[63],"product_tag":[],"class_list":{"0":"post-20056","1":"product","2":"type-product","3":"status-publish","4":"has-post-thumbnail","6":"product_cat-navesy-traktorove","8":"first","9":"instock","10":"taxable","11":"shipping-taxable","12":"purchasable","13":"product-type-simple"},"_links":{"self":[{"href":"https:\/\/recarprofi.cz\/uvod\/wp-json\/wp\/v2\/product\/20056","targetHints":{"allow":["GET"]}}],"collection":[{"href":"https:\/\/recarprofi.cz\/uvod\/wp-json\/wp\/v2\/product"}],"about":[{"href":"https:\/\/recarprofi.cz\/uvod\/wp-json\/wp\/v2\/types\/product"}],"replies":[{"embeddable":true,"href":"https:\/\/recarprofi.cz\/uvod\/wp-json\/wp\/v2\/comments?post=20056"}],"version-history":[{"count":3,"href":"https:\/\/recarprofi.cz\/uvod\/wp-json\/wp\/v2\/product\/20056\/revisions"}],"predecessor-version":[{"id":26329,"href":"https:\/\/recarprofi.cz\/uvod\/wp-json\/wp\/v2\/product\/20056\/revisions\/26329"}],"wp:featuredmedia":[{"embeddable":true,"href":"https:\/\/recarprofi.cz\/uvod\/wp-json\/wp\/v2\/media\/20057"}],"wp:attachment":[{"href":"https:\/\/recarprofi.cz\/uvod\/wp-json\/wp\/v2\/media?parent=20056"}],"wp:term":[{"taxonomy":"product_brand","embeddable":true,"href":"https:\/\/recarprofi.cz\/uvod\/wp-json\/wp\/v2\/product_brand?post=20056"},{"taxonomy":"product_cat","embeddable":true,"href":"https:\/\/recarprofi.cz\/uvod\/wp-json\/wp\/v2\/product_cat?post=20056"},{"taxonomy":"product_tag","embeddable":true,"href":"https:\/\/recarprofi.cz\/uvod\/wp-json\/wp\/v2\/product_tag?post=20056"}],"curies":[{"name":"wp","href":"https:\/\/api.w.org\/{rel}","templated":true}]}}