{"id":20067,"date":"2020-03-03T13:28:41","date_gmt":"2020-03-03T12:28:41","guid":{"rendered":"https:\/\/recarprofi.cz\/uvod\/?post_type=product&#038;p=20067"},"modified":"2023-06-16T14:48:04","modified_gmt":"2023-06-16T12:48:04","slug":"naves-kobzarenko-tsp-20","status":"publish","type":"product","link":"https:\/\/recarprofi.cz\/uvod\/produkt\/naves-kobzarenko-tsp-20\/","title":{"rendered":"N\u00e1v\u011bs Kobzarenko TSP-20"},"content":{"rendered":"<p><strong>Univerz\u00e1ln\u00ed tandemov\u00fd n\u00e1v\u011bs Kobzarenko o nosnosti 16 tun je vybaveny dozadu sklopnou vanovou korbou s hydraulicky otev\u00edrateln\u00fdm zadn\u00edm \u010delem a tandemovou n\u00e1pravou. St\u011bny n\u00e1kladov\u00e9ho prostoru zaru\u010duj\u00ed, \u017ee p\u0159epravovan\u00e9 zem\u011bd\u011blsk\u00e9 plodiny nebudou p\u0159i transportu po\u0161kozeny. Robustn\u00ed konstrukce zaji\u0161\u0165uje odolnost a spolehlivost. N\u00e1v\u011bs vybaveny n\u00e1pravami ADR a hydraulickou soustavou DINATALE. Sko\u0159epinov\u00e1 korba, zadn\u00ed \u010delo otev\u00edran\u00e9 hydraulicky od podlahy. Hydraulick\u00e1 odstavn\u00e1 noha, mechanick\u00e1 parkovac\u00ed brzda, dvouokruhov\u00e1 brzdov\u00e1 soustava, mo\u017enost agregace horn\u00edho \u010di spodn\u00edho z\u00e1v\u011bsu Scharm\u00fcller.<\/strong><\/p>\n<p><strong>Technick\u00e9 parametry:<\/strong><\/p>\n<table border=\"1\" cellspacing=\"0\" cellpadding=\"3\" align=\"center\">\n<tbody>\n<tr>\n<td colspan=\"2\">\n<p class=\"trivial-table\"><strong>Celkov\u00e1 hmotnost<\/strong><\/p>\n<\/td>\n<td>\n<p class=\"trivial-table\"><strong>21 950 kg<\/strong><\/p>\n<\/td>\n<\/tr>\n<tr>\n<td colspan=\"2\">\n<p class=\"trivial-table\"><strong>Hmotnost<\/strong><\/p>\n<\/td>\n<td>\n<p class=\"trivial-table\"><strong>5 950 kg<\/strong><\/p>\n<\/td>\n<\/tr>\n<tr>\n<td colspan=\"2\">\n<p class=\"trivial-table\"><strong>Nosnost<\/strong><\/p>\n<\/td>\n<td>\n<p class=\"trivial-table\"><strong>16 000 kg<\/strong><\/p>\n<\/td>\n<\/tr>\n<tr>\n<td colspan=\"2\">\n<p class=\"trivial-table\"><strong>Zat\u00ed\u017een\u00ed oje<\/strong><\/p>\n<\/td>\n<td>\n<p class=\"trivial-table\"><strong>2 300 kg<\/strong><\/p>\n<\/td>\n<\/tr>\n<tr>\n<td colspan=\"2\"><strong>V\u00fd\u0161ka podlahy<\/strong><\/td>\n<td>\n<p class=\"trivial-table\"><strong>1 300 mm<\/strong><\/p>\n<\/td>\n<\/tr>\n<tr>\n<td colspan=\"2\">\n<p class=\"trivial-table\"><strong>Objem korby<\/strong><\/p>\n<\/td>\n<td>\n<p class=\"trivial-table\"><strong>19,5 m3<\/strong><\/p>\n<\/td>\n<\/tr>\n<tr>\n<td colspan=\"2\">\n<p class=\"trivial-table\"><strong>Objem korby s n\u00e1stavky 500 mm<\/strong><\/p>\n<\/td>\n<td>\n<p class=\"trivial-table\"><strong>27,3 m3<\/strong><\/p>\n<\/td>\n<\/tr>\n<tr>\n<td rowspan=\"5\">\n<p class=\"trivial-table\"><strong>Rozm\u011bry korby<\/strong><\/p>\n<\/td>\n<td>\n<p class=\"trivial-table\"><strong>D\u00e9lka<\/strong><\/p>\n<\/td>\n<td>\n<p class=\"trivial-table\"><strong>5 600 mm<\/strong><\/p>\n<\/td>\n<\/tr>\n<tr>\n<td>\n<p class=\"trivial-table\"><strong>\u0160\u00ed\u0159ka<\/strong><\/p>\n<\/td>\n<td>\n<p class=\"trivial-table\"><strong>2 230 mm<\/strong><\/p>\n<\/td>\n<\/tr>\n<tr>\n<td>\n<p class=\"trivial-table\"><strong>V\u00fd\u0161ka<\/strong><\/p>\n<\/td>\n<td>\n<p class=\"trivial-table\"><strong>1 540 mm<\/strong><\/p>\n<\/td>\n<\/tr>\n<tr>\n<td><strong>V\u00fd\u0161ka s n\u00e1stavky 500 mm<\/strong><\/td>\n<td><strong>2 040 mm<\/strong><\/td>\n<\/tr>\n<tr>\n<td>\n<p class=\"trivial-table\"><strong>S\u00edla bo\u010dnic\/podlahy<\/strong><\/p>\n<\/td>\n<td>\n<p class=\"trivial-table\"><strong>4\/5 mm<\/strong><\/p>\n<\/td>\n<\/tr>\n<tr>\n<td rowspan=\"4\"><strong>Celkov\u00e9 rozm\u011bry<\/strong><\/td>\n<td><strong>D\u00e9lka<\/strong><\/td>\n<td><strong>7 630 mm<\/strong><\/td>\n<\/tr>\n<tr>\n<td><strong>\u0160\u00ed\u0159ka<\/strong><\/td>\n<td><strong>2 540 mm<\/strong><\/td>\n<\/tr>\n<tr>\n<td><strong>V\u00fd\u0161ka<\/strong><\/td>\n<td><strong>3 015 mm<\/strong><\/td>\n<\/tr>\n<tr>\n<td><strong>V\u00fd\u0161ka s n\u00e1stavky 500 mm<\/strong><\/td>\n<td><strong>3 515 mm<\/strong><\/td>\n<\/tr>\n<tr>\n<td colspan=\"2\">\n<p class=\"trivial-table\"><strong>N\u00e1pravy<\/strong><\/p>\n<\/td>\n<td><strong>2 ks<\/strong><\/td>\n<\/tr>\n<tr>\n<td colspan=\"2\">\n<p class=\"trivial-table\"><strong>Rozm\u011br kol<\/strong><\/p>\n<\/td>\n<td>\n<p class=\"trivial-table\"><strong>550\/60R22,5<\/strong><\/p>\n<\/td>\n<\/tr>\n<tr>\n<td colspan=\"2\">\n<p class=\"trivial-table\"><strong>V\u00fdkon traktoru<\/strong><\/p>\n<\/td>\n<td>\n<p class=\"trivial-table\"><strong>120 \u2013 150 \u043a<\/strong><\/p>\n<\/td>\n<\/tr>\n<\/tbody>\n<\/table>\n<p>&nbsp;<\/p>\n","protected":false},"excerpt":{"rendered":"<p>Univerz\u00e1ln\u00ed tandemov\u00fd n\u00e1v\u011bs Kobzarenko o nosnosti 16 tun je vybaveny dozadu sklopnou vanovou korbou s hydraulicky otev\u00edrateln\u00fdm zadn\u00edm \u010delem a tandemovou n\u00e1pravou. St\u011bny n\u00e1kladov\u00e9ho prostoru zaru\u010duj\u00ed, \u017ee p\u0159epravovan\u00e9 zem\u011bd\u011blsk\u00e9 plodiny nebudou p\u0159i transportu po\u0161kozeny. Robustn\u00ed&hellip;<\/p>\n","protected":false},"featured_media":20068,"comment_status":"closed","ping_status":"closed","template":"","meta":[],"product_brand":[],"product_cat":[63],"product_tag":[],"class_list":{"0":"post-20067","1":"product","2":"type-product","3":"status-publish","4":"has-post-thumbnail","6":"product_cat-navesy-traktorove","8":"first","9":"instock","10":"taxable","11":"shipping-taxable","12":"purchasable","13":"product-type-simple"},"_links":{"self":[{"href":"https:\/\/recarprofi.cz\/uvod\/wp-json\/wp\/v2\/product\/20067","targetHints":{"allow":["GET"]}}],"collection":[{"href":"https:\/\/recarprofi.cz\/uvod\/wp-json\/wp\/v2\/product"}],"about":[{"href":"https:\/\/recarprofi.cz\/uvod\/wp-json\/wp\/v2\/types\/product"}],"replies":[{"embeddable":true,"href":"https:\/\/recarprofi.cz\/uvod\/wp-json\/wp\/v2\/comments?post=20067"}],"version-history":[{"count":3,"href":"https:\/\/recarprofi.cz\/uvod\/wp-json\/wp\/v2\/product\/20067\/revisions"}],"predecessor-version":[{"id":26340,"href":"https:\/\/recarprofi.cz\/uvod\/wp-json\/wp\/v2\/product\/20067\/revisions\/26340"}],"wp:featuredmedia":[{"embeddable":true,"href":"https:\/\/recarprofi.cz\/uvod\/wp-json\/wp\/v2\/media\/20068"}],"wp:attachment":[{"href":"https:\/\/recarprofi.cz\/uvod\/wp-json\/wp\/v2\/media?parent=20067"}],"wp:term":[{"taxonomy":"product_brand","embeddable":true,"href":"https:\/\/recarprofi.cz\/uvod\/wp-json\/wp\/v2\/product_brand?post=20067"},{"taxonomy":"product_cat","embeddable":true,"href":"https:\/\/recarprofi.cz\/uvod\/wp-json\/wp\/v2\/product_cat?post=20067"},{"taxonomy":"product_tag","embeddable":true,"href":"https:\/\/recarprofi.cz\/uvod\/wp-json\/wp\/v2\/product_tag?post=20067"}],"curies":[{"name":"wp","href":"https:\/\/api.w.org\/{rel}","templated":true}]}}

Návěs Kobzarenko TSP-20

<p><strong>Univerzální tandemový návěs Kobzarenko o nosnosti 16 tun je vybaveny dozadu sklopnou vanovou korbou s hydraulicky otevíratelným zadním čelem a tandemovou nápravou. Stěny nákladového prostoru zaručují, že přepravované zemědělské plodiny nebudou při transportu poškozeny. Robustní konstrukce zajišťuje odolnost a spolehlivost. Návěs vybaveny nápravami ADR a hydraulickou soustavou DINATALE. Skořepinová korba, zadní čelo otevírané hydraulicky od podlahy. Hydraulická odstavná noha, mechanická parkovací brzda, dvouokruhová brzdová soustava, možnost agregace horního či spodního závěsu Scharmüller.</strong></p>
<p><strong>Technické parametry:</strong></p>
<table border="1" cellspacing="0" cellpadding="3" align="center">
<tbody>
<tr>
<td colspan="2">
<p class="trivial-table"><strong>Celková hmotnost</strong></p>
</td>
<td>
<p class="trivial-table"><strong>21 950 kg</strong></p>
</td>
</tr>
<tr>
<td colspan="2">
<p class="trivial-table"><strong>Hmotnost</strong></p>
</td>
<td>
<p class="trivial-table"><strong>5 950 kg</strong></p>
</td>
</tr>
<tr>
<td colspan="2">
<p class="trivial-table"><strong>Nosnost</strong></p>
</td>
<td>
<p class="trivial-table"><strong>16 000 kg</strong></p>
</td>
</tr>
<tr>
<td colspan="2">
<p class="trivial-table"><strong>Zatížení oje</strong></p>
</td>
<td>
<p class="trivial-table"><strong>2 300 kg</strong></p>
</td>
</tr>
<tr>
<td colspan="2"><strong>Výška podlahy</strong></td>
<td>
<p class="trivial-table"><strong>1 300 mm</strong></p>
</td>
</tr>
<tr>
<td colspan="2">
<p class="trivial-table"><strong>Objem korby</strong></p>
</td>
<td>
<p class="trivial-table"><strong>19,5 m3</strong></p>
</td>
</tr>
<tr>
<td colspan="2">
<p class="trivial-table"><strong>Objem korby s nástavky 500 mm</strong></p>
</td>
<td>
<p class="trivial-table"><strong>27,3 m3</strong></p>
</td>
</tr>
<tr>
<td rowspan="5">
<p class="trivial-table"><strong>Rozměry korby</strong></p>
</td>
<td>
<p class="trivial-table"><strong>Délka</strong></p>
</td>
<td>
<p class="trivial-table"><strong>5 600 mm</strong></p>
</td>
</tr>
<tr>
<td>
<p class="trivial-table"><strong>Šířka</strong></p>
</td>
<td>
<p class="trivial-table"><strong>2 230 mm</strong></p>
</td>
</tr>
<tr>
<td>
<p class="trivial-table"><strong>Výška</strong></p>
</td>
<td>
<p class="trivial-table"><strong>1 540 mm</strong></p>
</td>
</tr>
<tr>
<td><strong>Výška s nástavky 500 mm</strong></td>
<td><strong>2 040 mm</strong></td>
</tr>
<tr>
<td>
<p class="trivial-table"><strong>Síla bočnic/podlahy</strong></p>
</td>
<td>
<p class="trivial-table"><strong>4/5 mm</strong></p>
</td>
</tr>
<tr>
<td rowspan="4"><strong>Celkové rozměry</strong></td>
<td><strong>Délka</strong></td>
<td><strong>7 630 mm</strong></td>
</tr>
<tr>
<td><strong>Šířka</strong></td>
<td><strong>2 540 mm</strong></td>
</tr>
<tr>
<td><strong>Výška</strong></td>
<td><strong>3 015 mm</strong></td>
</tr>
<tr>
<td><strong>Výška s nástavky 500 mm</strong></td>
<td><strong>3 515 mm</strong></td>
</tr>
<tr>
<td colspan="2">
<p class="trivial-table"><strong>Nápravy</strong></p>
</td>
<td><strong>2 ks</strong></td>
</tr>
<tr>
<td colspan="2">
<p class="trivial-table"><strong>Rozměr kol</strong></p>
</td>
<td>
<p class="trivial-table"><strong>550/60R22,5</strong></p>
</td>
</tr>
<tr>
<td colspan="2">
<p class="trivial-table"><strong>Výkon traktoru</strong></p>
</td>
<td>
<p class="trivial-table"><strong>120 – 150 к</strong></p>
</td>
</tr>
</tbody>
</table>
<p>&nbsp;</p>

<p>Univerzální tandemový návěs Kobzarenko o nosnosti 16 tun je vybaveny dozadu sklopnou vanovou korbou s hydraulicky otevíratelným zadním čelem a tandemovou nápravou. Stěny nákladového prostoru zaručují, že přepravované zemědělské plodiny nebudou při transportu poškozeny. Robustní&hellip;</p>
