{"id":21482,"date":"2020-03-27T11:30:17","date_gmt":"2020-03-27T10:30:17","guid":{"rendered":"https:\/\/recarprofi.cz\/uvod\/?post_type=product&#038;p=21482"},"modified":"2022-08-01T13:56:25","modified_gmt":"2022-08-01T11:56:25","slug":"rozmetadlo-cynkomet-n-235-1","status":"publish","type":"product","link":"https:\/\/recarprofi.cz\/uvod\/produkt\/rozmetadlo-cynkomet-n-235-1\/","title":{"rendered":"Rozmetadlo Cynkomet N-235\/1"},"content":{"rendered":"<div class=\"row ea-intro\">\n<div class=\"col-md-5\">\n<p><strong>Rozmetadlo Cynkomet N &#8211; 235\/1 je ur\u010deno k rozmet\u00e1n\u00ed chl\u00e9vsk\u00e9 mrvy, kompostu, ra\u0161eliny a v\u00e1pna. Konstrukce je \u017e\u00e1rov\u011b zinkovan\u00e1, podlaha m\u00e1 s\u00edlu plechu 3mm, co\u017e zaji\u0161\u0165uje dlouhou bezporuchovou \u017eivotnost. Pro v\u00fdrobu komponent\u016f jsou pou\u017e\u00edv\u00e1ny vysoce kvalitn\u00ed materi\u00e1ly co\u017e zaru\u010duje vysokou jakost a bezporuchovost. . Rozmetadlo m\u00e1 dv\u011b n\u00e1pravy \u00a0na vahadlech nebo odpru\u017een\u00e9.. Posuv dopravn\u00edku je mechanick\u00fd pomoc\u00ed 9 stup\u0148ov\u00e9 p\u0159evodovky. \u00a0Po v\u00fdm\u011bn\u011b rozmetac\u00edho adapt\u00e9ru za zadn\u00ed \u010delo je mo\u017eno vyu\u017e\u00edt rozmetadlo k p\u0159eprav\u011b zem\u011bd\u011blsk\u00fdch materi\u00e1l\u016f.<\/strong><\/p>\n<\/div>\n<\/div>\n<div class=\"row\">\n<div class=\"col-xs-12\">\n<h3 class=\"ea-technika\"><strong>Technick\u00e1 specifikace:<\/strong><\/h3>\n<table>\n<tbody>\n<tr>\n<td><strong>Nosnost<\/strong><\/td>\n<td><strong>4000 kg<\/strong><\/td>\n<\/tr>\n<tr>\n<td><strong>Vlastn\u00ed hmotnost<\/strong><\/td>\n<td><strong>1490 kg<\/strong><\/td>\n<\/tr>\n<tr>\n<td><strong>Celkov\u00e9 rozm\u011bry (dx\u0161xv)<\/strong><\/td>\n<td><strong>5620\/2060\/2600 mm<\/strong><\/td>\n<\/tr>\n<tr>\n<td><strong>Rozm\u011bry sk\u0159\u00edn\u011b<\/strong><\/td>\n<td><strong>3960\/1720\/500 mm<\/strong><\/td>\n<\/tr>\n<tr>\n<td><strong>Objem sk\u0159\u00edn\u011b<\/strong><\/td>\n<td><strong>3,4 m\u00b3<\/strong><\/td>\n<\/tr>\n<tr>\n<td><strong>V\u00fd\u0161ka podlahy od podlo\u017e\u00ed<\/strong><\/td>\n<td><strong>950 mm<\/strong><\/td>\n<\/tr>\n<tr>\n<td><strong>Kola<\/strong><\/td>\n<td><strong>10\/75-15,3<\/strong><\/td>\n<\/tr>\n<tr>\n<td><strong>Rozchod kol<\/strong><\/td>\n<td><strong>1480 mm<\/strong><\/td>\n<\/tr>\n<tr>\n<td><strong>Rozvor os<\/strong><\/td>\n<td><strong>2380 mm<\/strong><\/td>\n<\/tr>\n<tr>\n<td><strong>Konstruk\u010dn\u00ed rychlost<\/strong><\/td>\n<td><strong>30 km\/h<\/strong><\/td>\n<\/tr>\n<tr>\n<td><strong>Doporu\u010den\u00fd v\u00fdkon traktoru<\/strong><\/td>\n<td><strong>45 k<\/strong><\/td>\n<\/tr>\n<tr>\n<td><strong>Typ adapt\u00e9ru<\/strong><\/td>\n<td><strong>A2H<\/strong><\/td>\n<\/tr>\n<tr>\n<td><strong>Zav\u011b\u0161en\u00ed n\u00e1pravy<\/strong><\/td>\n<td><strong>v\u00e1hadla<\/strong><\/td>\n<\/tr>\n<tr>\n<td><strong>Nakl\u00e1dac\u00ed v\u00fd\u0161ka<\/strong><\/td>\n<td><strong>1 450 mm<\/strong><\/td>\n<\/tr>\n<\/tbody>\n<\/table>\n<\/div>\n<\/div>\n<p>&nbsp;<\/p>\n<p><strong>P\u0159\u00edplatkov\u00e1 v\u00fdbava, zd\u011blte do pozn\u00e1mky:<\/strong><\/p>\n<ol>\n<li><strong>N\u00e1stavky (zadn\u00ed \u010delo v kompletu) v\u00fd\u0161ky 500 mm &#8211; \u017e\u00e1rov\u011b pozinkovan\u00e9\u00a0 &#8211; 25.000,-K\u010d+DPH<\/strong><\/li>\n<li><strong>Zadn\u00ed st\u011bna (\u010delo) v\u00fd\u0161ky 500 mm, \u017e\u00e1rov\u011b pozinkov\u00e1na\u00a0 &#8211; 7.000,-K\u010d+DPH<\/strong><\/li>\n<li><strong>Zadn\u00ed hydraulick\u00e1 st\u011bna-gilotina\u00a0 &#8211; 28.000,-K\u010d+DPH<\/strong><\/li>\n<li><strong>Adapt\u00e9r A4VS &#8211; 4 svisl\u00e9 vych\u00fdlen\u00e9 \u0161neky, \u017e\u00e1rov\u011b pozinkovan\u00e9\u00a0 &#8211; 37.000,-K\u010d+DPH<\/strong><\/li>\n<li><strong>Hydraulick\u00e1 brzdov\u00e1 soustava\u00a0 &#8211; 3.000,-K\u010d+DPH<\/strong><\/li>\n<li><strong>Pneumatick\u00e1 dvouhadicov\u00e1 brzdov\u00e1 instalace\u00a0 &#8211; 9.000,-K\u010d+DPH<\/strong><\/li>\n<li><strong>Pln\u00e9 osv\u011btlen\u00ed LED\u00a0 &#8211; 3.100,-K\u010d+DPH<\/strong><\/li>\n<li><strong>Kloubov\u00fd n\u00e1hon\u00a0 &#8211; 6.500,-K\u010d+DPH<\/strong><\/li>\n<li><strong>V\u00fdstra\u017en\u00fd troj\u00faheln\u00edk\u00a0 &#8211; 500,-K\u010d+DPH<\/strong><\/li>\n<\/ol>\n<div class=\"row\">\n<p>&nbsp;<\/p>\n<\/div>\n","protected":false},"excerpt":{"rendered":"<p>Rozmetadlo Cynkomet N &#8211; 235\/1 je ur\u010deno k rozmet\u00e1n\u00ed chl\u00e9vsk\u00e9 mrvy, kompostu, ra\u0161eliny a v\u00e1pna. Konstrukce je \u017e\u00e1rov\u011b zinkovan\u00e1, podlaha m\u00e1 s\u00edlu plechu 3mm, co\u017e zaji\u0161\u0165uje dlouhou bezporuchovou \u017eivotnost. Pro v\u00fdrobu komponent\u016f jsou pou\u017e\u00edv\u00e1ny vysoce&hellip;<\/p>\n","protected":false},"featured_media":21483,"comment_status":"open","ping_status":"closed","template":"","meta":[],"product_brand":[],"product_cat":[71],"product_tag":[],"class_list":{"0":"post-21482","1":"product","2":"type-product","3":"status-publish","4":"has-post-thumbnail","6":"product_cat-rozmetadla-mrvy","8":"first","9":"instock","10":"taxable","11":"shipping-taxable","12":"purchasable","13":"product-type-simple"},"_links":{"self":[{"href":"https:\/\/recarprofi.cz\/uvod\/wp-json\/wp\/v2\/product\/21482","targetHints":{"allow":["GET"]}}],"collection":[{"href":"https:\/\/recarprofi.cz\/uvod\/wp-json\/wp\/v2\/product"}],"about":[{"href":"https:\/\/recarprofi.cz\/uvod\/wp-json\/wp\/v2\/types\/product"}],"replies":[{"embeddable":true,"href":"https:\/\/recarprofi.cz\/uvod\/wp-json\/wp\/v2\/comments?post=21482"}],"version-history":[{"count":2,"href":"https:\/\/recarprofi.cz\/uvod\/wp-json\/wp\/v2\/product\/21482\/revisions"}],"predecessor-version":[{"id":24596,"href":"https:\/\/recarprofi.cz\/uvod\/wp-json\/wp\/v2\/product\/21482\/revisions\/24596"}],"wp:featuredmedia":[{"embeddable":true,"href":"https:\/\/recarprofi.cz\/uvod\/wp-json\/wp\/v2\/media\/21483"}],"wp:attachment":[{"href":"https:\/\/recarprofi.cz\/uvod\/wp-json\/wp\/v2\/media?parent=21482"}],"wp:term":[{"taxonomy":"product_brand","embeddable":true,"href":"https:\/\/recarprofi.cz\/uvod\/wp-json\/wp\/v2\/product_brand?post=21482"},{"taxonomy":"product_cat","embeddable":true,"href":"https:\/\/recarprofi.cz\/uvod\/wp-json\/wp\/v2\/product_cat?post=21482"},{"taxonomy":"product_tag","embeddable":true,"href":"https:\/\/recarprofi.cz\/uvod\/wp-json\/wp\/v2\/product_tag?post=21482"}],"curies":[{"name":"wp","href":"https:\/\/api.w.org\/{rel}","templated":true}]}}