{"id":22036,"date":"2020-06-12T12:11:19","date_gmt":"2020-06-12T10:11:19","guid":{"rendered":"http:\/\/recarprofi.cz\/uvod\/?post_type=product&#038;p=22036"},"modified":"2022-08-01T14:06:25","modified_gmt":"2022-08-01T12:06:25","slug":"prives-cynkomet-t-169-2","status":"publish","type":"product","link":"https:\/\/recarprofi.cz\/uvod\/produkt\/prives-cynkomet-t-169-2\/","title":{"rendered":"P\u0159\u00edv\u011bs Cynkomet T-169\/2"},"content":{"rendered":"<p><strong>Traktorov\u00fd p\u0159\u00edv\u011bs CYNKOMET T 169\/2 m\u00e1 t\u0159\u00edstrann\u00e9 sklopnou korbu. P\u0159\u00edv\u011bs m\u00e1 nosnost 6 tun. \u017d\u00e1rov\u011b pozinkovan\u00e9 bo\u010dnice, oto\u010dn\u00e9 oje a r\u00e1m. Podlaha o tlou\u0161\u0165ce 4 mm je opat\u0159ena povrchov\u00fdm n\u00e1t\u011brem. Oj typu \u201eY\u201c s pevn\u00fdm okem 40 mm. Centr\u00e1ln\u00ed ji\u0161t\u011bn\u00ed bo\u010dnic. Zadn\u00ed bo\u010dnice je vybavena v\u00fdsypn\u00fdm ok\u00e9nkem. \u017deb\u0159\u00edk a vnit\u0159n\u00ed n\u00e1\u0161lapy umo\u017e\u0148uj\u00edc\u00ed vstup do korby. Zakl\u00e1dac\u00ed kl\u00edny kol.<\/strong><\/p>\n<p><strong>Technick\u00e9 parametry:<\/strong><\/p>\n<ul>\n<li><strong>V\u00fd\u0161ka bo\u010dnice 500 mm<\/strong><\/li>\n<li><strong>2 hadicov\u00e9 pneumatick\u00e9 brzdy<\/strong><\/li>\n<li><strong>Elektrick\u00e1 instalace 12 V s osv\u011btlen\u00edm<\/strong><\/li>\n<li><strong>Mechanick\u00e1 ru\u010dn\u00ed brzda<\/strong><\/li>\n<li><strong>Zadn\u00ed v\u00fdvody hydrauliky a pneumatiky<\/strong><\/li>\n<li><strong>Zadn\u00ed sesyp<\/strong><\/li>\n<li><strong>Zadn\u00ed mechanick\u00fd z\u00e1v\u011bs<\/strong><\/li>\n<li><strong>N\u00e1pravy ADR odpru\u017een\u00e9 listov\u00fdmi pery<\/strong><\/li>\n<\/ul>\n<ul>\n<li><strong>Nosnost 6.000 kg<\/strong><\/li>\n<li><strong>Vlastn\u00ed hmotnost 1940 kg<\/strong><\/li>\n<li><strong>D\u00e9lka \u00a06080 mm<\/strong><\/li>\n<li><strong>\u0160\u00ed\u0159ka \u00a0\u00a02300 m<\/strong><\/li>\n<li><strong>Rozm\u011bry sk\u0159\u00edn\u011b \u00a04020 x 2120 x 500\/1000 mm<\/strong><\/li>\n<li><strong>Objem sk\u0159\u00edn\u011b \u00a04,2 m3<\/strong><\/li>\n<li><strong>V\u00fd\u0161ka n\u00e1kladov\u00e9 plochy od podlo\u017e\u00ed \u00a01130 mm<\/strong><\/li>\n<li><strong>Rozchod kol \u00a01700 mm<\/strong><\/li>\n<li><strong>Rychlost transportn\u00ed \u00a0\u00a030 km<\/strong><\/li>\n<\/ul>\n<ul>\n<li><strong>Kola 10\/75 \u2013 15,3<\/strong><\/li>\n<\/ul>\n","protected":false},"excerpt":{"rendered":"<p>Traktorov\u00fd p\u0159\u00edv\u011bs CYNKOMET T 169\/2 m\u00e1 t\u0159\u00edstrann\u00e9 sklopnou korbu. P\u0159\u00edv\u011bs m\u00e1 nosnost 6 tun. \u017d\u00e1rov\u011b pozinkovan\u00e9 bo\u010dnice, oto\u010dn\u00e9 oje a r\u00e1m. Podlaha o tlou\u0161\u0165ce 4 mm je opat\u0159ena povrchov\u00fdm n\u00e1t\u011brem. Oj typu \u201eY\u201c s pevn\u00fdm&hellip;<\/p>\n","protected":false},"featured_media":11573,"comment_status":"open","ping_status":"closed","template":"","meta":[],"product_brand":[],"product_cat":[63],"product_tag":[],"class_list":{"0":"post-22036","1":"product","2":"type-product","3":"status-publish","4":"has-post-thumbnail","6":"product_cat-navesy-traktorove","8":"first","9":"instock","10":"taxable","11":"shipping-taxable","12":"purchasable","13":"product-type-simple"},"_links":{"self":[{"href":"https:\/\/recarprofi.cz\/uvod\/wp-json\/wp\/v2\/product\/22036","targetHints":{"allow":["GET"]}}],"collection":[{"href":"https:\/\/recarprofi.cz\/uvod\/wp-json\/wp\/v2\/product"}],"about":[{"href":"https:\/\/recarprofi.cz\/uvod\/wp-json\/wp\/v2\/types\/product"}],"replies":[{"embeddable":true,"href":"https:\/\/recarprofi.cz\/uvod\/wp-json\/wp\/v2\/comments?post=22036"}],"version-history":[{"count":2,"href":"https:\/\/recarprofi.cz\/uvod\/wp-json\/wp\/v2\/product\/22036\/revisions"}],"predecessor-version":[{"id":24598,"href":"https:\/\/recarprofi.cz\/uvod\/wp-json\/wp\/v2\/product\/22036\/revisions\/24598"}],"wp:featuredmedia":[{"embeddable":true,"href":"https:\/\/recarprofi.cz\/uvod\/wp-json\/wp\/v2\/media\/11573"}],"wp:attachment":[{"href":"https:\/\/recarprofi.cz\/uvod\/wp-json\/wp\/v2\/media?parent=22036"}],"wp:term":[{"taxonomy":"product_brand","embeddable":true,"href":"https:\/\/recarprofi.cz\/uvod\/wp-json\/wp\/v2\/product_brand?post=22036"},{"taxonomy":"product_cat","embeddable":true,"href":"https:\/\/recarprofi.cz\/uvod\/wp-json\/wp\/v2\/product_cat?post=22036"},{"taxonomy":"product_tag","embeddable":true,"href":"https:\/\/recarprofi.cz\/uvod\/wp-json\/wp\/v2\/product_tag?post=22036"}],"curies":[{"name":"wp","href":"https:\/\/api.w.org\/{rel}","templated":true}]}}

Přívěs Cynkomet T-169/2

<p><strong>Traktorový přívěs CYNKOMET T 169/2 má třístranné sklopnou korbu. Přívěs má nosnost 6 tun. Žárově pozinkované bočnice, otočné oje a rám. Podlaha o tloušťce 4 mm je opatřena povrchovým nátěrem. Oj typu „Y“ s pevným okem 40 mm. Centrální jištění bočnic. Zadní bočnice je vybavena výsypným okénkem. Žebřík a vnitřní nášlapy umožňující vstup do korby. Zakládací klíny kol.</strong></p>
<p><strong>Technické parametry:</strong></p>
<ul>
<li><strong>Výška bočnice 500 mm</strong></li>
<li><strong>2 hadicové pneumatické brzdy</strong></li>
<li><strong>Elektrická instalace 12 V s osvětlením</strong></li>
<li><strong>Mechanická ruční brzda</strong></li>
<li><strong>Zadní vývody hydrauliky a pneumatiky</strong></li>
<li><strong>Zadní sesyp</strong></li>
<li><strong>Zadní mechanický závěs</strong></li>
<li><strong>Nápravy ADR odpružené listovými pery</strong></li>
</ul>
<ul>
<li><strong>Nosnost 6.000 kg</strong></li>
<li><strong>Vlastní hmotnost 1940 kg</strong></li>
<li><strong>Délka  6080 mm</strong></li>
<li><strong>Šířka   2300 m</strong></li>
<li><strong>Rozměry skříně  4020 x 2120 x 500/1000 mm</strong></li>
<li><strong>Objem skříně  4,2 m3</strong></li>
<li><strong>Výška nákladové plochy od podloží  1130 mm</strong></li>
<li><strong>Rozchod kol  1700 mm</strong></li>
<li><strong>Rychlost transportní   30 km</strong></li>
</ul>
<ul>
<li><strong>Kola 10/75 – 15,3</strong></li>
</ul>

<p>Traktorový přívěs CYNKOMET T 169/2 má třístranné sklopnou korbu. Přívěs má nosnost 6 tun. Žárově pozinkované bočnice, otočné oje a rám. Podlaha o tloušťce 4 mm je opatřena povrchovým nátěrem. Oj typu „Y“ s pevným&hellip;</p>
