{"id":22090,"date":"2020-06-17T11:34:03","date_gmt":"2020-06-17T09:34:03","guid":{"rendered":"http:\/\/recarprofi.cz\/uvod\/?post_type=product&#038;p=22090"},"modified":"2022-05-04T13:44:24","modified_gmt":"2022-05-04T11:44:24","slug":"bubnovy-zaci-stroj-celni-bcs-130","status":"publish","type":"product","link":"https:\/\/recarprofi.cz\/uvod\/produkt\/bubnovy-zaci-stroj-celni-bcs-130\/","title":{"rendered":"Bubnov\u00fd \u017eac\u00ed stroj \u010deln\u00ed B\u010cS-130"},"content":{"rendered":"<p>Stroj je ur\u010den\u00fd pro se\u010den\u00ed vysok\u00e9 tr\u00e1vy a m\u011bkkost\u00e9belnat\u00fdch rostlin. Pohon p\u0159es kardan od v\u00fdvodov\u00e9 h\u0159\u00eddele traktoru.<\/p>\n<p><strong>Technick\u00e9 parametry:<\/strong><\/p>\n<table width=\"325\">\n<tbody>\n<tr>\n<td><strong>Pracovn\u00ed z\u00e1b\u011br:<\/strong><\/td>\n<td>1300 mm<\/td>\n<\/tr>\n<tr>\n<td><strong>Po\u010det no\u017e\u016f:<\/strong><\/td>\n<td>2 x 3<\/td>\n<\/tr>\n<tr>\n<td><strong>Po\u010det bubn\u016f:<\/strong><\/td>\n<td>2<\/td>\n<\/tr>\n<tr>\n<td><strong>Ot\u00e1\u010dky v\u00fdvodov\u00e9 h\u0159\u00eddele:<\/strong><\/td>\n<td>540 nebo 1000 ot\/min<\/td>\n<\/tr>\n<tr>\n<td><strong>Ot\u00e1\u010dky bubnu:<\/strong><\/td>\n<td>cca 1700 ot\/min<\/td>\n<\/tr>\n<tr>\n<td><strong>V\u00fd\u0161ka strni\u0161t\u011b:<\/strong><\/td>\n<td>40 mm<\/td>\n<\/tr>\n<tr>\n<td><strong>Pracovn\u00ed rychlost:<\/strong><\/td>\n<td>7 km\/h<\/td>\n<\/tr>\n<tr>\n<td><strong>\u00a0V\u00fdkon stroje:<\/strong><\/td>\n<td>cca 0,7 ha\/h<\/td>\n<\/tr>\n<tr>\n<td><strong>Hmotnost:<\/strong><\/td>\n<td>140 kg<\/td>\n<\/tr>\n<\/tbody>\n<\/table>\n","protected":false},"excerpt":{"rendered":"<p>Stroj je ur\u010den\u00fd pro se\u010den\u00ed vysok\u00e9 tr\u00e1vy a m\u011bkkost\u00e9belnat\u00fdch rostlin. Pohon p\u0159es kardan od v\u00fdvodov\u00e9 h\u0159\u00eddele traktoru. Technick\u00e9 parametry: Pracovn\u00ed z\u00e1b\u011br: 1300 mm Po\u010det no\u017e\u016f: 2 x 3 Po\u010det bubn\u016f: 2 Ot\u00e1\u010dky v\u00fdvodov\u00e9 h\u0159\u00eddele: 540&hellip;<\/p>\n","protected":false},"featured_media":22091,"comment_status":"open","ping_status":"closed","template":"","meta":[],"product_brand":[],"product_cat":[76],"product_tag":[],"class_list":{"0":"post-22090","1":"product","2":"type-product","3":"status-publish","4":"has-post-thumbnail","6":"product_cat-zaci-stroje","8":"first","9":"instock","10":"taxable","11":"shipping-taxable","12":"purchasable","13":"product-type-simple"},"_links":{"self":[{"href":"https:\/\/recarprofi.cz\/uvod\/wp-json\/wp\/v2\/product\/22090","targetHints":{"allow":["GET"]}}],"collection":[{"href":"https:\/\/recarprofi.cz\/uvod\/wp-json\/wp\/v2\/product"}],"about":[{"href":"https:\/\/recarprofi.cz\/uvod\/wp-json\/wp\/v2\/types\/product"}],"replies":[{"embeddable":true,"href":"https:\/\/recarprofi.cz\/uvod\/wp-json\/wp\/v2\/comments?post=22090"}],"version-history":[{"count":1,"href":"https:\/\/recarprofi.cz\/uvod\/wp-json\/wp\/v2\/product\/22090\/revisions"}],"predecessor-version":[{"id":24436,"href":"https:\/\/recarprofi.cz\/uvod\/wp-json\/wp\/v2\/product\/22090\/revisions\/24436"}],"wp:featuredmedia":[{"embeddable":true,"href":"https:\/\/recarprofi.cz\/uvod\/wp-json\/wp\/v2\/media\/22091"}],"wp:attachment":[{"href":"https:\/\/recarprofi.cz\/uvod\/wp-json\/wp\/v2\/media?parent=22090"}],"wp:term":[{"taxonomy":"product_brand","embeddable":true,"href":"https:\/\/recarprofi.cz\/uvod\/wp-json\/wp\/v2\/product_brand?post=22090"},{"taxonomy":"product_cat","embeddable":true,"href":"https:\/\/recarprofi.cz\/uvod\/wp-json\/wp\/v2\/product_cat?post=22090"},{"taxonomy":"product_tag","embeddable":true,"href":"https:\/\/recarprofi.cz\/uvod\/wp-json\/wp\/v2\/product_tag?post=22090"}],"curies":[{"name":"wp","href":"https:\/\/api.w.org\/{rel}","templated":true}]}}

Bubnový žací stroj čelní BČS-130

<p>Stroj je určený pro sečení vysoké trávy a měkkostébelnatých rostlin. Pohon přes kardan od vývodové hřídele traktoru.</p>
<p><strong>Technické parametry:</strong></p>
<table width="325">
<tbody>
<tr>
<td><strong>Pracovní záběr:</strong></td>
<td>1300 mm</td>
</tr>
<tr>
<td><strong>Počet nožů:</strong></td>
<td>2 x 3</td>
</tr>
<tr>
<td><strong>Počet bubnů:</strong></td>
<td>2</td>
</tr>
<tr>
<td><strong>Otáčky vývodové hřídele:</strong></td>
<td>540 nebo 1000 ot/min</td>
</tr>
<tr>
<td><strong>Otáčky bubnu:</strong></td>
<td>cca 1700 ot/min</td>
</tr>
<tr>
<td><strong>Výška strniště:</strong></td>
<td>40 mm</td>
</tr>
<tr>
<td><strong>Pracovní rychlost:</strong></td>
<td>7 km/h</td>
</tr>
<tr>
<td><strong> Výkon stroje:</strong></td>
<td>cca 0,7 ha/h</td>
</tr>
<tr>
<td><strong>Hmotnost:</strong></td>
<td>140 kg</td>
</tr>
</tbody>
</table>

<p>Stroj je určený pro sečení vysoké trávy a měkkostébelnatých rostlin. Pohon přes kardan od vývodové hřídele traktoru. Technické parametry: Pracovní záběr: 1300 mm Počet nožů: 2 x 3 Počet bubnů: 2 Otáčky vývodové hřídele: 540&hellip;</p>
