{"id":22099,"date":"2020-06-17T12:53:10","date_gmt":"2020-06-17T10:53:10","guid":{"rendered":"http:\/\/recarprofi.cz\/uvod\/?post_type=product&#038;p=22099"},"modified":"2020-09-29T09:17:10","modified_gmt":"2020-09-29T07:17:10","slug":"diskovy-zaci-stroj-ds-130","status":"publish","type":"product","link":"https:\/\/recarprofi.cz\/uvod\/produkt\/diskovy-zaci-stroj-ds-130\/","title":{"rendered":"Diskov\u00fd \u017eac\u00ed stroj DS-130"},"content":{"rendered":"<p>Diskov\u00e1 seka\u010dka je ur\u010dena k se\u010den\u00ed vysok\u00e9 tr\u00e1vy i v n\u00e1ro\u010dn\u011bj\u0161\u00edch horsk\u00fdch podm\u00ednk\u00e1ch. K tomu je uzp\u016fsobena sv\u00fdm kvalitn\u00edm proveden\u00edm a zp\u016fsobem se\u010den\u00ed, kter\u00fd je odli\u0161n\u00fd od bubnov\u00e9 seka\u010dky. Stroj m\u016f\u017ee b\u00fdt agregov\u00e1n na traktory se zadn\u00edm t\u0159\u00edbodov\u00fdm z\u00e1v\u011bsem Kat. I.A\u00a0 a poh\u00e1n\u011bn kloubovou h\u0159\u00eddel\u00ed.<\/p>\n<p><strong>Technick\u00e9 parametry:<\/strong><\/p>\n<table width=\"357\">\n<tbody>\n<tr>\n<td><strong>Pracovn\u00ed z\u00e1b\u011br:<\/strong><\/td>\n<td>1,3 m<\/td>\n<\/tr>\n<tr>\n<td><strong>Ot\u00e1\u010dky v\u00fdvodov\u00e9 h\u0159\u00eddele:<\/strong><\/td>\n<td>540 ot\/min<\/td>\n<\/tr>\n<tr>\n<td><strong>Po\u010det ot\u00e1\u010dek disku:<\/strong><\/td>\n<td>cca 2600 ot\/min<\/td>\n<\/tr>\n<tr>\n<td><strong>Po\u010det disk\u016f:<\/strong><\/td>\n<td>3<\/td>\n<\/tr>\n<tr>\n<td><strong>Po\u010det no\u017e\u016f:<\/strong><\/td>\n<td>3&#215;2 ks<\/td>\n<\/tr>\n<tr>\n<td><strong>Hmotnost:<\/strong><\/td>\n<td>250 kg<\/td>\n<\/tr>\n<tr>\n<td><strong>V\u00fdkon pohonn\u00e9 jednotky:<\/strong><\/td>\n<td>min. 20 kW<\/td>\n<\/tr>\n<\/tbody>\n<\/table>\n","protected":false},"excerpt":{"rendered":"<p>Diskov\u00e1 seka\u010dka je ur\u010dena k se\u010den\u00ed vysok\u00e9 tr\u00e1vy i v n\u00e1ro\u010dn\u011bj\u0161\u00edch horsk\u00fdch podm\u00ednk\u00e1ch. K tomu je uzp\u016fsobena sv\u00fdm kvalitn\u00edm proveden\u00edm a zp\u016fsobem se\u010den\u00ed, kter\u00fd je odli\u0161n\u00fd od bubnov\u00e9 seka\u010dky. Stroj m\u016f\u017ee b\u00fdt agregov\u00e1n na traktory&hellip;<\/p>\n","protected":false},"featured_media":22100,"comment_status":"open","ping_status":"closed","template":"","meta":[],"product_brand":[],"product_cat":[76],"product_tag":[],"class_list":{"0":"post-22099","1":"product","2":"type-product","3":"status-publish","4":"has-post-thumbnail","6":"product_cat-zaci-stroje","8":"first","9":"instock","10":"taxable","11":"shipping-taxable","12":"purchasable","13":"product-type-simple"},"_links":{"self":[{"href":"https:\/\/recarprofi.cz\/uvod\/wp-json\/wp\/v2\/product\/22099","targetHints":{"allow":["GET"]}}],"collection":[{"href":"https:\/\/recarprofi.cz\/uvod\/wp-json\/wp\/v2\/product"}],"about":[{"href":"https:\/\/recarprofi.cz\/uvod\/wp-json\/wp\/v2\/types\/product"}],"replies":[{"embeddable":true,"href":"https:\/\/recarprofi.cz\/uvod\/wp-json\/wp\/v2\/comments?post=22099"}],"version-history":[{"count":0,"href":"https:\/\/recarprofi.cz\/uvod\/wp-json\/wp\/v2\/product\/22099\/revisions"}],"wp:featuredmedia":[{"embeddable":true,"href":"https:\/\/recarprofi.cz\/uvod\/wp-json\/wp\/v2\/media\/22100"}],"wp:attachment":[{"href":"https:\/\/recarprofi.cz\/uvod\/wp-json\/wp\/v2\/media?parent=22099"}],"wp:term":[{"taxonomy":"product_brand","embeddable":true,"href":"https:\/\/recarprofi.cz\/uvod\/wp-json\/wp\/v2\/product_brand?post=22099"},{"taxonomy":"product_cat","embeddable":true,"href":"https:\/\/recarprofi.cz\/uvod\/wp-json\/wp\/v2\/product_cat?post=22099"},{"taxonomy":"product_tag","embeddable":true,"href":"https:\/\/recarprofi.cz\/uvod\/wp-json\/wp\/v2\/product_tag?post=22099"}],"curies":[{"name":"wp","href":"https:\/\/api.w.org\/{rel}","templated":true}]}}

Diskový žací stroj DS-130

<p>Disková sekačka je určena k sečení vysoké trávy i v náročnějších horských podmínkách. K tomu je uzpůsobena svým kvalitním provedením a způsobem sečení, který je odlišný od bubnové sekačky. Stroj může být agregován na traktory se zadním tříbodovým závěsem Kat. I.A  a poháněn kloubovou hřídelí.</p>
<p><strong>Technické parametry:</strong></p>
<table width="357">
<tbody>
<tr>
<td><strong>Pracovní záběr:</strong></td>
<td>1,3 m</td>
</tr>
<tr>
<td><strong>Otáčky vývodové hřídele:</strong></td>
<td>540 ot/min</td>
</tr>
<tr>
<td><strong>Počet otáček disku:</strong></td>
<td>cca 2600 ot/min</td>
</tr>
<tr>
<td><strong>Počet disků:</strong></td>
<td>3</td>
</tr>
<tr>
<td><strong>Počet nožů:</strong></td>
<td>3&#215;2 ks</td>
</tr>
<tr>
<td><strong>Hmotnost:</strong></td>
<td>250 kg</td>
</tr>
<tr>
<td><strong>Výkon pohonné jednotky:</strong></td>
<td>min. 20 kW</td>
</tr>
</tbody>
</table>

<p>Disková sekačka je určena k sečení vysoké trávy i v náročnějších horských podmínkách. K tomu je uzpůsobena svým kvalitním provedením a způsobem sečení, který je odlišný od bubnové sekačky. Stroj může být agregován na traktory&hellip;</p>
