{"id":22107,"date":"2020-06-17T13:31:20","date_gmt":"2020-06-17T11:31:20","guid":{"rendered":"http:\/\/recarprofi.cz\/uvod\/?post_type=product&#038;p=22107"},"modified":"2025-06-18T14:46:14","modified_gmt":"2025-06-18T12:46:14","slug":"diskovy-zaci-stroj-celni-dsc-240","status":"publish","type":"product","link":"https:\/\/recarprofi.cz\/uvod\/produkt\/diskovy-zaci-stroj-celni-dsc-240\/","title":{"rendered":"Diskov\u00fd \u017eac\u00ed stroj \u010deln\u00ed DSC-240"},"content":{"rendered":"\t\t<div data-elementor-type=\"wp-post\" data-elementor-id=\"22107\" class=\"elementor elementor-22107\">\n\t\t\t\t\t\t<section class=\"elementor-section elementor-top-section elementor-element elementor-element-3d7eedb5 elementor-section-boxed elementor-section-height-default elementor-section-height-default\" data-id=\"3d7eedb5\" data-element_type=\"section\" data-e-type=\"section\">\n\t\t\t\t\t\t<div class=\"elementor-container elementor-column-gap-default\">\n\t\t\t\t\t<div class=\"elementor-column elementor-col-100 elementor-top-column elementor-element elementor-element-70cef93e\" data-id=\"70cef93e\" data-element_type=\"column\" data-e-type=\"column\">\n\t\t\t<div class=\"elementor-widget-wrap elementor-element-populated\">\n\t\t\t\t\t\t<div class=\"elementor-element elementor-element-3b37205e elementor-widget elementor-widget-text-editor\" data-id=\"3b37205e\" data-element_type=\"widget\" data-e-type=\"widget\" data-widget_type=\"text-editor.default\">\n\t\t\t\t<div class=\"elementor-widget-container\">\n\t\t\t\t\t\t\t\t\t<p>Diskov\u00e1 seka\u010dka je ur\u010dena k se\u010den\u00ed vysok\u00e9 tr\u00e1vy i v n\u00e1ro\u010dn\u011bj\u0161\u00edch horsk\u00fdch podm\u00ednk\u00e1ch. K tomu je uzp\u016fsobena sv\u00fdm kvalitn\u00edm proveden\u00edm a zp\u016fsobem se\u010den\u00ed, kter\u00fd je odli\u0161n\u00fd od bubnov\u00e9 seka\u010dky. Stroj m\u016f\u017ee b\u00fdt agregov\u00e1n na traktory s \u010deln\u00edm t\u0159\u00edbodov\u00fdm z\u00e1v\u011bsem ISO 1 a lze jej pou\u017e\u00edt i na traktory s oto\u010dn\u00fdm pracovi\u0161t\u011bm.<\/p><p><strong>Technick\u00e9 parametry:<\/strong><\/p><table width=\"357\"><tbody><tr><td><strong>Pracovn\u00ed \u0161\u00ed\u0159ka:<\/strong><\/td><td>240 cm<\/td><\/tr><tr><td><strong>Ot\u00e1\u010dky v\u00fdvodov\u00e9 h\u0159\u00eddele:<\/strong><\/td><td>540 ot\/min<\/td><\/tr><tr><td><strong>Po\u010det ot\u00e1\u010dek disku:<\/strong><\/td><td>3000 ot\/min<\/td><\/tr><tr><td><strong>Po\u010det disk\u016f:<\/strong><\/td><td>6<\/td><\/tr><tr><td><strong>Po\u010det no\u017e\u016f:<\/strong><\/td><td>6\u00d72<\/td><\/tr><tr><td><strong>Hmotnost:<\/strong><\/td><td>340 kg<\/td><\/tr><tr><td><strong>V\u00fdkon pohonn\u00e9 jednotky:<\/strong><\/td><td>min. 35 kW<\/td><\/tr><\/tbody><\/table>\t\t\t\t\t\t\t\t<\/div>\n\t\t\t\t<\/div>\n\t\t\t\t\t<\/div>\n\t\t<\/div>\n\t\t\t\t\t<\/div>\n\t\t<\/section>\n\t\t\t\t<\/div>\n\t\t","protected":false},"excerpt":{"rendered":"<p>Diskov\u00e1 seka\u010dka je ur\u010dena k se\u010den\u00ed vysok\u00e9 tr\u00e1vy i v n\u00e1ro\u010dn\u011bj\u0161\u00edch horsk\u00fdch podm\u00ednk\u00e1ch. K tomu je uzp\u016fsobena sv\u00fdm kvalitn\u00edm proveden\u00edm a zp\u016fsobem se\u010den\u00ed, kter\u00fd je odli\u0161n\u00fd od bubnov\u00e9 seka\u010dky. Stroj m\u016f\u017ee b\u00fdt agregov\u00e1n na traktory&hellip;<\/p>\n","protected":false},"featured_media":22105,"comment_status":"open","ping_status":"closed","template":"","meta":[],"product_brand":[],"product_cat":[76],"product_tag":[],"class_list":{"0":"post-22107","1":"product","2":"type-product","3":"status-publish","4":"has-post-thumbnail","6":"product_cat-zaci-stroje","8":"first","9":"instock","10":"taxable","11":"shipping-taxable","12":"purchasable","13":"product-type-simple"},"_links":{"self":[{"href":"https:\/\/recarprofi.cz\/uvod\/wp-json\/wp\/v2\/product\/22107","targetHints":{"allow":["GET"]}}],"collection":[{"href":"https:\/\/recarprofi.cz\/uvod\/wp-json\/wp\/v2\/product"}],"about":[{"href":"https:\/\/recarprofi.cz\/uvod\/wp-json\/wp\/v2\/types\/product"}],"replies":[{"embeddable":true,"href":"https:\/\/recarprofi.cz\/uvod\/wp-json\/wp\/v2\/comments?post=22107"}],"version-history":[{"count":8,"href":"https:\/\/recarprofi.cz\/uvod\/wp-json\/wp\/v2\/product\/22107\/revisions"}],"predecessor-version":[{"id":32381,"href":"https:\/\/recarprofi.cz\/uvod\/wp-json\/wp\/v2\/product\/22107\/revisions\/32381"}],"wp:featuredmedia":[{"embeddable":true,"href":"https:\/\/recarprofi.cz\/uvod\/wp-json\/wp\/v2\/media\/22105"}],"wp:attachment":[{"href":"https:\/\/recarprofi.cz\/uvod\/wp-json\/wp\/v2\/media?parent=22107"}],"wp:term":[{"taxonomy":"product_brand","embeddable":true,"href":"https:\/\/recarprofi.cz\/uvod\/wp-json\/wp\/v2\/product_brand?post=22107"},{"taxonomy":"product_cat","embeddable":true,"href":"https:\/\/recarprofi.cz\/uvod\/wp-json\/wp\/v2\/product_cat?post=22107"},{"taxonomy":"product_tag","embeddable":true,"href":"https:\/\/recarprofi.cz\/uvod\/wp-json\/wp\/v2\/product_tag?post=22107"}],"curies":[{"name":"wp","href":"https:\/\/api.w.org\/{rel}","templated":true}]}}

Diskový žací stroj čelní DSC-240

<div data-elementor-type="wp-post" data-elementor-id="22107" class="elementor elementor-22107">
						<section class="elementor-section elementor-top-section elementor-element elementor-element-3d7eedb5 elementor-section-boxed elementor-section-height-default elementor-section-height-default" data-id="3d7eedb5" data-element_type="section" data-e-type="section">
						<div class="elementor-container elementor-column-gap-default">
					<div class="elementor-column elementor-col-100 elementor-top-column elementor-element elementor-element-70cef93e" data-id="70cef93e" data-element_type="column" data-e-type="column">
			<div class="elementor-widget-wrap elementor-element-populated">
						<div class="elementor-element elementor-element-3b37205e elementor-widget elementor-widget-text-editor" data-id="3b37205e" data-element_type="widget" data-e-type="widget" data-widget_type="text-editor.default">
				<div class="elementor-widget-container">
									<p>Disková sekačka je určena k sečení vysoké trávy i v náročnějších horských podmínkách. K tomu je uzpůsobena svým kvalitním provedením a způsobem sečení, který je odlišný od bubnové sekačky. Stroj může být agregován na traktory s čelním tříbodovým závěsem ISO 1 a lze jej použít i na traktory s otočným pracovištěm.</p><p><strong>Technické parametry:</strong></p><table width="357"><tbody><tr><td><strong>Pracovní šířka:</strong></td><td>240 cm</td></tr><tr><td><strong>Otáčky vývodové hřídele:</strong></td><td>540 ot/min</td></tr><tr><td><strong>Počet otáček disku:</strong></td><td>3000 ot/min</td></tr><tr><td><strong>Počet disků:</strong></td><td>6</td></tr><tr><td><strong>Počet nožů:</strong></td><td>6×2</td></tr><tr><td><strong>Hmotnost:</strong></td><td>340 kg</td></tr><tr><td><strong>Výkon pohonné jednotky:</strong></td><td>min. 35 kW</td></tr></tbody></table>								</div>
				</div>
					</div>
		</div>
					</div>
		</section>
				</div>

<p>Disková sekačka je určena k sečení vysoké trávy i v náročnějších horských podmínkách. K tomu je uzpůsobena svým kvalitním provedením a způsobem sečení, který je odlišný od bubnové sekačky. Stroj může být agregován na traktory&hellip;</p>
