{"id":23249,"date":"2021-08-13T08:37:08","date_gmt":"2021-08-13T06:37:08","guid":{"rendered":"https:\/\/recarprofi.cz\/uvod\/?post_type=product&#038;p=23249"},"modified":"2026-03-20T10:12:40","modified_gmt":"2026-03-20T09:12:40","slug":"naves-sp3-14a","status":"publish","type":"product","link":"https:\/\/recarprofi.cz\/uvod\/produkt\/naves-sp3-14a\/","title":{"rendered":"N\u00e1v\u011bs SP3-1,4A"},"content":{"rendered":"<p><strong>T\u0158\u00cdSTRANN\u00dd SKL\u00c1P\u011aC\u00cd N\u00c1V\u011aS SP3 \u2013 1.4A S N\u00c1JEZDOVOU BRZDOU A COUVAC\u00cd AUTOMATIKOU\u00a0<\/strong><\/p>\n<p><strong>Jednon\u00e1pravov\u00fd traktorov\u00fd skl\u00e1p\u011bc\u00ed n\u00e1v\u011bs SP3 je ur\u010den pro dopravu r\u016fzn\u00fdch materi\u00e1l\u016f na ve\u0159ejn\u00fdch komunikac\u00edch a v zem\u011bd\u011blstv\u00ed (sypk\u00fdch a kusov\u00fdch materi\u00e1l\u016f). Je vybaven hydraulicky ovl\u00e1dan\u00fdm skl\u00e1p\u011bc\u00edm za\u0159\u00edzen\u00edm lo\u017en\u00e9 plochy a to jak do stran, tak i dozadu. Proto je opravdu velmi vhodn\u00fd pro dopravu hl\u00edny, p\u00edsku apod. N\u00e1jezdov\u00e1 brzda v oji n\u00e1v\u011bsu zaji\u0161\u0165uje bezpe\u010dnou a bezporuchovou j\u00edzdu n\u00e1v\u011bsu na hrub\u00e9m a hrbolat\u00e9m ter\u00e9nu. Objem lo\u017en\u00e9ho prostoru je mo\u017eno zv\u011bt\u0161it mont\u00e1\u017e\u00ed n\u00e1stavby, jej\u00ed\u017e v\u00fd\u0161ka \u010din\u00ed 44 nebo 100 cm.<\/strong><\/p>\n<p><strong>Technick\u00e9 parametry:<\/strong><\/p>\n<table width=\"425\">\n<tbody>\n<tr>\n<td><strong>U\u017eite\u010dn\u00e9 zat\u00ed\u017een\u00ed:<\/strong><\/td>\n<td><strong>1.400 kg<\/strong><\/td>\n<\/tr>\n<tr>\n<td><strong>D\u00e9lka:<\/strong><\/td>\n<td><strong>3200 mm<\/strong><\/td>\n<\/tr>\n<tr>\n<td><strong>\u0160\u00ed\u0159ka:<\/strong><\/td>\n<td><strong>1550 mm<\/strong><\/td>\n<\/tr>\n<tr>\n<td><strong>V\u00fd\u0161ka:<\/strong><\/td>\n<td><strong>1400 mm<\/strong><\/td>\n<\/tr>\n<tr>\n<td><strong>Transportn\u00ed rychlost:<\/strong><\/td>\n<td><strong>max. 20 km\/h<\/strong><\/td>\n<\/tr>\n<tr>\n<td><strong>Pneumatiky:<\/strong><\/td>\n<td><strong>10\/75 \u2013 15,3<\/strong><\/td>\n<\/tr>\n<tr>\n<td><strong>Konstrukce:<\/strong><\/td>\n<td><strong>kovov\u00e1, profilov\u00e1 ocel<\/strong><\/td>\n<\/tr>\n<tr>\n<td><strong>Rozm\u011bry lo\u017en\u00e9 plochy:<\/strong><\/td>\n<td><strong>2440 x 1440 mm \u2013 je mo\u017eno zm\u011bnit<\/strong><\/td>\n<\/tr>\n<tr>\n<td><strong>Objem lo\u017en\u00e9ho prostoru:<\/strong><\/td>\n<td><strong>1,4 \u2013 5,54 m3<\/strong><\/td>\n<\/tr>\n<tr>\n<td><strong>Hmotnost:<\/strong><\/td>\n<td><strong>520 kg<\/strong><\/td>\n<\/tr>\n<tr>\n<td><strong>Brzdy:<\/strong><\/td>\n<td><strong>n\u00e1jezdov\u00e1 a ru\u010dn\u00ed<\/strong><\/td>\n<\/tr>\n<\/tbody>\n<\/table>\n<p><strong>Automatick\u00e1 blokace brzdy p\u0159i couv\u00e1n\u00ed<\/strong><\/p>\n<p><strong>P\u0159\u00edplatkov\u00e1 v\u00fdbava:<\/strong><\/p>\n<ul>\n<li><strong>N\u00e1stavky d\u011brovan\u00e9 v\u00fd\u0161ka 1m\u00a0 \u2013\u00a0 23.000,-K\u010d+DPH<\/strong><\/li>\n<li><strong>N\u00e1stavky pln\u00e9 v\u00fd\u0161ka 44 cm\u00a0 \u2013 19.000,-K\u010d+DPH<\/strong><\/li>\n<\/ul>\n","protected":false},"excerpt":{"rendered":"<p>T\u0158\u00cdSTRANN\u00dd SKL\u00c1P\u011aC\u00cd N\u00c1V\u011aS SP3 \u2013 1.4A S N\u00c1JEZDOVOU BRZDOU A COUVAC\u00cd AUTOMATIKOU\u00a0 Jednon\u00e1pravov\u00fd traktorov\u00fd skl\u00e1p\u011bc\u00ed n\u00e1v\u011bs SP3 je ur\u010den pro dopravu r\u016fzn\u00fdch materi\u00e1l\u016f na ve\u0159ejn\u00fdch komunikac\u00edch a v zem\u011bd\u011blstv\u00ed (sypk\u00fdch a kusov\u00fdch materi\u00e1l\u016f). Je vybaven&hellip;<\/p>\n","protected":false},"featured_media":21977,"comment_status":"closed","ping_status":"closed","template":"","meta":[],"product_brand":[],"product_cat":[63],"product_tag":[],"class_list":{"0":"post-23249","1":"product","2":"type-product","3":"status-publish","4":"has-post-thumbnail","6":"product_cat-navesy-traktorove","8":"first","9":"instock","10":"taxable","11":"shipping-taxable","12":"purchasable","13":"product-type-simple"},"_links":{"self":[{"href":"https:\/\/recarprofi.cz\/uvod\/wp-json\/wp\/v2\/product\/23249","targetHints":{"allow":["GET"]}}],"collection":[{"href":"https:\/\/recarprofi.cz\/uvod\/wp-json\/wp\/v2\/product"}],"about":[{"href":"https:\/\/recarprofi.cz\/uvod\/wp-json\/wp\/v2\/types\/product"}],"replies":[{"embeddable":true,"href":"https:\/\/recarprofi.cz\/uvod\/wp-json\/wp\/v2\/comments?post=23249"}],"version-history":[{"count":1,"href":"https:\/\/recarprofi.cz\/uvod\/wp-json\/wp\/v2\/product\/23249\/revisions"}],"predecessor-version":[{"id":24196,"href":"https:\/\/recarprofi.cz\/uvod\/wp-json\/wp\/v2\/product\/23249\/revisions\/24196"}],"wp:featuredmedia":[{"embeddable":true,"href":"https:\/\/recarprofi.cz\/uvod\/wp-json\/wp\/v2\/media\/21977"}],"wp:attachment":[{"href":"https:\/\/recarprofi.cz\/uvod\/wp-json\/wp\/v2\/media?parent=23249"}],"wp:term":[{"taxonomy":"product_brand","embeddable":true,"href":"https:\/\/recarprofi.cz\/uvod\/wp-json\/wp\/v2\/product_brand?post=23249"},{"taxonomy":"product_cat","embeddable":true,"href":"https:\/\/recarprofi.cz\/uvod\/wp-json\/wp\/v2\/product_cat?post=23249"},{"taxonomy":"product_tag","embeddable":true,"href":"https:\/\/recarprofi.cz\/uvod\/wp-json\/wp\/v2\/product_tag?post=23249"}],"curies":[{"name":"wp","href":"https:\/\/api.w.org\/{rel}","templated":true}]}}

Návěs SP3-1,4A

<p><strong>TŘÍSTRANNÝ SKLÁPĚCÍ NÁVĚS SP3 – 1.4A S NÁJEZDOVOU BRZDOU A COUVACÍ AUTOMATIKOU </strong></p>
<p><strong>Jednonápravový traktorový sklápěcí návěs SP3 je určen pro dopravu různých materiálů na veřejných komunikacích a v zemědělství (sypkých a kusových materiálů). Je vybaven hydraulicky ovládaným sklápěcím zařízením ložné plochy a to jak do stran, tak i dozadu. Proto je opravdu velmi vhodný pro dopravu hlíny, písku apod. Nájezdová brzda v oji návěsu zajišťuje bezpečnou a bezporuchovou jízdu návěsu na hrubém a hrbolatém terénu. Objem ložného prostoru je možno zvětšit montáží nástavby, jejíž výška činí 44 nebo 100 cm.</strong></p>
<p><strong>Technické parametry:</strong></p>
<table width="425">
<tbody>
<tr>
<td><strong>Užitečné zatížení:</strong></td>
<td><strong>1.400 kg</strong></td>
</tr>
<tr>
<td><strong>Délka:</strong></td>
<td><strong>3200 mm</strong></td>
</tr>
<tr>
<td><strong>Šířka:</strong></td>
<td><strong>1550 mm</strong></td>
</tr>
<tr>
<td><strong>Výška:</strong></td>
<td><strong>1400 mm</strong></td>
</tr>
<tr>
<td><strong>Transportní rychlost:</strong></td>
<td><strong>max. 20 km/h</strong></td>
</tr>
<tr>
<td><strong>Pneumatiky:</strong></td>
<td><strong>10/75 – 15,3</strong></td>
</tr>
<tr>
<td><strong>Konstrukce:</strong></td>
<td><strong>kovová, profilová ocel</strong></td>
</tr>
<tr>
<td><strong>Rozměry ložné plochy:</strong></td>
<td><strong>2440 x 1440 mm – je možno změnit</strong></td>
</tr>
<tr>
<td><strong>Objem ložného prostoru:</strong></td>
<td><strong>1,4 – 5,54 m3</strong></td>
</tr>
<tr>
<td><strong>Hmotnost:</strong></td>
<td><strong>520 kg</strong></td>
</tr>
<tr>
<td><strong>Brzdy:</strong></td>
<td><strong>nájezdová a ruční</strong></td>
</tr>
</tbody>
</table>
<p><strong>Automatická blokace brzdy při couvání</strong></p>
<p><strong>Příplatková výbava:</strong></p>
<ul>
<li><strong>Nástavky děrované výška 1m  –  23.000,-Kč+DPH</strong></li>
<li><strong>Nástavky plné výška 44 cm  – 19.000,-Kč+DPH</strong></li>
</ul>

<p>TŘÍSTRANNÝ SKLÁPĚCÍ NÁVĚS SP3 – 1.4A S NÁJEZDOVOU BRZDOU A COUVACÍ AUTOMATIKOU  Jednonápravový traktorový sklápěcí návěs SP3 je určen pro dopravu různých materiálů na veřejných komunikacích a v zemědělství (sypkých a kusových materiálů). Je vybaven&hellip;</p>
