{"id":25149,"date":"2023-01-05T13:07:15","date_gmt":"2023-01-05T12:07:15","guid":{"rendered":"https:\/\/recarprofi.cz\/uvod\/?post_type=product&#038;p=25149"},"modified":"2024-03-14T08:47:22","modified_gmt":"2024-03-14T07:47:22","slug":"vysokozdvizny-vozik-baoli-kbg-30","status":"publish","type":"product","link":"https:\/\/recarprofi.cz\/uvod\/produkt\/vysokozdvizny-vozik-baoli-kbg-30\/","title":{"rendered":"Vysokozdvi\u017en\u00fd voz\u00edk Baoli KBG 30 (polokabina, Demo)"},"content":{"rendered":"\t\t<div data-elementor-type=\"wp-post\" data-elementor-id=\"25149\" class=\"elementor elementor-25149\">\n\t\t\t\t\t\t<section class=\"elementor-section elementor-top-section elementor-element elementor-element-2ce1f776 elementor-section-boxed elementor-section-height-default elementor-section-height-default\" data-id=\"2ce1f776\" data-element_type=\"section\" data-e-type=\"section\">\n\t\t\t\t\t\t<div class=\"elementor-container elementor-column-gap-default\">\n\t\t\t\t\t<div class=\"elementor-column elementor-col-100 elementor-top-column elementor-element elementor-element-1f95c7f7\" data-id=\"1f95c7f7\" data-element_type=\"column\" data-e-type=\"column\">\n\t\t\t<div class=\"elementor-widget-wrap elementor-element-populated\">\n\t\t\t\t\t\t<div class=\"elementor-element elementor-element-610ef828 elementor-widget elementor-widget-text-editor\" data-id=\"610ef828\" data-element_type=\"widget\" data-e-type=\"widget\" data-widget_type=\"text-editor.default\">\n\t\t\t\t<div class=\"elementor-widget-container\">\n\t\t\t\t\t\t\t\t\t<p><strong>Na voz\u00edk plat\u00ed z\u00e1ruka 2 roky nebo 2.000 mth.<\/strong><\/p><p>V\u00fdbava:<\/p><ul><li>Polokabina (\u010deln\u00ed a zadn\u00ed sklo, st\u0159echa)<\/li><li>Bo\u010dn\u00ed posuv vidl\u00ed<\/li><li>Pneu superelastik<\/li><li>D\u00e9lka vidl\u00ed 1.200 mm<\/li><li>V\u00fd\u0161ka zdvihu 4.700 mm (triplex)<\/li><li>Kompletn\u00ed pracovn\u00ed osv\u011btleni<\/li><li>Maj\u00e1k<\/li><\/ul><section class=\"elementor-section elementor-top-section elementor-element elementor-element-fe6df5f elementor-section-boxed elementor-section-height-default elementor-section-height-default\" data-id=\"fe6df5f\" data-element_type=\"section\"><div class=\"elementor-container elementor-column-gap-default\"><div class=\"elementor-row\"><div class=\"elementor-column elementor-col-100 elementor-top-column elementor-element elementor-element-2e4026e\" data-id=\"2e4026e\" data-element_type=\"column\"><div class=\"elementor-column-wrap elementor-element-populated\"><div class=\"elementor-widget-wrap\"><div class=\"elementor-element elementor-element-41a2cb2 elementor-widget elementor-widget-text-editor\" data-id=\"41a2cb2\" data-element_type=\"widget\" data-widget_type=\"text-editor.default\"><div class=\"elementor-widget-container\"><div class=\"elementor-text-editor elementor-clearfix\"><p>Technick\u00e9 parametry:<\/p><\/div><\/div><\/div><\/div><\/div><\/div><\/div><\/div><\/section><section class=\"elementor-section elementor-top-section elementor-element elementor-element-111da5b elementor-section-boxed elementor-section-height-default elementor-section-height-default\" data-id=\"111da5b\" data-element_type=\"section\"><div class=\"elementor-container elementor-column-gap-default\"><div class=\"elementor-row\"><div class=\"elementor-column elementor-col-100 elementor-top-column elementor-element elementor-element-c48f9c4\" data-id=\"c48f9c4\" data-element_type=\"column\"><div class=\"elementor-column-wrap elementor-element-populated\"><div class=\"elementor-widget-wrap\"><div class=\"elementor-element elementor-element-288717f elementor-widget elementor-widget-text-editor\" data-id=\"288717f\" data-element_type=\"widget\" data-widget_type=\"text-editor.default\"><div class=\"elementor-widget-container\"><div class=\"elementor-text-editor elementor-clearfix\"><table border=\"1\" width=\"100%\" cellspacing=\"0\" cellpadding=\"4\"><tbody><tr valign=\"TOP\"><td width=\"50%\">Typov\u00e9 ozna\u010den\u00ed<\/td><td width=\"50%\">KBG-30<\/td><\/tr><tr valign=\"TOP\"><td width=\"50%\">Nosnost<\/td><td width=\"50%\">3.000 kg<\/td><\/tr><tr valign=\"TOP\"><td width=\"50%\">Vylo\u017een\u00ed t\u011b\u017ei\u0161t\u011b<\/td><td width=\"50%\">500 mm<\/td><\/tr><tr valign=\"TOP\"><td width=\"50%\">Pohon<\/td><td width=\"50%\">LPG<\/td><\/tr><tr valign=\"TOP\"><td width=\"50%\">Vlastn\u00ed hmotnost<\/td><td width=\"50%\">4.220 kg<\/td><\/tr><tr valign=\"TOP\"><td width=\"50%\">Rozvor<\/td><td width=\"50%\">1.700 mm<\/td><\/tr><tr valign=\"TOP\"><td width=\"50%\">Celkov\u00e1 d\u00e9lka<\/td><td width=\"50%\">2.710 mm<\/td><\/tr><tr valign=\"TOP\"><td width=\"50%\">Celkov\u00e1 \u0161\u00ed\u0159ka<\/td><td width=\"50%\">1.225 mm<\/td><\/tr><tr valign=\"TOP\"><td width=\"50%\">V\u00fd\u0161ka k ochrann\u00e9mu r\u00e1mu<\/td><td width=\"50%\">2.108 mm<\/td><\/tr><tr valign=\"TOP\"><td width=\"50%\">Rychlost pojezdu<\/td><td width=\"50%\">19 km\/h<\/td><\/tr><\/tbody><\/table><\/div><\/div><\/div><\/div><\/div><\/div><\/div><\/div><\/section>\t\t\t\t\t\t\t\t<\/div>\n\t\t\t\t<\/div>\n\t\t\t\t\t<\/div>\n\t\t<\/div>\n\t\t\t\t\t<\/div>\n\t\t<\/section>\n\t\t\t\t<\/div>\n\t\t","protected":false},"excerpt":{"rendered":"<p>Na voz\u00edk plat\u00ed z\u00e1ruka 2 roky nebo 2.000 mth. V\u00fdbava: Polokabina (\u010deln\u00ed a zadn\u00ed sklo, st\u0159echa) Bo\u010dn\u00ed posuv vidl\u00ed Pneu superelastik D\u00e9lka vidl\u00ed 1.200 mm V\u00fd\u0161ka zdvihu 4.700 mm (triplex) Kompletn\u00ed pracovn\u00ed osv\u011btleni Maj\u00e1k Technick\u00e9&hellip;<\/p>\n","protected":false},"featured_media":23657,"comment_status":"closed","ping_status":"closed","template":"","meta":[],"product_brand":[],"product_cat":[119],"product_tag":[],"class_list":{"0":"post-25149","1":"product","2":"type-product","3":"status-publish","4":"has-post-thumbnail","6":"product_cat-vysokozdvizne-voziky-pohon-lpg","8":"first","9":"instock","10":"sale","11":"taxable","12":"shipping-taxable","13":"purchasable","14":"product-type-simple"},"_links":{"self":[{"href":"https:\/\/recarprofi.cz\/uvod\/wp-json\/wp\/v2\/product\/25149","targetHints":{"allow":["GET"]}}],"collection":[{"href":"https:\/\/recarprofi.cz\/uvod\/wp-json\/wp\/v2\/product"}],"about":[{"href":"https:\/\/recarprofi.cz\/uvod\/wp-json\/wp\/v2\/types\/product"}],"replies":[{"embeddable":true,"href":"https:\/\/recarprofi.cz\/uvod\/wp-json\/wp\/v2\/comments?post=25149"}],"version-history":[{"count":9,"href":"https:\/\/recarprofi.cz\/uvod\/wp-json\/wp\/v2\/product\/25149\/revisions"}],"predecessor-version":[{"id":28537,"href":"https:\/\/recarprofi.cz\/uvod\/wp-json\/wp\/v2\/product\/25149\/revisions\/28537"}],"wp:featuredmedia":[{"embeddable":true,"href":"https:\/\/recarprofi.cz\/uvod\/wp-json\/wp\/v2\/media\/23657"}],"wp:attachment":[{"href":"https:\/\/recarprofi.cz\/uvod\/wp-json\/wp\/v2\/media?parent=25149"}],"wp:term":[{"taxonomy":"product_brand","embeddable":true,"href":"https:\/\/recarprofi.cz\/uvod\/wp-json\/wp\/v2\/product_brand?post=25149"},{"taxonomy":"product_cat","embeddable":true,"href":"https:\/\/recarprofi.cz\/uvod\/wp-json\/wp\/v2\/product_cat?post=25149"},{"taxonomy":"product_tag","embeddable":true,"href":"https:\/\/recarprofi.cz\/uvod\/wp-json\/wp\/v2\/product_tag?post=25149"}],"curies":[{"name":"wp","href":"https:\/\/api.w.org\/{rel}","templated":true}]}}