{"id":26258,"date":"2023-06-07T14:10:03","date_gmt":"2023-06-07T12:10:03","guid":{"rendered":"https:\/\/recarprofi.cz\/uvod\/?post_type=product&#038;p=26258"},"modified":"2024-03-20T12:33:40","modified_gmt":"2024-03-20T11:33:40","slug":"naves-ursus-t-040","status":"publish","type":"product","link":"https:\/\/recarprofi.cz\/uvod\/produkt\/naves-ursus-t-040\/","title":{"rendered":"N\u00e1ves Ursus T-040"},"content":{"rendered":"<p><strong>T 040 \u2013 Profilovan\u00e9 bo\u010dnice Fuhrmann, korba 3 strann\u011b sklopn\u00e1, n\u00e1prava pevn\u00e1, n\u00e1prava ADR, pneumatick\u00e9 brzdy, spodn\u00ed z\u00e1v\u011bs 50 mm, barva URSUS leskl\u00fd n\u00e1t\u011br (korba RAL 2002; podvozek RAL 7022)<\/strong><\/p>\n<p><strong>Technick\u00e9 parametry:<\/strong><\/p>\n<table>\n<tbody>\n<tr>\n<td><strong>Nosnost<\/strong><\/td>\n<td><strong>kg<\/strong><\/td>\n<td><strong>\u00a03 500<\/strong><\/td>\n<\/tr>\n<tr>\n<td><strong>Hmotnost stroje<\/strong><\/td>\n<td><strong>kg<\/strong><\/td>\n<td><strong>1 230<\/strong><\/td>\n<\/tr>\n<tr>\n<td><strong>Objem sk\u0159\u00edn\u011b<\/strong><\/td>\n<td><strong>m<sup>3<\/sup><\/strong><\/td>\n<td><strong>3,2\/5,1<\/strong><\/td>\n<\/tr>\n<tr>\n<td><strong>Lo\u017en\u00e1 plocha<\/strong><\/td>\n<td><strong>m<sup><sub>2<\/sub><\/sup><\/strong><\/td>\n<td><strong>6,39<\/strong><\/td>\n<\/tr>\n<tr>\n<td><strong>D\u00e9lka<\/strong><\/td>\n<td><strong>mm<\/strong><\/td>\n<td><strong>4 480<\/strong><\/td>\n<\/tr>\n<tr>\n<td><strong>\u0160\u00ed\u0159ka<\/strong><\/td>\n<td><strong>mm<\/strong><\/td>\n<td><strong>2 235<\/strong><\/td>\n<\/tr>\n<tr>\n<td><strong>V\u00fd\u0161ka<\/strong><\/td>\n<td><strong>mm<\/strong><\/td>\n<td><strong>1 445<\/strong><\/td>\n<\/tr>\n<tr>\n<td><strong>Rozm\u011bry sk\u0159\u00edn\u011b<\/strong><\/td>\n<td><strong>mm<\/strong><\/td>\n<td><strong>3110 x 2 055 x 500+300<\/strong><\/td>\n<\/tr>\n<tr>\n<td><strong>Kola<\/strong><\/td>\n<td><\/td>\n<td><strong>\u00a011,5\/80-15,3 12 PR<\/strong><\/td>\n<\/tr>\n<tr>\n<td><strong>Konstruk\u010dn\u00ed rychlost<\/strong><\/td>\n<td><strong>km\/h<\/strong><\/td>\n<td><strong>\u00a040<\/strong><\/td>\n<\/tr>\n<tr>\n<td><strong>Traktor<\/strong><\/td>\n<td><strong>k<\/strong><\/td>\n<td><strong>48<\/strong><\/td>\n<\/tr>\n<tr>\n<td><strong>Tlak z\u00e1v\u011bs<\/strong><\/td>\n<td><strong>kg<\/strong><\/td>\n<td><strong>740<\/strong><\/td>\n<\/tr>\n<\/tbody>\n<\/table>\n","protected":false},"excerpt":{"rendered":"<p>T 040 \u2013 Profilovan\u00e9 bo\u010dnice Fuhrmann, korba 3 strann\u011b sklopn\u00e1, n\u00e1prava pevn\u00e1, n\u00e1prava ADR, pneumatick\u00e9 brzdy, spodn\u00ed z\u00e1v\u011bs 50 mm, barva URSUS leskl\u00fd n\u00e1t\u011br (korba RAL 2002; podvozek RAL 7022) Technick\u00e9 parametry: Nosnost kg \u00a03&hellip;<\/p>\n","protected":false},"featured_media":8858,"comment_status":"closed","ping_status":"closed","template":"","meta":[],"product_brand":[],"product_cat":[63],"product_tag":[],"class_list":{"0":"post-26258","1":"product","2":"type-product","3":"status-publish","4":"has-post-thumbnail","6":"product_cat-navesy-traktorove","8":"first","9":"instock","10":"taxable","11":"shipping-taxable","12":"purchasable","13":"product-type-simple"},"_links":{"self":[{"href":"https:\/\/recarprofi.cz\/uvod\/wp-json\/wp\/v2\/product\/26258","targetHints":{"allow":["GET"]}}],"collection":[{"href":"https:\/\/recarprofi.cz\/uvod\/wp-json\/wp\/v2\/product"}],"about":[{"href":"https:\/\/recarprofi.cz\/uvod\/wp-json\/wp\/v2\/types\/product"}],"replies":[{"embeddable":true,"href":"https:\/\/recarprofi.cz\/uvod\/wp-json\/wp\/v2\/comments?post=26258"}],"version-history":[{"count":1,"href":"https:\/\/recarprofi.cz\/uvod\/wp-json\/wp\/v2\/product\/26258\/revisions"}],"predecessor-version":[{"id":26260,"href":"https:\/\/recarprofi.cz\/uvod\/wp-json\/wp\/v2\/product\/26258\/revisions\/26260"}],"wp:featuredmedia":[{"embeddable":true,"href":"https:\/\/recarprofi.cz\/uvod\/wp-json\/wp\/v2\/media\/8858"}],"wp:attachment":[{"href":"https:\/\/recarprofi.cz\/uvod\/wp-json\/wp\/v2\/media?parent=26258"}],"wp:term":[{"taxonomy":"product_brand","embeddable":true,"href":"https:\/\/recarprofi.cz\/uvod\/wp-json\/wp\/v2\/product_brand?post=26258"},{"taxonomy":"product_cat","embeddable":true,"href":"https:\/\/recarprofi.cz\/uvod\/wp-json\/wp\/v2\/product_cat?post=26258"},{"taxonomy":"product_tag","embeddable":true,"href":"https:\/\/recarprofi.cz\/uvod\/wp-json\/wp\/v2\/product_tag?post=26258"}],"curies":[{"name":"wp","href":"https:\/\/api.w.org\/{rel}","templated":true}]}}

Náves Ursus T-040

<p><strong>T 040 – Profilované bočnice Fuhrmann, korba 3 stranně sklopná, náprava pevná, náprava ADR, pneumatické brzdy, spodní závěs 50 mm, barva URSUS lesklý nátěr (korba RAL 2002; podvozek RAL 7022)</strong></p>
<p><strong>Technické parametry:</strong></p>
<table>
<tbody>
<tr>
<td><strong>Nosnost</strong></td>
<td><strong>kg</strong></td>
<td><strong> 3 500</strong></td>
</tr>
<tr>
<td><strong>Hmotnost stroje</strong></td>
<td><strong>kg</strong></td>
<td><strong>1 230</strong></td>
</tr>
<tr>
<td><strong>Objem skříně</strong></td>
<td><strong>m<sup>3</sup></strong></td>
<td><strong>3,2/5,1</strong></td>
</tr>
<tr>
<td><strong>Ložná plocha</strong></td>
<td><strong>m<sup><sub>2</sub></sup></strong></td>
<td><strong>6,39</strong></td>
</tr>
<tr>
<td><strong>Délka</strong></td>
<td><strong>mm</strong></td>
<td><strong>4 480</strong></td>
</tr>
<tr>
<td><strong>Šířka</strong></td>
<td><strong>mm</strong></td>
<td><strong>2 235</strong></td>
</tr>
<tr>
<td><strong>Výška</strong></td>
<td><strong>mm</strong></td>
<td><strong>1 445</strong></td>
</tr>
<tr>
<td><strong>Rozměry skříně</strong></td>
<td><strong>mm</strong></td>
<td><strong>3110 x 2 055 x 500+300</strong></td>
</tr>
<tr>
<td><strong>Kola</strong></td>
<td></td>
<td><strong> 11,5/80-15,3 12 PR</strong></td>
</tr>
<tr>
<td><strong>Konstrukční rychlost</strong></td>
<td><strong>km/h</strong></td>
<td><strong> 40</strong></td>
</tr>
<tr>
<td><strong>Traktor</strong></td>
<td><strong>k</strong></td>
<td><strong>48</strong></td>
</tr>
<tr>
<td><strong>Tlak závěs</strong></td>
<td><strong>kg</strong></td>
<td><strong>740</strong></td>
</tr>
</tbody>
</table>

<p>T 040 – Profilované bočnice Fuhrmann, korba 3 stranně sklopná, náprava pevná, náprava ADR, pneumatické brzdy, spodní závěs 50 mm, barva URSUS lesklý nátěr (korba RAL 2002; podvozek RAL 7022) Technické parametry: Nosnost kg  3&hellip;</p>
