{"id":26298,"date":"2023-06-16T13:43:30","date_gmt":"2023-06-16T11:43:30","guid":{"rendered":"https:\/\/recarprofi.cz\/uvod\/?post_type=product&#038;p=26298"},"modified":"2024-03-20T11:56:41","modified_gmt":"2024-03-20T10:56:41","slug":"naves-kobzarenko-tsp-3","status":"publish","type":"product","link":"https:\/\/recarprofi.cz\/uvod\/produkt\/naves-kobzarenko-tsp-3\/","title":{"rendered":"N\u00e1v\u011bs Kobzarenko TSP-3"},"content":{"rendered":"<table border=\"0\" frame=\"VOID\" rules=\"NONE\" cellspacing=\"0\">\n<colgroup>\n<col width=\"542\" \/><\/colgroup>\n<tbody>\n<tr>\n<td align=\"LEFT\" valign=\"TOP\" width=\"542\" height=\"235\"><strong><span style=\"color: #000000; font-family: Calibri; font-size: large;\">T\u0159\u00edstrann\u00e9 sklopn\u00fd n\u00e1v\u011bs, jednoos\u00fd, ADR n\u00e1prava. Oko z\u00e1v\u011bsu \u00d840mm. Pneumatick\u00e9 brzdy. Sk\u0159\u00ed\u0148ka na n\u00e1\u0159ad\u00ed.\u00a0<\/span><\/strong><\/p>\n<p><strong>Technick\u00e9 parametry:<\/strong><\/p>\n<table>\n<tbody>\n<tr>\n<td><strong>Celkov\u00e1 hmotnost kg.<\/strong><\/td>\n<td><strong>3.300<\/strong><\/td>\n<\/tr>\n<tr>\n<td><strong>Vlastn\u00ed hmotnost kg.<\/strong><\/td>\n<td><strong>800<\/strong><\/td>\n<\/tr>\n<tr>\n<td><strong>Nosnost kg.<\/strong><\/td>\n<td><strong>2.500<\/strong><\/td>\n<\/tr>\n<tr>\n<td><strong>V\u00fd\u0161ka podlahy mm.<\/strong><\/td>\n<td><strong>820<\/strong><\/td>\n<\/tr>\n<tr>\n<td><strong>N\u00e1pravy ks.<\/strong><\/td>\n<td><strong>1<\/strong><\/td>\n<\/tr>\n<tr>\n<td><strong>Rozm\u011bry korby Dx\u0160xV mm.<\/strong><\/td>\n<td><strong>2.890 \u0445 1.740 \u0445 500<\/strong><\/td>\n<\/tr>\n<tr>\n<td><strong>Objem m3.<\/strong><\/td>\n<td><strong>2,6<\/strong><\/td>\n<\/tr>\n<tr>\n<td><strong>Kola <\/strong><\/td>\n<td><strong>10,0\/75-15,3<\/strong><\/td>\n<\/tr>\n<tr>\n<td><strong>V\u00fdkon traktoru k.<\/strong><\/td>\n<td><strong>34<\/strong><\/td>\n<\/tr>\n<tr>\n<td><strong>Celkov\u00e9 rozm\u011bry Dx\u0160xV mm.<\/strong><\/td>\n<td><strong>4.000 \u0445 1.890 \u0445 1.360<\/strong><\/td>\n<\/tr>\n<\/tbody>\n<\/table>\n<\/td>\n<\/tr>\n<\/tbody>\n<\/table>\n<p>&nbsp;<\/p>\n","protected":false},"excerpt":{"rendered":"<p>T\u0159\u00edstrann\u00e9 sklopn\u00fd n\u00e1v\u011bs, jednoos\u00fd, ADR n\u00e1prava. Oko z\u00e1v\u011bsu \u00d840mm. Pneumatick\u00e9 brzdy. Sk\u0159\u00ed\u0148ka na n\u00e1\u0159ad\u00ed.\u00a0 Technick\u00e9 parametry: Celkov\u00e1 hmotnost kg. 3.300 Vlastn\u00ed hmotnost kg. 800 Nosnost kg. 2.500 V\u00fd\u0161ka podlahy mm. 820 N\u00e1pravy ks. 1 Rozm\u011bry&hellip;<\/p>\n","protected":false},"featured_media":26299,"comment_status":"closed","ping_status":"closed","template":"","meta":[],"product_brand":[],"product_cat":[63],"product_tag":[],"class_list":{"0":"post-26298","1":"product","2":"type-product","3":"status-publish","4":"has-post-thumbnail","6":"product_cat-navesy-traktorove","8":"first","9":"instock","10":"taxable","11":"shipping-taxable","12":"purchasable","13":"product-type-simple"},"_links":{"self":[{"href":"https:\/\/recarprofi.cz\/uvod\/wp-json\/wp\/v2\/product\/26298","targetHints":{"allow":["GET"]}}],"collection":[{"href":"https:\/\/recarprofi.cz\/uvod\/wp-json\/wp\/v2\/product"}],"about":[{"href":"https:\/\/recarprofi.cz\/uvod\/wp-json\/wp\/v2\/types\/product"}],"replies":[{"embeddable":true,"href":"https:\/\/recarprofi.cz\/uvod\/wp-json\/wp\/v2\/comments?post=26298"}],"version-history":[{"count":4,"href":"https:\/\/recarprofi.cz\/uvod\/wp-json\/wp\/v2\/product\/26298\/revisions"}],"predecessor-version":[{"id":26326,"href":"https:\/\/recarprofi.cz\/uvod\/wp-json\/wp\/v2\/product\/26298\/revisions\/26326"}],"wp:featuredmedia":[{"embeddable":true,"href":"https:\/\/recarprofi.cz\/uvod\/wp-json\/wp\/v2\/media\/26299"}],"wp:attachment":[{"href":"https:\/\/recarprofi.cz\/uvod\/wp-json\/wp\/v2\/media?parent=26298"}],"wp:term":[{"taxonomy":"product_brand","embeddable":true,"href":"https:\/\/recarprofi.cz\/uvod\/wp-json\/wp\/v2\/product_brand?post=26298"},{"taxonomy":"product_cat","embeddable":true,"href":"https:\/\/recarprofi.cz\/uvod\/wp-json\/wp\/v2\/product_cat?post=26298"},{"taxonomy":"product_tag","embeddable":true,"href":"https:\/\/recarprofi.cz\/uvod\/wp-json\/wp\/v2\/product_tag?post=26298"}],"curies":[{"name":"wp","href":"https:\/\/api.w.org\/{rel}","templated":true}]}}

Návěs Kobzarenko TSP-3

<table border="0" frame="VOID" rules="NONE" cellspacing="0">
<colgroup>
<col width="542" /></colgroup>
<tbody>
<tr>
<td align="LEFT" valign="TOP" width="542" height="235"><strong><span style="color: #000000; font-family: Calibri; font-size: large;">Třístranné sklopný návěs, jednoosý, ADR náprava. Oko závěsu Ø40mm. Pneumatické brzdy. Skříňka na nářadí. </span></strong></p>
<p><strong>Technické parametry:</strong></p>
<table>
<tbody>
<tr>
<td><strong>Celková hmotnost kg.</strong></td>
<td><strong>3.300</strong></td>
</tr>
<tr>
<td><strong>Vlastní hmotnost kg.</strong></td>
<td><strong>800</strong></td>
</tr>
<tr>
<td><strong>Nosnost kg.</strong></td>
<td><strong>2.500</strong></td>
</tr>
<tr>
<td><strong>Výška podlahy mm.</strong></td>
<td><strong>820</strong></td>
</tr>
<tr>
<td><strong>Nápravy ks.</strong></td>
<td><strong>1</strong></td>
</tr>
<tr>
<td><strong>Rozměry korby DxŠxV mm.</strong></td>
<td><strong>2.890 х 1.740 х 500</strong></td>
</tr>
<tr>
<td><strong>Objem m3.</strong></td>
<td><strong>2,6</strong></td>
</tr>
<tr>
<td><strong>Kola </strong></td>
<td><strong>10,0/75-15,3</strong></td>
</tr>
<tr>
<td><strong>Výkon traktoru k.</strong></td>
<td><strong>34</strong></td>
</tr>
<tr>
<td><strong>Celkové rozměry DxŠxV mm.</strong></td>
<td><strong>4.000 х 1.890 х 1.360</strong></td>
</tr>
</tbody>
</table>
</td>
</tr>
</tbody>
</table>
<p>&nbsp;</p>

<p>Třístranné sklopný návěs, jednoosý, ADR náprava. Oko závěsu Ø40mm. Pneumatické brzdy. Skříňka na nářadí.  Technické parametry: Celková hmotnost kg. 3.300 Vlastní hmotnost kg. 800 Nosnost kg. 2.500 Výška podlahy mm. 820 Nápravy ks. 1 Rozměry&hellip;</p>
