{"id":27150,"date":"2023-11-13T13:05:31","date_gmt":"2023-11-13T12:05:31","guid":{"rendered":"https:\/\/recarprofi.cz\/uvod\/?post_type=product&#038;p=27150"},"modified":"2025-02-20T12:41:28","modified_gmt":"2025-02-20T11:41:28","slug":"sit-na-baliky-jutanet-master-125-3000","status":"publish","type":"product","link":"https:\/\/recarprofi.cz\/uvod\/produkt\/sit-na-baliky-jutanet-master-125-3000\/","title":{"rendered":"S\u00edt na bal\u00edky Jutanet Master 125\/3000"},"content":{"rendered":"<ul>\n<li>Vhodn\u00e9 pro balen\u00ed sen\u00e1\u017ee, sena i sl\u00e1my<\/li>\n<li>Vysok\u00e1 pevnost<\/li>\n<li>Perfektn\u00ed kryt\u00ed bal\u00edku<\/li>\n<li>Posledn\u00edch 50m je ozna\u010deno \u010derven\u00fdm pruhem zna\u010d\u00edc\u00edm nutnost v\u00fdm\u011bny role<\/li>\n<li>Vyrobeny z\u00a0HDPE t\u00e9 nejvy\u0161\u0161\u00ed kvality na nejmodern\u011bj\u0161\u00edch pletac\u00edch stroj\u00edch<\/li>\n<li>UV stabilizace zaru\u010duj\u00edc\u00ed prodlou\u017eenou \u017eivotnost s\u00ed\u0165oviny<\/li>\n<li>Identifikace pomoc\u00ed barevn\u00fdch krajov\u00fdch p\u00e1sk\u016f a \u010d\u00e1rov\u00fdch k\u00f3d\u016f<\/li>\n<li>Kontinu\u00e1ln\u00ed kontrola kvality v\u00a0pr\u016fb\u011bhu cel\u00e9ho v\u00fdrobn\u00edho procesu, certifikace ISO<\/li>\n<\/ul>\n<p>Technick\u00e9 parametry:<\/p>\n<ul>\n<li>N\u00e1vin 3.000 m<\/li>\n<li>\u0160\u00ed\u0159ka 125 cm<\/li>\n<li>Ta\u017enost\u00a0 16-21 %<\/li>\n<li>Vn\u011bj\u0161\u00ed pr\u016fm\u011br role 28 cm<\/li>\n<li>Po\u010det rol\u00ed na palet\u011b 28 ks<\/li>\n<\/ul>\n","protected":false},"excerpt":{"rendered":"<p>Vhodn\u00e9 pro balen\u00ed sen\u00e1\u017ee, sena i sl\u00e1my Vysok\u00e1 pevnost Perfektn\u00ed kryt\u00ed bal\u00edku Posledn\u00edch 50m je ozna\u010deno \u010derven\u00fdm pruhem zna\u010d\u00edc\u00edm nutnost v\u00fdm\u011bny role Vyrobeny z\u00a0HDPE t\u00e9 nejvy\u0161\u0161\u00ed kvality na nejmodern\u011bj\u0161\u00edch pletac\u00edch stroj\u00edch UV stabilizace zaru\u010duj\u00edc\u00ed prodlou\u017eenou&hellip;<\/p>\n","protected":false},"featured_media":27141,"comment_status":"closed","ping_status":"closed","template":"","meta":[],"product_brand":[],"product_cat":[118],"product_tag":[],"class_list":{"0":"post-27150","1":"product","2":"type-product","3":"status-publish","4":"has-post-thumbnail","6":"product_cat-recarprofi-cz-produkty-site-a-folie-na-baliky","8":"first","9":"instock","10":"sale","11":"taxable","12":"shipping-taxable","13":"purchasable","14":"product-type-simple"},"_links":{"self":[{"href":"https:\/\/recarprofi.cz\/uvod\/wp-json\/wp\/v2\/product\/27150","targetHints":{"allow":["GET"]}}],"collection":[{"href":"https:\/\/recarprofi.cz\/uvod\/wp-json\/wp\/v2\/product"}],"about":[{"href":"https:\/\/recarprofi.cz\/uvod\/wp-json\/wp\/v2\/types\/product"}],"replies":[{"embeddable":true,"href":"https:\/\/recarprofi.cz\/uvod\/wp-json\/wp\/v2\/comments?post=27150"}],"version-history":[{"count":1,"href":"https:\/\/recarprofi.cz\/uvod\/wp-json\/wp\/v2\/product\/27150\/revisions"}],"predecessor-version":[{"id":27151,"href":"https:\/\/recarprofi.cz\/uvod\/wp-json\/wp\/v2\/product\/27150\/revisions\/27151"}],"wp:featuredmedia":[{"embeddable":true,"href":"https:\/\/recarprofi.cz\/uvod\/wp-json\/wp\/v2\/media\/27141"}],"wp:attachment":[{"href":"https:\/\/recarprofi.cz\/uvod\/wp-json\/wp\/v2\/media?parent=27150"}],"wp:term":[{"taxonomy":"product_brand","embeddable":true,"href":"https:\/\/recarprofi.cz\/uvod\/wp-json\/wp\/v2\/product_brand?post=27150"},{"taxonomy":"product_cat","embeddable":true,"href":"https:\/\/recarprofi.cz\/uvod\/wp-json\/wp\/v2\/product_cat?post=27150"},{"taxonomy":"product_tag","embeddable":true,"href":"https:\/\/recarprofi.cz\/uvod\/wp-json\/wp\/v2\/product_tag?post=27150"}],"curies":[{"name":"wp","href":"https:\/\/api.w.org\/{rel}","templated":true}]}}