{"id":27245,"date":"2023-11-24T08:35:18","date_gmt":"2023-11-24T07:35:18","guid":{"rendered":"https:\/\/recarprofi.cz\/uvod\/?post_type=product&#038;p=27245"},"modified":"2024-03-13T09:36:40","modified_gmt":"2024-03-13T08:36:40","slug":"strecova-folie-triowrap-750-1500-bila","status":"publish","type":"product","link":"https:\/\/recarprofi.cz\/uvod\/produkt\/strecova-folie-triowrap-750-1500-bila\/","title":{"rendered":"Stre\u010dov\u00e1 folie Triowrap 750\/1500, b\u00edla"},"content":{"rendered":"<p>Parametry:<\/p>\n<ul>\n<li>5-vrstv\u00e1 folie<\/li>\n<li>\u0161\u00ed\u0159ka 750 mm<\/li>\n<li>n\u00e1vin 1.500 m<\/li>\n<li>tlou\u0161\u0165ka 0.025 mm<\/li>\n<li>barva b\u00edla<\/li>\n<li>po\u010det rol\u00ed na palet\u011b 15 ks<\/li>\n<\/ul>\n","protected":false},"excerpt":{"rendered":"<p>Parametry: 5-vrstv\u00e1 folie \u0161\u00ed\u0159ka 750 mm n\u00e1vin 1.500 m tlou\u0161\u0165ka 0.025 mm barva b\u00edla po\u010det rol\u00ed na palet\u011b 15 ks<\/p>\n","protected":false},"featured_media":27246,"comment_status":"closed","ping_status":"closed","template":"","meta":[],"product_brand":[],"product_cat":[118],"product_tag":[],"class_list":{"0":"post-27245","1":"product","2":"type-product","3":"status-publish","4":"has-post-thumbnail","6":"product_cat-recarprofi-cz-produkty-site-a-folie-na-baliky","8":"first","9":"instock","10":"sale","11":"taxable","12":"shipping-taxable","13":"purchasable","14":"product-type-simple"},"_links":{"self":[{"href":"https:\/\/recarprofi.cz\/uvod\/wp-json\/wp\/v2\/product\/27245","targetHints":{"allow":["GET"]}}],"collection":[{"href":"https:\/\/recarprofi.cz\/uvod\/wp-json\/wp\/v2\/product"}],"about":[{"href":"https:\/\/recarprofi.cz\/uvod\/wp-json\/wp\/v2\/types\/product"}],"replies":[{"embeddable":true,"href":"https:\/\/recarprofi.cz\/uvod\/wp-json\/wp\/v2\/comments?post=27245"}],"version-history":[{"count":1,"href":"https:\/\/recarprofi.cz\/uvod\/wp-json\/wp\/v2\/product\/27245\/revisions"}],"predecessor-version":[{"id":27247,"href":"https:\/\/recarprofi.cz\/uvod\/wp-json\/wp\/v2\/product\/27245\/revisions\/27247"}],"wp:featuredmedia":[{"embeddable":true,"href":"https:\/\/recarprofi.cz\/uvod\/wp-json\/wp\/v2\/media\/27246"}],"wp:attachment":[{"href":"https:\/\/recarprofi.cz\/uvod\/wp-json\/wp\/v2\/media?parent=27245"}],"wp:term":[{"taxonomy":"product_brand","embeddable":true,"href":"https:\/\/recarprofi.cz\/uvod\/wp-json\/wp\/v2\/product_brand?post=27245"},{"taxonomy":"product_cat","embeddable":true,"href":"https:\/\/recarprofi.cz\/uvod\/wp-json\/wp\/v2\/product_cat?post=27245"},{"taxonomy":"product_tag","embeddable":true,"href":"https:\/\/recarprofi.cz\/uvod\/wp-json\/wp\/v2\/product_tag?post=27245"}],"curies":[{"name":"wp","href":"https:\/\/api.w.org\/{rel}","templated":true}]}}

Strečová folie Triowrap 750/1500, bíla

<p>Parametry:</p>
<ul>
<li>5-vrstvá folie</li>
<li>šířka 750 mm</li>
<li>návin 1.500 m</li>
<li>tloušťka 0.025 mm</li>
<li>barva bíla</li>
<li>počet rolí na paletě 15 ks</li>
</ul>

<p>Parametry: 5-vrstvá folie šířka 750 mm návin 1.500 m tloušťka 0.025 mm barva bíla počet rolí na paletě 15 ks</p>
