{"id":27258,"date":"2023-11-24T08:48:19","date_gmt":"2023-11-24T07:48:19","guid":{"rendered":"https:\/\/recarprofi.cz\/uvod\/?post_type=product&#038;p=27258"},"modified":"2024-03-13T09:31:10","modified_gmt":"2024-03-13T08:31:10","slug":"strecova-folie-agriflex-750-1500-zelena","status":"publish","type":"product","link":"https:\/\/recarprofi.cz\/uvod\/produkt\/strecova-folie-agriflex-750-1500-zelena\/","title":{"rendered":"Stre\u010dov\u00e1 folie Agriflex 750\/1500, zelen\u00e1"},"content":{"rendered":"<p>Parametry:<\/p>\n<ul>\n<li>5-vrstv\u00e1 folie<\/li>\n<li>\u0161\u00ed\u0159ka 750 mm<\/li>\n<li>n\u00e1vin 1.500 m<\/li>\n<li>tlou\u0161\u0165ka 0.025 mm<\/li>\n<li>barva zelen\u00e1<\/li>\n<li>po\u010det rol\u00ed na palet\u011b 40 ks<\/li>\n<\/ul>\n","protected":false},"excerpt":{"rendered":"<p>Parametry: 5-vrstv\u00e1 folie \u0161\u00ed\u0159ka 750 mm n\u00e1vin 1.500 m tlou\u0161\u0165ka 0.025 mm barva zelen\u00e1 po\u010det rol\u00ed na palet\u011b 40 ks<\/p>\n","protected":false},"featured_media":27254,"comment_status":"closed","ping_status":"closed","template":"","meta":[],"product_brand":[],"product_cat":[118],"product_tag":[],"class_list":{"0":"post-27258","1":"product","2":"type-product","3":"status-publish","4":"has-post-thumbnail","6":"product_cat-recarprofi-cz-produkty-site-a-folie-na-baliky","8":"first","9":"instock","10":"sale","11":"taxable","12":"shipping-taxable","13":"purchasable","14":"product-type-simple"},"_links":{"self":[{"href":"https:\/\/recarprofi.cz\/uvod\/wp-json\/wp\/v2\/product\/27258","targetHints":{"allow":["GET"]}}],"collection":[{"href":"https:\/\/recarprofi.cz\/uvod\/wp-json\/wp\/v2\/product"}],"about":[{"href":"https:\/\/recarprofi.cz\/uvod\/wp-json\/wp\/v2\/types\/product"}],"replies":[{"embeddable":true,"href":"https:\/\/recarprofi.cz\/uvod\/wp-json\/wp\/v2\/comments?post=27258"}],"version-history":[{"count":1,"href":"https:\/\/recarprofi.cz\/uvod\/wp-json\/wp\/v2\/product\/27258\/revisions"}],"predecessor-version":[{"id":27259,"href":"https:\/\/recarprofi.cz\/uvod\/wp-json\/wp\/v2\/product\/27258\/revisions\/27259"}],"wp:featuredmedia":[{"embeddable":true,"href":"https:\/\/recarprofi.cz\/uvod\/wp-json\/wp\/v2\/media\/27254"}],"wp:attachment":[{"href":"https:\/\/recarprofi.cz\/uvod\/wp-json\/wp\/v2\/media?parent=27258"}],"wp:term":[{"taxonomy":"product_brand","embeddable":true,"href":"https:\/\/recarprofi.cz\/uvod\/wp-json\/wp\/v2\/product_brand?post=27258"},{"taxonomy":"product_cat","embeddable":true,"href":"https:\/\/recarprofi.cz\/uvod\/wp-json\/wp\/v2\/product_cat?post=27258"},{"taxonomy":"product_tag","embeddable":true,"href":"https:\/\/recarprofi.cz\/uvod\/wp-json\/wp\/v2\/product_tag?post=27258"}],"curies":[{"name":"wp","href":"https:\/\/api.w.org\/{rel}","templated":true}]}}

Strečová folie Agriflex 750/1500, zelená

<p>Parametry:</p>
<ul>
<li>5-vrstvá folie</li>
<li>šířka 750 mm</li>
<li>návin 1.500 m</li>
<li>tloušťka 0.025 mm</li>
<li>barva zelená</li>
<li>počet rolí na paletě 40 ks</li>
</ul>

<p>Parametry: 5-vrstvá folie šířka 750 mm návin 1.500 m tloušťka 0.025 mm barva zelená počet rolí na paletě 40 ks</p>
