{"id":28886,"date":"2024-03-25T12:54:19","date_gmt":"2024-03-25T11:54:19","guid":{"rendered":"https:\/\/recarprofi.cz\/uvod\/?post_type=product&#038;p=28886"},"modified":"2025-10-06T12:24:27","modified_gmt":"2025-10-06T10:24:27","slug":"traktor-kioti-cs-2520h","status":"publish","type":"product","link":"https:\/\/recarprofi.cz\/uvod\/produkt\/traktor-kioti-cs-2520h\/","title":{"rendered":"Traktor Kioti CS 2520H"},"content":{"rendered":"<p>Subkompaktn\u00ed traktor na zahradu, na obec. Sv\u00e9 m\u00edsto si v\u017edycky najde.<\/p>\n<ul>\n<li>Diesel, 3 v\u00e1lec, zdvihov\u00fd obsah 1007 cm3, 24,5 HP<\/li>\n<li>Jmenovit\u00e9 ot\u00e1\u010dky: 3200 ot\/min<\/li>\n<li>Obsah n\u00e1dr\u017ee: 25,5 litru<\/li>\n<li>Pneumatiky: zem\u011bd\u011blsk\u00e9<\/li>\n<li>P\u0159evodovka: 2 skupiny hydrostatick\u00e9 p\u0159evodovky<\/li>\n<li>Max. rychlost: 15,6 km\/h<\/li>\n<li>\u0158\u00edzen\u00ed: servo\u0159\u00edzen\u00ed, pohon v\u0161ech kol, uz\u00e1v\u011brka diferenci\u00e1lu<\/li>\n<li>Hydraulika: \u010derpadlo s v\u00fdkonem 26,4 l\/min<\/li>\n<li>Zdvihov\u00fd s\u00edla zadn\u00edch ramen max : 715 kg<\/li>\n<li>Standardn\u011b 1 hydraulick\u00fd okruh vzadu<\/li>\n<li>V\u00fdvodov\u00e1 h\u0159\u00eddel &#8211; PTO &#8211; vzadu: 1 3\/8\u201c, 6 dr\u00e1\u017eek, 540 ot\/min, mezin\u00e1pravov\u00e1 ot\u00e1\u010dky 2200 ot\/min<\/li>\n<li>Ochrann\u00fd r\u00e1m obsluhy ROPS<\/li>\n<\/ul>\n<p>Technick\u00e1 data:<br \/>\nD\u00e9lka:\u00a0 \u00a0 \u00a0 \u00a0 \u00a0 \u00a0 \u00a0 \u00a0 \u00a0 \u00a0 \u00a0 \u00a0 \u00a0 \u00a0 \u00a0 \u00a0 \u00a0 2523 mm<br \/>\nRozvor:\u00a0 \u00a0 \u00a0 \u00a0 \u00a0 \u00a0 \u00a0 \u00a0 \u00a0 \u00a0 \u00a0 \u00a0 \u00a0 \u00a0 \u00a0 \u00a0 1400 mm<br \/>\nMinim\u00e1ln\u00ed sv\u011btl\u00e1 v\u00fd\u0161ka: \u00a0 \u00a0 \u00a0 \u00a0162 mm<br \/>\nHmotnost:\u00a0 \u00a0 \u00a0 \u00a0 \u00a0 \u00a0 \u00a0 \u00a0 \u00a0 \u00a0 \u00a0 \u00a0 \u00a0 \u00a0 \u00a0s ROPS 705 kg<br \/>\n\u0160\u00ed\u0159ka:\u00a0 \u00a0 \u00a0 \u00a0 \u00a0 \u00a0 \u00a0 \u00a0 \u00a0 \u00a0 \u00a0 \u00a0 \u00a0 \u00a0 \u00a0 \u00a0 \u00a0 \u00a0 1168 mm na pr\u016fmyslov\u00fdch kolech<br \/>\nV\u00fd\u0161ka s kabinou:\u00a0 \u00a0 \u00a0 \u00a0 \u00a0 \u00a0 \u00a0 \u00a0 \u00a0 \u00a01999\u00a0mm<br \/>\nV\u00fd\u0161ka s r\u00e1mem:\u00a0 \u00a0 \u00a0 \u00a0 \u00a0 \u00a0 \u00a0 \u00a0 \u00a0 \u00a0 2280 mm<\/p>\n","protected":false},"excerpt":{"rendered":"<p>Subkompaktn\u00ed traktor na zahradu, na obec. Sv\u00e9 m\u00edsto si v\u017edycky najde. Diesel, 3 v\u00e1lec, zdvihov\u00fd obsah 1007 cm3, 24,5 HP Jmenovit\u00e9 ot\u00e1\u010dky: 3200 ot\/min Obsah n\u00e1dr\u017ee: 25,5 litru Pneumatiky: zem\u011bd\u011blsk\u00e9 P\u0159evodovka: 2 skupiny hydrostatick\u00e9 p\u0159evodovky&hellip;<\/p>\n","protected":false},"featured_media":28877,"comment_status":"closed","ping_status":"closed","template":"","meta":[],"product_brand":[],"product_cat":[121],"product_tag":[],"class_list":{"0":"post-28886","1":"product","2":"type-product","3":"status-publish","4":"has-post-thumbnail","6":"product_cat-traktory-kioti","8":"first","9":"instock","10":"taxable","11":"shipping-taxable","12":"product-type-simple"},"_links":{"self":[{"href":"https:\/\/recarprofi.cz\/uvod\/wp-json\/wp\/v2\/product\/28886","targetHints":{"allow":["GET"]}}],"collection":[{"href":"https:\/\/recarprofi.cz\/uvod\/wp-json\/wp\/v2\/product"}],"about":[{"href":"https:\/\/recarprofi.cz\/uvod\/wp-json\/wp\/v2\/types\/product"}],"replies":[{"embeddable":true,"href":"https:\/\/recarprofi.cz\/uvod\/wp-json\/wp\/v2\/comments?post=28886"}],"version-history":[{"count":9,"href":"https:\/\/recarprofi.cz\/uvod\/wp-json\/wp\/v2\/product\/28886\/revisions"}],"predecessor-version":[{"id":29955,"href":"https:\/\/recarprofi.cz\/uvod\/wp-json\/wp\/v2\/product\/28886\/revisions\/29955"}],"wp:featuredmedia":[{"embeddable":true,"href":"https:\/\/recarprofi.cz\/uvod\/wp-json\/wp\/v2\/media\/28877"}],"wp:attachment":[{"href":"https:\/\/recarprofi.cz\/uvod\/wp-json\/wp\/v2\/media?parent=28886"}],"wp:term":[{"taxonomy":"product_brand","embeddable":true,"href":"https:\/\/recarprofi.cz\/uvod\/wp-json\/wp\/v2\/product_brand?post=28886"},{"taxonomy":"product_cat","embeddable":true,"href":"https:\/\/recarprofi.cz\/uvod\/wp-json\/wp\/v2\/product_cat?post=28886"},{"taxonomy":"product_tag","embeddable":true,"href":"https:\/\/recarprofi.cz\/uvod\/wp-json\/wp\/v2\/product_tag?post=28886"}],"curies":[{"name":"wp","href":"https:\/\/api.w.org\/{rel}","templated":true}]}}