{"id":28913,"date":"2024-03-25T14:57:03","date_gmt":"2024-03-25T13:57:03","guid":{"rendered":"https:\/\/recarprofi.cz\/uvod\/?post_type=product&#038;p=28913"},"modified":"2025-10-06T12:25:29","modified_gmt":"2025-10-06T10:25:29","slug":"traktor-kioti-cx-2510h","status":"publish","type":"product","link":"https:\/\/recarprofi.cz\/uvod\/produkt\/traktor-kioti-cx-2510h\/","title":{"rendered":"Traktor Kioti CX 2510H"},"content":{"rendered":"<p>Model CX2510 je n\u00e1stupce model\u016f CK2810 a CK3310.<\/p>\n<ul>\n<li>Motor: diesel, 3 v\u00e1lec, zdvihov\u00fd obsah 1647 cm3, 24,5 HP, 2600 ot\/min, v\u00fdkon na PTO 24,2 HP<\/li>\n<li>N\u00e1dr\u017e: 25 l<\/li>\n<li>Pneumatiky: agro<\/li>\n<li>P\u0159evodovka: hydrostatick\u00e1 2 rozsahy rychlost\u00ed, rychlost: vp\u0159ed 0 &#8211; 21,74 km\/h, vzad 0 &#8211; 15,22 km\/h<\/li>\n<li>\u0158\u00edzen\u00ed: servo\u0159\u00edzen\u00ed, pohon v\u0161ech kol, uz\u00e1v\u011brka diferenci\u00e1lu<\/li>\n<li>Hydraulika: \u010derpadlo s v\u00fdkonem 42,9 l\/min, (\u0159\u00edzen\u00ed &#8211; 16,9 l\/min, pracovn\u00ed &#8211; 26 l\/min), 180 bar\u016f<\/li>\n<li>Zdvihov\u00fd s\u00edla zadn\u00edch ramen 739 kg<\/li>\n<li>V\u00fdvodov\u00e1 h\u0159\u00eddel &#8211; PTO &#8211; 1 3\/8\u201c, 6 dr\u00e1\u017eek, 540 ot\/min, mezin\u00e1pravov\u00e1 2000 ot\/min<\/li>\n<li>Standardn\u00ed v\u00fdbava: Joystick, nastaviteln\u00fd volant, loketn\u00ed op\u011brka, dr\u017e\u00e1k n\u00e1poj\u016f, krabice na n\u00e1\u0159ad\u00ed, ta\u017en\u00e1 li\u0161ta<\/li>\n<li>Vzadu standardn\u011b 1 hydraulick\u00fd okruh<\/li>\n<li>HST &#8211; 2 samostatn\u00e9 ped\u00e1ly pojezdu, HST tempomat, HST Linked pedal &#8211; vazba propojen\u00ed ot\u00e1\u010dek motoru s polohou ped\u00e1lu pojezdu<\/li>\n<li>Ochrann\u00fd r\u00e1m obsluhy ROPS<\/li>\n<\/ul>\n<table border=\"0\" frame=\"VOID\" rules=\"NONE\" cellspacing=\"0\">\n<colgroup>\n<col width=\"59\" \/><\/colgroup>\n<tbody>\n<tr>\n<td colspan=\"12\" align=\"JUSTIFY\" valign=\"TOP\" width=\"1001\" height=\"178\">Technick\u00e1 specifikace:<br \/>\nD\u00e9lka: 2790 mm<br \/>\nRozvor: 1520 mm<br \/>\nPolom\u011br ot\u00e1\u010den\u00ed: 2350 mm<br \/>\nSv\u011btl\u00e1 v\u00fd\u0161ka: 340 mm<br \/>\nHmotnost: s ROPS 1042 kg<br \/>\n\u0160\u00ed\u0159ka: 1185 mm na agrokolech<br \/>\nV\u00fd\u0161ka: s ROPS 2335 mm<br \/>\nNejv\u011bt\u0161\u00ed tech.p\u0159\u00edpustn\u00e1 \/ povolen\u00e1 hmotnost p\u0159\u00edpoj. vozidla: brzd\u011bn\u00fd 2 000 \/ 2 000 kg, nebrzd\u011bn\u00fd 300 kg<br \/>\nNejv\u011bt\u0161\u00ed tech.p\u0159\u00edpustn\u00e1 \/ povolen\u00e1 hmotnost j\u00edzdn\u00ed soupravy: 3 870 \/ 3 870 kg<\/td>\n<\/tr>\n<\/tbody>\n<\/table>\n","protected":false},"excerpt":{"rendered":"<p>Model CX2510 je n\u00e1stupce model\u016f CK2810 a CK3310. Motor: diesel, 3 v\u00e1lec, zdvihov\u00fd obsah 1647 cm3, 24,5 HP, 2600 ot\/min, v\u00fdkon na PTO 24,2 HP N\u00e1dr\u017e: 25 l Pneumatiky: agro P\u0159evodovka: hydrostatick\u00e1 2 rozsahy rychlost\u00ed,&hellip;<\/p>\n","protected":false},"featured_media":28914,"comment_status":"closed","ping_status":"closed","template":"","meta":[],"product_brand":[],"product_cat":[121],"product_tag":[],"class_list":{"0":"post-28913","1":"product","2":"type-product","3":"status-publish","4":"has-post-thumbnail","6":"product_cat-traktory-kioti","8":"first","9":"instock","10":"taxable","11":"shipping-taxable","12":"product-type-simple"},"_links":{"self":[{"href":"https:\/\/recarprofi.cz\/uvod\/wp-json\/wp\/v2\/product\/28913","targetHints":{"allow":["GET"]}}],"collection":[{"href":"https:\/\/recarprofi.cz\/uvod\/wp-json\/wp\/v2\/product"}],"about":[{"href":"https:\/\/recarprofi.cz\/uvod\/wp-json\/wp\/v2\/types\/product"}],"replies":[{"embeddable":true,"href":"https:\/\/recarprofi.cz\/uvod\/wp-json\/wp\/v2\/comments?post=28913"}],"version-history":[{"count":5,"href":"https:\/\/recarprofi.cz\/uvod\/wp-json\/wp\/v2\/product\/28913\/revisions"}],"predecessor-version":[{"id":29957,"href":"https:\/\/recarprofi.cz\/uvod\/wp-json\/wp\/v2\/product\/28913\/revisions\/29957"}],"wp:featuredmedia":[{"embeddable":true,"href":"https:\/\/recarprofi.cz\/uvod\/wp-json\/wp\/v2\/media\/28914"}],"wp:attachment":[{"href":"https:\/\/recarprofi.cz\/uvod\/wp-json\/wp\/v2\/media?parent=28913"}],"wp:term":[{"taxonomy":"product_brand","embeddable":true,"href":"https:\/\/recarprofi.cz\/uvod\/wp-json\/wp\/v2\/product_brand?post=28913"},{"taxonomy":"product_cat","embeddable":true,"href":"https:\/\/recarprofi.cz\/uvod\/wp-json\/wp\/v2\/product_cat?post=28913"},{"taxonomy":"product_tag","embeddable":true,"href":"https:\/\/recarprofi.cz\/uvod\/wp-json\/wp\/v2\/product_tag?post=28913"}],"curies":[{"name":"wp","href":"https:\/\/api.w.org\/{rel}","templated":true}]}}