{"id":29116,"date":"2024-04-03T14:20:02","date_gmt":"2024-04-03T12:20:02","guid":{"rendered":"https:\/\/recarprofi.cz\/uvod\/?post_type=product&#038;p=29116"},"modified":"2024-04-03T14:20:02","modified_gmt":"2024-04-03T12:20:02","slug":"teleskopicky-kloubovy-nakladac-thaler-4275t-cab","status":"publish","type":"product","link":"https:\/\/recarprofi.cz\/uvod\/produkt\/teleskopicky-kloubovy-nakladac-thaler-4275t-cab\/","title":{"rendered":"Teleskopick\u00fd kloubov\u00fd naklada\u010d Thaler 4275T Cab"},"content":{"rendered":"<p><strong>Vysoko a daleko<\/strong><br \/>\nN\u00e1\u0161 nejt\u011b\u017e\u0161\u00ed model pro nejv\u011bt\u0161\u00ed zat\u00ed\u017een\u00ed. V\u00fdsuvn\u00fd teleskopick\u00fd v\u00fdlo\u017en\u00edk je schopen dos\u00e1hnout v\u00fd\u0161ky 3,90 metr\u016f a m\u00e1 p\u016fsobiv\u00e9 p\u0159eklopn\u00e9 zat\u00ed\u017een\u00ed 3000 kilogram\u016f. V\u00fdkonn\u00fd motor Yanmar produkuje masivn\u00edch 72 kon\u00ed a spl\u0148uje emisn\u00ed normu Stage V.<\/p>\n<p><strong>Standardn\u00ed v\u00fdbava:<\/strong><\/p>\n<ul>\n<li>CE schv\u00e1len\u00ed<\/li>\n<li>V\u00fdkyvn\u00fd centr\u00e1ln\u00ed kloub s vysokou pevnost\u00ed v tahu a 2 dvoj\u010dinn\u00e9 hydraul. v\u00e1lce.<\/li>\n<li>T\u0159et\u00ed hydraulick\u00e1 funkce (DN12 rychlospojky na v\u00fdlo\u017en\u00edku), hydraulick\u00e9 rychloup\u00edn\u00e1n\u00ed<\/li>\n<li>3 LED pracovn\u00ed sv\u011btla (1150 lm) um\u00edst\u011bn\u00e1 na kabin\u011b<\/li>\n<li>Pohodln\u00fd p\u0159\u00edstup<\/li>\n<li>Skv\u011bl\u00e1 viditelnost d\u00edky inteligentn\u00ed konstrukci p\u0159edn\u00ed \u010d\u00e1sti ochrann\u00e9ho r\u00e1mu<\/li>\n<li>Multifunk\u010dn\u00ed joystick, jednop\u00e1kov\u00e9 ovl\u00e1d\u00e1n\u00ed jako\u017e i blokov\u00e1n\u00ed k\u0159\u00ed\u017eov\u00e9ho ovl\u00e1d\u00e1n\u00ed pro j\u00edzdu na silnici, aretace a t\u0159et\u00edho ovl\u00e1dac\u00edho okruhu<\/li>\n<li>Rychle\/pomalu (tla\u010d\u00edtko), joystick s p\u0159ep\u00edna\u010dem sm\u011bru j\u00edzdy.<\/li>\n<li>Individu\u00e1ln\u011b nastaviteln\u00fd sloupek \u0159\u00edzen\u00ed s digit\u00e1ln\u00ed p\u0159\u00edstrojovou deskou v\u010detn\u011b po\u010d\u00edtadla motohodin, teplom\u011brem, ot\u00e1\u010dkom\u011brem a ukazatele stavu paliva<\/li>\n<li>Optimalizovan\u00fd paraleln\u00ed pohyb<\/li>\n<li>Thaler inching ped\u00e1l (pracovn\u00ed spojka)<\/li>\n<li>Mech. odpru\u017een\u00e9 sedadlo obsluhy s bezpe\u010dnostn\u00edm p\u00e1sem a ochrann\u00fd syst\u00e9m obsluhy odpov\u00eddaj\u00ed nejnov\u011bj\u0161\u00edm sm\u011brnic\u00edcm CE<\/li>\n<li>Kabina s topen\u00edm<\/li>\n<li>Elektrohydraulick\u00e9 ovl\u00e1d\u00e1n\u00ed teleskopick\u00e9ho v\u00fdlo\u017en\u00edku.<\/li>\n<li>V\u00fdkyvn\u00e1 zadn\u00ed n\u00e1prava pro max. stabilitu.<\/li>\n<li>Pneumatiky 405\/70-20<\/li>\n<li>Pevn\u00e1 ocelov\u00e1 plo\u0161ina a zadn\u00ed kryt motoru z lamin\u00e1tu se vykl\u00e1p\u00ed nahoru pro dokonal\u00fd p\u0159\u00edstup k \u00fadr\u017eb\u011b.<\/li>\n<li>Snadno p\u0159\u00edstupn\u00e1 mazac\u00ed m\u00edsta<\/li>\n<li>Velk\u00fd kombinovan\u00fd chladi\u010d oleje a vody<\/li>\n<li>Ochrann\u00e9 trubky na hydraulick\u00fdch hadic\u00edch<\/li>\n<li>Rychloup\u00ednac\u00ed system THALER s hydraulick\u00fdm up\u00edn\u00e1n\u00edm 3-cestn\u00fdm ventilem<\/li>\n<li>Planetov\u00fd p\u0159evod se samosvornou uz\u00e1v\u011brkou diferenci\u00e1lu (40%) pro omezen\u00ed prokluzu<\/li>\n<li>Z-kinametika<\/li>\n<li>Dr\u017e\u00e1k na n\u00e1poje.<\/li>\n<\/ul>\n<p><strong>Technick\u00e9 parametry:<\/strong><\/p>\n<ul>\n<li>Celkov\u00e1 d\u00e9lka s lopatou 5750mm<\/li>\n<li>Celkov\u00e1 d\u00e9lka bez lopaty 5070mm<\/li>\n<li>Vzd\u00e1lenost oka v\u00fdlo\u017en\u00edku od osy p\u0159edn\u00ed n\u00e1pravy 1090mm<\/li>\n<li>Rozvor 2300mm<\/li>\n<li>Celkov\u00e1 v\u00fd\u0161ka s kabinou 2570 mm<\/li>\n<li>Max. zvedac\u00ed v\u00fd\u0161ka v oku v\u00fdlo\u017en\u00edku 4760mm<\/li>\n<li>Zvedac\u00ed v\u00fd\u0161ka pod pracovn\u00edm n\u00e1\u0159ad\u00edm 4460mm<\/li>\n<li>Max. v\u00fdklopn\u00e1 v\u00fd\u0161ka 3910mm<\/li>\n<li>Celkov\u00e1 \u0161\u00ed\u0159ka standardn\u00ed pneumatiky 1730mm<\/li>\n<li>Rozchod 1390mm<\/li>\n<li>Sv\u011btlost 420mm<\/li>\n<li>Zvedac\u00ed s\u00edla 4000kg<\/li>\n<li>Nosnost v p\u0159\u00edm\u00e9m sm\u011bru se zasunut\u00fdm v\u00fdlo\u017en\u00edkem 3000kg<\/li>\n<li>Nosnost v zalomen\u00ed 45\u00b0 se zasunut\u00fdm v\u00fdlo\u017en\u00edkem 2500kg<\/li>\n<li>Objem n\u00e1dr\u017ee na hydraulick\u00fd olej 70l<\/li>\n<li>Objem palivov\u00e9 n\u00e1dr\u017ee 50l<\/li>\n<li>Provozn\u00ed hmotnost 5200kg<\/li>\n<\/ul>\n","protected":false},"excerpt":{"rendered":"<p>Vysoko a daleko N\u00e1\u0161 nejt\u011b\u017e\u0161\u00ed model pro nejv\u011bt\u0161\u00ed zat\u00ed\u017een\u00ed. V\u00fdsuvn\u00fd teleskopick\u00fd v\u00fdlo\u017en\u00edk je schopen dos\u00e1hnout v\u00fd\u0161ky 3,90 metr\u016f a m\u00e1 p\u016fsobiv\u00e9 p\u0159eklopn\u00e9 zat\u00ed\u017een\u00ed 3000 kilogram\u016f. V\u00fdkonn\u00fd motor Yanmar produkuje masivn\u00edch 72 kon\u00ed a spl\u0148uje emisn\u00ed&hellip;<\/p>\n","protected":false},"featured_media":29117,"comment_status":"closed","ping_status":"closed","template":"","meta":[],"product_brand":[],"product_cat":[65],"product_tag":[],"class_list":{"0":"post-29116","1":"product","2":"type-product","3":"status-publish","4":"has-post-thumbnail","6":"product_cat-nakladace","8":"first","9":"instock","10":"sale","11":"taxable","12":"shipping-taxable","13":"purchasable","14":"product-type-simple"},"_links":{"self":[{"href":"https:\/\/recarprofi.cz\/uvod\/wp-json\/wp\/v2\/product\/29116","targetHints":{"allow":["GET"]}}],"collection":[{"href":"https:\/\/recarprofi.cz\/uvod\/wp-json\/wp\/v2\/product"}],"about":[{"href":"https:\/\/recarprofi.cz\/uvod\/wp-json\/wp\/v2\/types\/product"}],"replies":[{"embeddable":true,"href":"https:\/\/recarprofi.cz\/uvod\/wp-json\/wp\/v2\/comments?post=29116"}],"version-history":[{"count":1,"href":"https:\/\/recarprofi.cz\/uvod\/wp-json\/wp\/v2\/product\/29116\/revisions"}],"predecessor-version":[{"id":29125,"href":"https:\/\/recarprofi.cz\/uvod\/wp-json\/wp\/v2\/product\/29116\/revisions\/29125"}],"wp:featuredmedia":[{"embeddable":true,"href":"https:\/\/recarprofi.cz\/uvod\/wp-json\/wp\/v2\/media\/29117"}],"wp:attachment":[{"href":"https:\/\/recarprofi.cz\/uvod\/wp-json\/wp\/v2\/media?parent=29116"}],"wp:term":[{"taxonomy":"product_brand","embeddable":true,"href":"https:\/\/recarprofi.cz\/uvod\/wp-json\/wp\/v2\/product_brand?post=29116"},{"taxonomy":"product_cat","embeddable":true,"href":"https:\/\/recarprofi.cz\/uvod\/wp-json\/wp\/v2\/product_cat?post=29116"},{"taxonomy":"product_tag","embeddable":true,"href":"https:\/\/recarprofi.cz\/uvod\/wp-json\/wp\/v2\/product_tag?post=29116"}],"curies":[{"name":"wp","href":"https:\/\/api.w.org\/{rel}","templated":true}]}}