{"id":31606,"date":"2024-05-14T12:04:16","date_gmt":"2024-05-14T10:04:16","guid":{"rendered":"https:\/\/recarprofi.cz\/uvod\/?post_type=product&#038;p=31606"},"modified":"2026-03-12T12:16:06","modified_gmt":"2026-03-12T11:16:06","slug":"pluh-otocny-maxgreen-spring-41","status":"publish","type":"product","link":"https:\/\/recarprofi.cz\/uvod\/produkt\/pluh-otocny-maxgreen-spring-41\/","title":{"rendered":"Pluh oto\u010dn\u00fd Maxgreen Spring 4+1"},"content":{"rendered":"<p>Pluhy \u0159ady\u00a0<strong>MAXGREEN \u2013 SPRING<\/strong>\u00a0disponuj\u00ed hlavn\u00edm r\u00e1mem o rozm\u011bru a\u017e 140x140x10 mm.<\/p>\n<p>Hlavn\u00ed v\u00fdhodou ji\u0161t\u011bn\u00ed\u00a0<strong>SPRING<\/strong>\u00a0je, \u017ee orebn\u00ed t\u011blesa jsou ji\u0161t\u011bna 7 \u2014 listov\u00fdmi pru\u017einami.<\/p>\n<p>Bez\u00fadr\u017ebov\u00e9 non-stop ji\u0161t\u011bn\u00ed\u00a0<strong>SPRING<\/strong>\u00a0zaru\u010duje nep\u0159eru\u0161ovanou orbu po najet\u00ed na kameny.<\/p>\n<p>Standardn\u00ed v\u00fdbava:<\/p>\n<ul>\n<li>Odhrnovac\u00ed desky: KV09, LM35, LM40<\/li>\n<li>Zahrnova\u010d rostlinn\u00fdch zbytk\u016f<\/li>\n<li>Prodlu\u017eovac\u00ed k\u0159id\u00e9lko LM35, LM40<\/li>\n<li>Hydraulick\u00fd v\u00e1lec s\u00a0automatem p\u0159et\u00e1\u010den\u00ed<\/li>\n<li>Podp\u011brn\u00e9 kolo AW 702 (\u00f8 710\u00d7265)<\/li>\n<li><strong>Ji\u0161t\u011bn\u00ed non-stop listovou pru\u017einou<\/strong><\/li>\n<li>Nastaven\u00ed z\u00e1b\u011bru prvn\u00ed radlice<\/li>\n<li>Vidlicov\u00fd z\u00e1v\u011bs (3+1) kat. 2<\/li>\n<li>Vidlicov\u00fd z\u00e1v\u011bs (4+ a\u017e 5+1) kat. 3<\/li>\n<li>Technick\u00e9 osv\u011bd\u010den\u00ed<\/li>\n<li>Pam\u011b\u0165ov\u00fd v\u00e1lec pro pluhy 5+\/5+1 ve standardn\u00ed v\u00fdbav\u011b<\/li>\n<\/ul>\n<p>Technick\u00e9 parametry:<\/p>\n<table>\n<thead>\n<tr>\n<th colspan=\"3\">Po\u010det radlic<\/th>\n<th><\/th>\n<th><\/th>\n<th>4+1<\/th>\n<th><\/th>\n<th><\/th>\n<\/tr>\n<\/thead>\n<tbody>\n<tr>\n<td><img decoding=\"async\" src=\"https:\/\/www.sukov.cz\/wp-content\/uploads\/2019\/02\/V%C3%A1ha-pluhu.png\" \/><\/td>\n<td><strong>V\u00e1ha pluhu<\/strong><\/td>\n<td><strong>kg<\/strong><\/td>\n<td><\/td>\n<td><\/td>\n<td>1 760<\/td>\n<td><\/td>\n<td><\/td>\n<\/tr>\n<tr>\n<td><img decoding=\"async\" src=\"https:\/\/www.sukov.cz\/wp-content\/uploads\/2019\/02\/V%C3%BDkon-traktoru.png\" \/><\/td>\n<td><strong>V\u00fdkon traktoru<\/strong><\/td>\n<td><strong>hp<\/strong><\/td>\n<td><\/td>\n<td colspan=\"2\">130 &#8211; 250<\/td>\n<td><\/td>\n<td><\/td>\n<\/tr>\n<tr>\n<td><img decoding=\"async\" src=\"https:\/\/www.sukov.cz\/wp-content\/uploads\/2019\/02\/vykonnost.png\" \/><\/td>\n<td><strong>V\u00fdkonnost<\/strong><\/td>\n<td><strong>ha\/h<\/strong><\/td>\n<td><\/td>\n<td><\/td>\n<td>1,3 &#8211; 2,0<\/td>\n<td><\/td>\n<td><\/td>\n<\/tr>\n<tr>\n<td><img decoding=\"async\" src=\"https:\/\/www.sukov.cz\/wp-content\/uploads\/2019\/02\/Pracovn%C3%AD-z%C3%A1b%C4%9Br.png\" \/><\/td>\n<td><strong>Pracovn\u00ed z\u00e1b\u011br<\/strong><\/td>\n<td><strong>cm<\/strong><\/td>\n<td colspan=\"3\">34, 39, 45<\/td>\n<td colspan=\"2\"><\/td>\n<\/tr>\n<tr>\n<td><img decoding=\"async\" src=\"https:\/\/www.sukov.cz\/wp-content\/uploads\/2019\/02\/R%C3%A1m.png\" \/><\/td>\n<td><strong>R\u00e1m<\/strong><\/td>\n<td><strong>mm<\/strong><\/td>\n<td colspan=\"5\">140 x 140 x 10<\/td>\n<\/tr>\n<tr>\n<td><img decoding=\"async\" src=\"https:\/\/www.sukov.cz\/wp-content\/uploads\/2019\/02\/Rozestup-mezi-t%C4%9Blesy.png\" \/><\/td>\n<td><strong>Rozestup mezi t\u011blesy<\/strong><\/td>\n<td><strong>mm<\/strong><\/td>\n<td colspan=\"5\">1000<\/td>\n<\/tr>\n<tr>\n<td><img decoding=\"async\" src=\"https:\/\/www.sukov.cz\/wp-content\/uploads\/2019\/02\/V%C3%BD%C5%A1ka-pod-r%C3%A1m.png\" \/><\/td>\n<td><strong>V\u00fd\u0161ka pod r\u00e1m<\/strong><\/td>\n<td><strong>mm<\/strong><\/td>\n<td colspan=\"5\">750 &#8211; 770<\/td>\n<\/tr>\n<\/tbody>\n<\/table>\n","protected":false},"excerpt":{"rendered":"<p>Pluhy \u0159ady\u00a0MAXGREEN \u2013 SPRING\u00a0disponuj\u00ed hlavn\u00edm r\u00e1mem o rozm\u011bru a\u017e 140x140x10 mm. Hlavn\u00ed v\u00fdhodou ji\u0161t\u011bn\u00ed\u00a0SPRING\u00a0je, \u017ee orebn\u00ed t\u011blesa jsou ji\u0161t\u011bna 7 \u2014 listov\u00fdmi pru\u017einami. Bez\u00fadr\u017ebov\u00e9 non-stop ji\u0161t\u011bn\u00ed\u00a0SPRING\u00a0zaru\u010duje nep\u0159eru\u0161ovanou orbu po najet\u00ed na kameny. Standardn\u00ed v\u00fdbava: Odhrnovac\u00ed&hellip;<\/p>\n","protected":false},"featured_media":31596,"comment_status":"closed","ping_status":"closed","template":"","meta":[],"product_brand":[],"product_cat":[70],"product_tag":[],"class_list":{"0":"post-31606","1":"product","2":"type-product","3":"status-publish","4":"has-post-thumbnail","6":"product_cat-www-recarprofi-cz-eshop-pluhy","8":"first","9":"instock","10":"sale","11":"taxable","12":"shipping-taxable","13":"purchasable","14":"product-type-simple"},"_links":{"self":[{"href":"https:\/\/recarprofi.cz\/uvod\/wp-json\/wp\/v2\/product\/31606","targetHints":{"allow":["GET"]}}],"collection":[{"href":"https:\/\/recarprofi.cz\/uvod\/wp-json\/wp\/v2\/product"}],"about":[{"href":"https:\/\/recarprofi.cz\/uvod\/wp-json\/wp\/v2\/types\/product"}],"replies":[{"embeddable":true,"href":"https:\/\/recarprofi.cz\/uvod\/wp-json\/wp\/v2\/comments?post=31606"}],"version-history":[{"count":1,"href":"https:\/\/recarprofi.cz\/uvod\/wp-json\/wp\/v2\/product\/31606\/revisions"}],"predecessor-version":[{"id":31607,"href":"https:\/\/recarprofi.cz\/uvod\/wp-json\/wp\/v2\/product\/31606\/revisions\/31607"}],"wp:featuredmedia":[{"embeddable":true,"href":"https:\/\/recarprofi.cz\/uvod\/wp-json\/wp\/v2\/media\/31596"}],"wp:attachment":[{"href":"https:\/\/recarprofi.cz\/uvod\/wp-json\/wp\/v2\/media?parent=31606"}],"wp:term":[{"taxonomy":"product_brand","embeddable":true,"href":"https:\/\/recarprofi.cz\/uvod\/wp-json\/wp\/v2\/product_brand?post=31606"},{"taxonomy":"product_cat","embeddable":true,"href":"https:\/\/recarprofi.cz\/uvod\/wp-json\/wp\/v2\/product_cat?post=31606"},{"taxonomy":"product_tag","embeddable":true,"href":"https:\/\/recarprofi.cz\/uvod\/wp-json\/wp\/v2\/product_tag?post=31606"}],"curies":[{"name":"wp","href":"https:\/\/api.w.org\/{rel}","templated":true}]}}