{"id":32113,"date":"2024-10-22T15:01:11","date_gmt":"2024-10-22T13:01:11","guid":{"rendered":"https:\/\/recarprofi.cz\/uvod\/?post_type=product&#038;p=32113"},"modified":"2024-12-12T15:50:50","modified_gmt":"2024-12-12T14:50:50","slug":"elektromobil-evum-acar-xl-4x4-23kwh-valnik-27m","status":"publish","type":"product","link":"https:\/\/recarprofi.cz\/uvod\/produkt\/elektromobil-evum-acar-xl-4x4-23kwh-valnik-27m\/","title":{"rendered":"Elektromobil Evum aCar XL 4&#215;4, 23kWh (valn\u00edk 2,7m)"},"content":{"rendered":"<p>Pln\u011b elektrick\u00fd pohon vozu nab\u00edz\u00ed tich\u00fd provoz bez emis\u00ed. To d\u011bl\u00e1 z t\u00e9to multik\u00e1ry ide\u00e1ln\u00edho pomocn\u00edka k \u00fadr\u017eb\u011b m\u011bst a obc\u00ed, are\u00e1l\u016f nemocnic, zoologick\u00fdch zahrad a dal\u0161\u00edch instituc\u00ed, ale i pro pr\u00e1ci v zem\u011bd\u011blstv\u00ed. Pohon v\u0161ech kol zaji\u0161\u0165uje bezpe\u010dn\u00fd pohyb vozu EVUM aCar v ter\u00e9nu a jeho spolehlivost za ka\u017ed\u00e9ho po\u010das\u00ed. Odoln\u00fd a odpru\u017een\u00fd podvozek je konstruov\u00e1n pro rychlost a\u017e 70 km\/h i na vozovk\u00e1ch hor\u0161\u00ed kvality.<\/p>\n<p><strong>V\u00fdbava:<\/strong><\/p>\n<ul>\n<li>Elektrick\u00fd vyh\u0159\u00edvan\u00e9 \u010deln\u00ed sklo<\/li>\n<li>LED denn\u00ed sv\u00edcen\u00ed<\/li>\n<li>N\u00e1stupn\u00ed prahy a madla<\/li>\n<li>Sada na opravu pneumatik<\/li>\n<li>Centr\u00e1ln\u00ed zamykan\u00ed s d\u00e1lkov\u00fdm ovl\u00e1d\u00e1n\u00edm<\/li>\n<li>12V z\u00e1suvka<\/li>\n<li>USB z\u00e1suvka<\/li>\n<li>R\u00e1dio<\/li>\n<li>Nez\u00e1visl\u00e9 Bio Ethanolov\u00e9 topen\u00ed<\/li>\n<li>Extern\u00ed z\u00e1suvka vzadu, 3kW \/ 220V<\/li>\n<li>Nab\u00edjec\u00ed kabel<\/li>\n<li>Avas system (zvuk pro varovan\u00ed chodc\u016f)<\/li>\n<li>Lithium-iontov\u00e1 baterie 23 kWh<\/li>\n<li>Syst\u00e9m rekuperace<\/li>\n<li>Pevn\u00e1 korba d\u00e9lka 2,7m<\/li>\n<li>Barva\u00a0<strong>oran\u017eov\u00e1\u00a0<\/strong><\/li>\n<\/ul>\n<p><strong>Technick\u00e9 parametry:<\/strong><\/p>\n<ul>\n<li>\u0161\u00ed\u0159ka 1.608mm<\/li>\n<li>\u0161\u00ed\u0159ka p\u0159es zrc\u00e1tka 1.998mm<\/li>\n<li>d\u00e9lka 4.980mm<\/li>\n<li>v\u00fd\u0161ka 1.980mm<\/li>\n<li>d\u00e9lka korby 2.700mm<\/li>\n<li>rozvor 3.140mm<\/li>\n<li>nosnost 1.000kg<\/li>\n<li>pohon 4\u00d74<\/li>\n<li>max.v\u00fdkon 26kW<\/li>\n<li>po\u010det sedadel v kabin\u011b 2<\/li>\n<li>dojezd dle cyklu WLTP low 150km<\/li>\n<\/ul>\n","protected":false},"excerpt":{"rendered":"<p>Pln\u011b elektrick\u00fd pohon vozu nab\u00edz\u00ed tich\u00fd provoz bez emis\u00ed. To d\u011bl\u00e1 z t\u00e9to multik\u00e1ry ide\u00e1ln\u00edho pomocn\u00edka k \u00fadr\u017eb\u011b m\u011bst a obc\u00ed, are\u00e1l\u016f nemocnic, zoologick\u00fdch zahrad a dal\u0161\u00edch instituc\u00ed, ale i pro pr\u00e1ci v zem\u011bd\u011blstv\u00ed. Pohon&hellip;<\/p>\n","protected":false},"featured_media":31857,"comment_status":"closed","ping_status":"closed","template":"","meta":[],"product_brand":[],"product_cat":[127],"product_tag":[],"class_list":{"0":"post-32113","1":"product","2":"type-product","3":"status-publish","4":"has-post-thumbnail","6":"product_cat-elektromobily","8":"first","9":"onbackorder","10":"taxable","11":"shipping-taxable","12":"product-type-simple"},"_links":{"self":[{"href":"https:\/\/recarprofi.cz\/uvod\/wp-json\/wp\/v2\/product\/32113","targetHints":{"allow":["GET"]}}],"collection":[{"href":"https:\/\/recarprofi.cz\/uvod\/wp-json\/wp\/v2\/product"}],"about":[{"href":"https:\/\/recarprofi.cz\/uvod\/wp-json\/wp\/v2\/types\/product"}],"replies":[{"embeddable":true,"href":"https:\/\/recarprofi.cz\/uvod\/wp-json\/wp\/v2\/comments?post=32113"}],"version-history":[{"count":1,"href":"https:\/\/recarprofi.cz\/uvod\/wp-json\/wp\/v2\/product\/32113\/revisions"}],"predecessor-version":[{"id":32116,"href":"https:\/\/recarprofi.cz\/uvod\/wp-json\/wp\/v2\/product\/32113\/revisions\/32116"}],"wp:featuredmedia":[{"embeddable":true,"href":"https:\/\/recarprofi.cz\/uvod\/wp-json\/wp\/v2\/media\/31857"}],"wp:attachment":[{"href":"https:\/\/recarprofi.cz\/uvod\/wp-json\/wp\/v2\/media?parent=32113"}],"wp:term":[{"taxonomy":"product_brand","embeddable":true,"href":"https:\/\/recarprofi.cz\/uvod\/wp-json\/wp\/v2\/product_brand?post=32113"},{"taxonomy":"product_cat","embeddable":true,"href":"https:\/\/recarprofi.cz\/uvod\/wp-json\/wp\/v2\/product_cat?post=32113"},{"taxonomy":"product_tag","embeddable":true,"href":"https:\/\/recarprofi.cz\/uvod\/wp-json\/wp\/v2\/product_tag?post=32113"}],"curies":[{"name":"wp","href":"https:\/\/api.w.org\/{rel}","templated":true}]}}